* [linux-3.18 baseline-only test] 72086: tolerable trouble: blocked/broken/fail/pass
@ 2017-09-10 15:09 Platform Team regression test user
0 siblings, 0 replies; only message in thread
From: Platform Team regression test user @ 2017-09-10 15:09 UTC (permalink / raw)
To: xen-devel, osstest-admin
[-- Attachment #1: Type: text/plain, Size: 22506 bytes --]
This run is configured for baseline tests only.
flight 72086 linux-3.18 real [real]
http://osstest.xs.citrite.net/~osstest/testlogs/logs/72086/
Failures :-/ but no regressions.
Tests which did not succeed, but are not blocking:
test-arm64-arm64-libvirt-xsm 1 build-check(1) blocked n/a
test-arm64-arm64-xl 1 build-check(1) blocked n/a
build-arm64-libvirt 1 build-check(1) blocked n/a
test-arm64-arm64-examine 1 build-check(1) blocked n/a
test-arm64-arm64-xl-credit2 1 build-check(1) blocked n/a
test-arm64-arm64-xl-xsm 1 build-check(1) blocked n/a
build-arm64 2 hosts-allocate broken never pass
build-arm64-pvops 2 hosts-allocate broken never pass
build-arm64-xsm 2 hosts-allocate broken never pass
build-arm64 3 capture-logs broken never pass
build-arm64-pvops 3 capture-logs broken never pass
build-arm64-xsm 3 capture-logs broken never pass
test-armhf-armhf-xl 7 xen-boot fail baseline untested
test-armhf-armhf-examine 7 reboot fail baseline untested
test-armhf-armhf-xl-multivcpu 7 xen-boot fail baseline untested
test-armhf-armhf-xl-vhd 7 xen-boot fail baseline untested
test-armhf-armhf-xl-credit2 7 xen-boot fail baseline untested
test-armhf-armhf-libvirt 7 xen-boot fail baseline untested
test-armhf-armhf-libvirt-raw 7 xen-boot fail baseline untested
test-armhf-armhf-xl-xsm 7 xen-boot fail baseline untested
test-armhf-armhf-libvirt-xsm 7 xen-boot fail baseline untested
test-armhf-armhf-xl-midway 7 xen-boot fail baseline untested
test-armhf-armhf-xl-rtds 7 xen-boot fail baseline untested
test-amd64-amd64-qemuu-nested-intel 17 debian-hvm-install/l1/l2 fail baseline untested
test-amd64-amd64-xl-qemuu-win7-amd64 17 guest-stop fail baseline untested
test-amd64-i386-xl-qemuu-win7-amd64 16 guest-localmigrate/x10 fail baseline untested
test-amd64-i386-xl-qemut-win7-amd64 16 guest-localmigrate/x10 fail baseline untested
test-amd64-amd64-xl-qemut-win7-amd64 16 guest-localmigrate/x10 fail baseline untested
test-amd64-amd64-xl-qemuu-win10-i386 17 guest-stop fail baseline untested
test-amd64-i386-libvirt-xsm 13 migrate-support-check fail never pass
test-amd64-amd64-xl-qemuu-ws16-amd64 10 windows-install fail never pass
test-amd64-i386-xl-qemuu-win10-i386 10 windows-install fail never pass
test-amd64-amd64-xl-qemut-win10-i386 10 windows-install fail never pass
test-amd64-i386-libvirt 13 migrate-support-check fail never pass
test-amd64-amd64-xl-qemut-ws16-amd64 10 windows-install fail never pass
test-amd64-amd64-libvirt 13 migrate-support-check fail never pass
test-amd64-amd64-libvirt-xsm 13 migrate-support-check fail never pass
test-amd64-i386-libvirt-qemuu-debianhvm-amd64-xsm 11 migrate-support-check fail never pass
test-amd64-amd64-libvirt-qemuu-debianhvm-amd64-xsm 11 migrate-support-check fail never pass
test-amd64-amd64-qemuu-nested-amd 17 debian-hvm-install/l1/l2 fail never pass
test-amd64-i386-xl-qemuu-ws16-amd64 13 guest-saverestore fail never pass
test-amd64-amd64-libvirt-vhd 12 migrate-support-check fail never pass
test-amd64-i386-xl-qemut-win10-i386 17 guest-stop fail never pass
test-amd64-i386-xl-qemut-ws16-amd64 13 guest-saverestore fail never pass
version targeted for testing:
linux 1e0d2875797752db3b008fcbea55d5695cb0893a
baseline version:
linux dd8b674caeef9381345a6369fba29d425ff433f3
Last test of basis 71731 2017-07-22 14:18:14 Z 50 days
Testing same since 72086 2017-09-09 20:58:24 Z 0 days 1 attempts
------------------------------------------------------------
People who touched revisions under test:
"Eric W. Biederman" <ebiederm@xmission.com>
Aaron Ma <aaron.ma@canonical.com>
Akinobu Mita <akinobu.mita@gmail.com>
Al Viro <viro@zeniv.linux.org.uk>
AL Yu-Chen Cho <acho@suse.com>
Alan Stern <stern@rowland.harvard.edu>
Alan Swanson <reiver@improbability.net>
Alex Deucher <alexander.deucher@amd.com>
Alex Williamson <alex.williamson@redhat.com>
Alexander Potapenko <glider@google.com>
Amit Pundir <amit.pundir@linaro.org>
Andrew Morton <akpm@linux-foundation.org>
Andrzej Hajda <a.hajda@samsung.com>
Anna Schumaker <Anna.Schumaker@Netapp.com>
Annie Cherkaev <annie.cherk@gmail.com>
Anton Blanchard <anton@samba.org>
Ard Biesheuvel <ard.biesheuvel@linaro.org>
Arnaldo Carvalho de Melo <acme@redhat.com>
Arnd Bergmann <arnd@arndb.de>
Banajit Goswami <bgoswami@codeaurora.org>
Bart Van Assche <bart.vanassche@sandisk.com>
Ben Hutchings <ben.hutchings@codethink.co.uk>
Bin Liu <b-liu@ti.com>
Bjorn Andersson <bjorn.andersson@linaro.org>
Bjorn Helgaas <bhelgaas@google.com>
Boris Brezillon <boris.brezillon@free-electrons.com>
Calvin Owens <calvinowens@fb.com>
Chaitra Basappa <chaitra.basappa@broadcom.com>
Charles Milette <charles.milette@gmail.com>
Charles Milette <charlesmilette@gmail.com>
Cheah Kok Cheong <thrust73@gmail.com>
Chen Hong <chenhong3@huawei.com>
Chen Yu <yu.c.chen@intel.com>
Chris Metcalf <cmetcalf@ezchip.com>
Chris Wilson <chris@chris-wilson.co.uk>
Christian König <christian.koenig@amd.com>
Christian Lamparter <chunkeey@googlemail.com>
Christoph Hellwig <hch@lst.de>
Christoph Lameter <cl@linux.com>
Chu Yuan Lin <cyl@datera.io>
Chuck Lever <chuck.lever@oracle.com>
Chun-Hao Lin <hau@realtek.com>
Chunyu Hu <chuhu@redhat.com>
Colin Ian King <colin.king@canonical.com>
Colin King <colin.king@canonical.com>
Cong Wang <xiyou.wangcong@gmail.com>
Corey Minyard <cminyard@mvista.com>
Dan Carpenter <dan.carpenter@oracle.com>
Dan Priamo <danp@adiengineering.com>
Danesh Petigara <dpetigara@broadcom.com>
Daniel Borkmann <daniel@iogearbox.net>
Daniel Borkmann <dborkman@redhat.com>
Daniel Vetter <daniel.vetter@ffwll.ch>
Dave Martin <Dave.Martin@arm.com>
David S. Miller <davem@davemloft.net>
Denys Vlasenko <dvlasenk@redhat.com>
Dmitriy <mexx400@yandex.ru>
Dmitry Torokhov <dmitry.torokhov@gmail.com>
Dmitry Vyukov <dvyukov@google.com>
Doug Ledford <dledford@redhat.com>
Douglas Miller <dougmill@linux.vnet.ibm.com>
Dragos Bogdan <dragos.bogdan@analog.com>
Eric Auger <eric.auger@redhat.com>
Eric Dumazet <edumazet@google.com>
Eric W. Biederman <ebiederm@xmission.com>
Felipe Balbi <felipe.balbi@linux.intel.com>
Florian Fainelli <f.fainelli@gmail.com>
Florian Meier <Florian.Meier@informatik.uni-erlangen.de>
Florian Westphal <fw@strlen.de>
Gary Guo <ghg@datera.io>
George G. Davis <george_davis@mentor.com>
George G. Davis <ggdavisiv@gmail.com>
Gopikrishnaiah Anandan <agopik@codeaurora.org>
Greg Hackmann <ghackmann@google.com>
Greg Kroah-Hartman <gregkh@linuxfoundation.org>
Gregory Fong <gregory.0xf0@gmail.com>
Guoqing Jiang <gqjiang@suse.com>
Hannes Frederic Sowa <hannes@stressinduktion.org>
Hannes Reinecke <hare@suse.com>
Hannes Reinecke <hare@suse.de>
Hans Verkuil <hans.verkuil@cisco.com>
Hector Martin <marcan@marcan.st>
Helge Deller <deller@gmx.de>
Herbert Xu <herbert@gondor.apana.org.au>
Himanshu Madhani <himanshu.madhani@cavium.com>
Icenowy Zheng <icenowy@aosc.io>
Imre Deak <imre.deak@intel.com>
Ingo Molnar <mingo@kernel.org>
J. Bruce Fields <bfields@redhat.com>
Jaegeuk Kim <jaegeuk@kernel.org>
James Bottomley <jejb@linux.vnet.ibm.com>
James Hogan <james.hogan@imgtec.com>
James Morris <james.l.morris@oracle.com>
James Morse <james.morse@arm.com>
James Shen <jcs@datera.io>
Jamie Iles <jamie.iles@oracle.com>
Jan Beulich <jbeulich@suse.com>
Jan Kara <jack@suse.cz>
Jan Stancek <jstancek@redhat.com>
Jarkko Sakkinen <jarkko.sakkinen@linux.intel.com>
Jason A. Donenfeld <Jason@zx2c4.com>
Jassi Brar <jaswinder.singh@linaro.org>
Jean-Louis Dupond <jean-louis@dupond.be>
Jeffy Chen <jeffy.chen@rock-chips.com>
Jerry Lee <jerrylee@qnap.com>
Jia-Ju Bai <baijiaju1990@163.com>
Jiang Yi <jiangyilism@gmail.com>
Jin Qian <jinqian@google.com>
Jin Yao <yao.jin@linux.intel.com>
Jiri Olsa <jolsa@kernel.org>
Jiri Slaby <jslaby@suse.cz>
Jiten Thakkar <jitenmt@gmail.com>
Joe Perches <joe@perches.com>
Joel Fernandes <joelaf@google.com>
Johan Hedberg <johan.hedberg@intel.com>
Johan Hovold <johan@kernel.org>
Johannes Berg <johannes.berg@intel.com>
Johannes Thumshirn <jthumshirn@suse.de>
Jonathan Cameron <jic23@kernel.org>
Jonathan Cameron <Jonathan.Cameron@huawei.com>
Jonathan Toppins <jtoppins@redhat.com>
Joonas Lahtinen <joonas.lahtinen@linux.intel.com>
Jordan Crouse <jcrouse@codeaurora.org>
Josh Poimboeuf <jpoimboe@redhat.com>
Kai-Heng Feng <kai.heng.feng@canonical.com>
Kalle Valo <kvalo@codeaurora.org>
Kalle Valo <kvalo@qca.qualcomm.com>
Kees Cook <keescook@chromium.org>
Konstantin Khlebnikov <khlebnikov@yandex-team.ru>
Krzysztof Kozlowski <k.kozlowski@samsung.com>
Krzysztof Kozlowski <krzk@kernel.org>
Kyle Huey <me@kylehuey.com>
Kyungmin Park <kyungmin.park@samsung.com>
Lad, Prabhakar <prabhakar.csengg@gmail.com>
Lars-Peter Clausen <lars@metafoo.de>
Laurent Vivier <lvivier@redhat.com>
Leon Romanovsky <leonro@mellanox.com>
Linus Torvalds <torvalds@linux-foundation.org>
Linus Walleij <linus.walleij@linaro.org>
Lior David <qca_liord@qca.qualcomm.com>
Liping Zhang <zlpnobody@gmail.com>
liujian (CE) <liujian56@huawei.com>
Lorenzo Stoakes <lstoakes@gmail.com>
Maciej W. Rozycki <macro@imgtec.com>
Maged Mokhtar <mmokhtar@binarykinetics.com>
Mahesh Bandewar <maheshb@google.com>
Marc Gonzalez <marc_gonzalez@sigmadesigns.com>
Marc Zyngier <marc.zyngier@arm.com>
Marcel Holtmann <marcel@holtmann.org>
Marcelo Ricardo Leitner <marcelo.leitner@gmail.com>
Marek Szyprowski <m.szyprowski@samsung.com>
Mark Brown <broonie@kernel.org>
Mark Rutland <mark.rutland@arm.com>
Mark Salyzyn <salyzyn@android.com>
Markus Trippelsdorf <markus@trippelsdorf.de>
Martin K. Petersen <martin.petersen@oracle.com>
Martin Liska <mliska@suse.cz>
Martin Schwidefsky <schwidefsky@de.ibm.com>
Mateusz Jurczyk <mjurczyk@google.com>
Mathias Nyman <mathias.nyman@linux.intel.com>
Maurizio Lombardi <mlombard@redhat.com>
Mauro Carvalho Chehab <mchehab@s-opensource.com>
Maya Erez <qca_merez@qca.qualcomm.com>
Miaoqing Pan <miaoqing@codeaurora.org>
Michael Chan <michael.chan@broadcom.com>
Michael Ellerman <mpe@ellerman.id.au>
Michael Gugino <michael.gugino.2@gmail.com>
Michal Hocko <mhocko@suse.com>
Michal Nazarewicz <mina86@mina86.com>
Mike Christie <mchristi@redhat.com>
Mike Manning <mmanning@brocade.com>
Miklos Szeredi <mszeredi@redhat.com>
Mikulas Patocka <mpatocka@redhat.com>
Milan P. Gandhi <mgandhi@redhat.com>
Naveen N. Rao <naveen.n.rao@linux.vnet.ibm.com>
Neal Cardwell <ncardwell@google.com>
Neil Horman <nhorman@tuxdriver.com>
NeilBrown <neilb@suse.com>
Nicholas Bellinger <nab@linux-iscsi.org>
Nicholas Mc Guire <hofrat@osadl.org>
Ofer Heifetz <oferh@marvell.com>
Oleg Nesterov <oleg@redhat.com>
Oliver Neukum <oneukum@suse.com>
Oliver O'Halloran <oohall@gmail.com>
Pablo Neira Ayuso <pablo@netfilter.org>
Pali Rohár <pali.rohar@gmail.com>
Patrick Lai <plai@codeaurora.org>
Paul Mackerras <paulus@ozlabs.org>
Paul Moore <paul@paul-moore.com>
Pavel Machek <pavel@ucw.cz>
Pavel Shilovsky <pshilov@microsoft.com>
Peter Chen <peter.chen@nxp.com>
Peter Oberparleiter <oberpar@linux.vnet.ibm.com>
Peter Ujfalusi <peter.ujfalusi@ti.com>
Peter Zijlstra (Intel) <peterz@infradead.org>
Peter Zijlstra <a.p.zijlstra@chello.nl>
Phil Reid <preid@electromag.com.au>
Pierguido Lambri <plambri@redhat.com>
Pintu Kumar <pintu.k@samsung.com>
Prabhakar Lad <prabhakar.csengg@gmail.com>
Rabin Vincent <rabinv@axis.com>
Radim KrÄmáŠ<rkrcmar@redhat.com>
Rafael J. Wysocki <rafael.j.wysocki@intel.com>
Ralf Baechle <ralf@linux-mips.org>
Rob Clark <robdclark@gmail.com>
Rob Herring <robh@kernel.org>
Rohit Vaswani <rvaswani@codeaurora.org>
Rohit Vaswani <rvaswani@nvidia.com>
Ronnie Sahlberg <lsahlber@redhat.com>
Russell King <rmk+kernel@arm.linux.org.uk>
Sabrina Dubroca <sd@queasysnail.net>
Sachin Prabhu <sprabhu@redhat.com>
Samuel Ortiz <sameo@linux.intel.com>
Sandeep Singh <Sandeep.Singh@amd.com>
Sasha Levin <alexander.levin@verizon.com>
Sasha Levin <sasha.levin@oracle.com>
Satish Babu Patakokila <sbpata@codeaurora.org>
Sergei A. Trusov <sergei.a.trusov@ya.ru>
Sergei Shtylyov <sergei.shtylyov@cogentembedded.com>
Seunghun Han <kkamagui@gmail.com>
Shahar Klein <shahark@mellanox.com>
Shaohua Li <shli@fb.com>
Shyam Sundar S K <Shyam-sundar.S-k@amd.com>
Sinclair Yeh <syeh@vmware.com>
Stefan Berger <stefanb@linux.vnet.ibm.com>
Stefan Triller <github@stefantriller.de>
Stefan-Gabriel Mirea <stefan-gabriel.mirea@nxp.com>
Steffen Klassert <steffen.klassert@secunet.com>
Stephen Boyd <sboyd@codeaurora.org>
Stephen Boyd <stephen.boyd@linaro.org>
Stephen Douthit <stephend@adiengineering.com>
Stephen Rothwell <sfr@canb.auug.org.au>
Steve Capper <steve.capper@arm.com>
Steve French <smfrench@gmail.com>
Steven Rostedt (VMware) <rostedt@goodmis.org>
Sudeep Holla <sudeep.holla@arm.com>
Sudip Mukherjee <sudip.mukherjee@codethink.co.uk>
Sudip Mukherjee <sudipm.mukherjee@gmail.com>
Sumit Semwal <sumit.semwal@linaro.org>
Takashi Iwai <tiwai@suse.de>
Tariq Toukan <tariqt@mellanox.com>
Tejun Heo <tj@kernel.org>
Theodore Ts'o <tytso@mit.edu>
Thierry Reding <treding@nvidia.com>
Thomas Bogendoerfer <tsbogend@alpha.franken.de>
Thomas Gleixner <tglx@linutronix.de>
Thomas Jarosch <thomas.jarosch@intra2net.com>
Todd Poynor <toddpoynor@google.com>
Tomasz Figa <tomasz.figa@gmail.com>
Tony Jones <tonyj@suse.de>
Tony Lindgren <tony@atomide.com>
Ulf Hansson <ulf.hansson@linaro.org>
Valentin Vidic <Valentin.Vidic@CARNet.hr>
Vinod Koul <vinod.koul@intel.com>
Vishnu Pratap Singh <vishnu.ps@samsung.com>
Vlad Yasevich <vyasevich@gmail.com>
Vladis Dronov <vdronov@redhat.com>
WANG Cong <xiyou.wangcong@gmail.com>
Wanpeng Li <wanpeng.li@hotmail.com>
Wei Liu <wei.liu2@citrix.com>
Wei Wang <weiwan@google.com>
Will Deacon <will.deacon@arm.com>
Willem de Bruijn <willemb@google.com>
Wolfram Sang <wsa@the-dreams.de>
Xiangliang.Yu <Xiangliang.Yu@amd.com>
Xiao Ni <xni@redhat.com>
Xin Long <lucien.xin@gmail.com>
Yao Jin <yao.jin@linux.intel.com>
Yoshihiro Shimoda <yoshihiro.shimoda.uh@renesas.com>
Yuchung Cheng <ycheng@google.com>
Yuejie Shi <syjcnss@gmail.com>
Zheng Li <james.z.li@ericsson.com>
zhong jiang <zhongjiang@huawei.com>
jobs:
build-amd64-xsm pass
build-arm64-xsm broken
build-armhf-xsm pass
build-i386-xsm pass
build-amd64 pass
build-arm64 broken
build-armhf pass
build-i386 pass
build-amd64-libvirt pass
build-arm64-libvirt blocked
build-armhf-libvirt pass
build-i386-libvirt pass
build-amd64-pvops pass
build-arm64-pvops broken
build-armhf-pvops pass
build-i386-pvops pass
build-amd64-rumprun pass
build-i386-rumprun pass
test-amd64-amd64-xl pass
test-arm64-arm64-xl blocked
test-armhf-armhf-xl fail
test-amd64-i386-xl pass
test-amd64-amd64-xl-qemut-debianhvm-amd64-xsm pass
test-amd64-i386-xl-qemut-debianhvm-amd64-xsm pass
test-amd64-amd64-libvirt-qemuu-debianhvm-amd64-xsm pass
test-amd64-i386-libvirt-qemuu-debianhvm-amd64-xsm pass
test-amd64-amd64-xl-qemuu-debianhvm-amd64-xsm pass
test-amd64-i386-xl-qemuu-debianhvm-amd64-xsm pass
test-amd64-amd64-xl-qemut-stubdom-debianhvm-amd64-xsm pass
test-amd64-i386-xl-qemut-stubdom-debianhvm-amd64-xsm pass
test-amd64-amd64-libvirt-xsm pass
test-arm64-arm64-libvirt-xsm blocked
test-armhf-armhf-libvirt-xsm fail
test-amd64-i386-libvirt-xsm pass
test-amd64-amd64-xl-xsm pass
test-arm64-arm64-xl-xsm blocked
test-armhf-armhf-xl-xsm fail
test-amd64-i386-xl-xsm pass
test-amd64-amd64-qemuu-nested-amd fail
test-amd64-amd64-xl-pvh-amd pass
test-amd64-i386-qemut-rhel6hvm-amd pass
test-amd64-i386-qemuu-rhel6hvm-amd pass
test-amd64-amd64-xl-qemut-debianhvm-amd64 pass
test-amd64-i386-xl-qemut-debianhvm-amd64 pass
test-amd64-amd64-xl-qemuu-debianhvm-amd64 pass
test-amd64-i386-xl-qemuu-debianhvm-amd64 pass
test-amd64-i386-freebsd10-amd64 pass
test-amd64-amd64-xl-qemuu-ovmf-amd64 pass
test-amd64-i386-xl-qemuu-ovmf-amd64 pass
test-amd64-amd64-rumprun-amd64 pass
test-amd64-amd64-xl-qemut-win7-amd64 fail
test-amd64-i386-xl-qemut-win7-amd64 fail
test-amd64-amd64-xl-qemuu-win7-amd64 fail
test-amd64-i386-xl-qemuu-win7-amd64 fail
test-amd64-amd64-xl-qemut-ws16-amd64 fail
test-amd64-i386-xl-qemut-ws16-amd64 fail
test-amd64-amd64-xl-qemuu-ws16-amd64 fail
test-amd64-i386-xl-qemuu-ws16-amd64 fail
test-amd64-amd64-xl-credit2 pass
test-arm64-arm64-xl-credit2 blocked
test-armhf-armhf-xl-credit2 fail
test-amd64-amd64-examine pass
test-arm64-arm64-examine blocked
test-armhf-armhf-examine fail
test-amd64-i386-examine pass
test-amd64-i386-freebsd10-i386 pass
test-amd64-i386-rumprun-i386 pass
test-amd64-amd64-xl-qemut-win10-i386 fail
test-amd64-i386-xl-qemut-win10-i386 fail
test-amd64-amd64-xl-qemuu-win10-i386 fail
test-amd64-i386-xl-qemuu-win10-i386 fail
test-amd64-amd64-qemuu-nested-intel fail
test-amd64-amd64-xl-pvh-intel pass
test-amd64-i386-qemut-rhel6hvm-intel pass
test-amd64-i386-qemuu-rhel6hvm-intel pass
test-amd64-amd64-libvirt pass
test-armhf-armhf-libvirt fail
test-amd64-i386-libvirt pass
test-armhf-armhf-xl-midway fail
test-amd64-amd64-xl-multivcpu pass
test-armhf-armhf-xl-multivcpu fail
test-amd64-amd64-pair pass
test-amd64-i386-pair pass
test-amd64-amd64-libvirt-pair pass
test-amd64-i386-libvirt-pair pass
test-amd64-amd64-amd64-pvgrub pass
test-amd64-amd64-i386-pvgrub pass
test-amd64-amd64-pygrub pass
test-amd64-amd64-xl-qcow2 pass
test-armhf-armhf-libvirt-raw fail
test-amd64-i386-xl-raw pass
test-amd64-amd64-xl-rtds pass
test-armhf-armhf-xl-rtds fail
test-amd64-amd64-libvirt-vhd pass
test-armhf-armhf-xl-vhd fail
------------------------------------------------------------
sg-report-flight on osstest.xs.citrite.net
logs: /home/osstest/logs
images: /home/osstest/images
Logs, config files, etc. are available at
http://osstest.xs.citrite.net/~osstest/testlogs/logs
Test harness code can be found at
http://xenbits.xensource.com/gitweb?p=osstest.git;a=summary
broken-step build-arm64 hosts-allocate
broken-step build-arm64-pvops hosts-allocate
broken-step build-arm64-xsm hosts-allocate
broken-step build-arm64 capture-logs
broken-step build-arm64-pvops capture-logs
broken-step build-arm64-xsm capture-logs
Push not applicable.
(No revision log; it would be 7207 lines long.)
[-- Attachment #2: Type: text/plain, Size: 127 bytes --]
_______________________________________________
Xen-devel mailing list
Xen-devel@lists.xen.org
https://lists.xen.org/xen-devel
^ permalink raw reply [flat|nested] only message in thread
only message in thread, other threads:[~2017-09-10 15:09 UTC | newest]
Thread overview: (only message) (download: mbox.gz follow: Atom feed
-- links below jump to the message on this page --
2017-09-10 15:09 [linux-3.18 baseline-only test] 72086: tolerable trouble: blocked/broken/fail/pass Platform Team regression test user
This is a public inbox, see mirroring instructions
for how to clone and mirror all data and code used for this inbox;
as well as URLs for NNTP newsgroup(s).