From mboxrd@z Thu Jan 1 00:00:00 1970 From: Platform Team regression test user Subject: [linux-3.18 baseline-only test] 72086: tolerable trouble: blocked/broken/fail/pass Date: Sun, 10 Sep 2017 16:09:56 +0100 Message-ID: Mime-Version: 1.0 Content-Type: multipart/mixed; boundary="===============8484891772298619468==" Return-path: List-Unsubscribe: , List-Post: List-Help: List-Subscribe: , Errors-To: xen-devel-bounces@lists.xen.org Sender: "Xen-devel" To: xen-devel@lists.xensource.com, osstest-admin@xenproject.org List-Id: xen-devel@lists.xenproject.org --===============8484891772298619468== Content-Type: text/plain This run is configured for baseline tests only. flight 72086 linux-3.18 real [real] http://osstest.xs.citrite.net/~osstest/testlogs/logs/72086/ Failures :-/ but no regressions. Tests which did not succeed, but are not blocking: test-arm64-arm64-libvirt-xsm 1 build-check(1) blocked n/a test-arm64-arm64-xl 1 build-check(1) blocked n/a build-arm64-libvirt 1 build-check(1) blocked n/a test-arm64-arm64-examine 1 build-check(1) blocked n/a test-arm64-arm64-xl-credit2 1 build-check(1) blocked n/a test-arm64-arm64-xl-xsm 1 build-check(1) blocked n/a build-arm64 2 hosts-allocate broken never pass build-arm64-pvops 2 hosts-allocate broken never pass build-arm64-xsm 2 hosts-allocate broken never pass build-arm64 3 capture-logs broken never pass build-arm64-pvops 3 capture-logs broken never pass build-arm64-xsm 3 capture-logs broken never pass test-armhf-armhf-xl 7 xen-boot fail baseline untested test-armhf-armhf-examine 7 reboot fail baseline untested test-armhf-armhf-xl-multivcpu 7 xen-boot fail baseline untested test-armhf-armhf-xl-vhd 7 xen-boot fail baseline untested test-armhf-armhf-xl-credit2 7 xen-boot fail baseline untested test-armhf-armhf-libvirt 7 xen-boot fail baseline untested test-armhf-armhf-libvirt-raw 7 xen-boot fail baseline untested test-armhf-armhf-xl-xsm 7 xen-boot fail baseline untested test-armhf-armhf-libvirt-xsm 7 xen-boot fail baseline untested test-armhf-armhf-xl-midway 7 xen-boot fail baseline untested test-armhf-armhf-xl-rtds 7 xen-boot fail baseline untested test-amd64-amd64-qemuu-nested-intel 17 debian-hvm-install/l1/l2 fail baseline untested test-amd64-amd64-xl-qemuu-win7-amd64 17 guest-stop fail baseline untested test-amd64-i386-xl-qemuu-win7-amd64 16 guest-localmigrate/x10 fail baseline untested test-amd64-i386-xl-qemut-win7-amd64 16 guest-localmigrate/x10 fail baseline untested test-amd64-amd64-xl-qemut-win7-amd64 16 guest-localmigrate/x10 fail baseline untested test-amd64-amd64-xl-qemuu-win10-i386 17 guest-stop fail baseline untested test-amd64-i386-libvirt-xsm 13 migrate-support-check fail never pass test-amd64-amd64-xl-qemuu-ws16-amd64 10 windows-install fail never pass test-amd64-i386-xl-qemuu-win10-i386 10 windows-install fail never pass test-amd64-amd64-xl-qemut-win10-i386 10 windows-install fail never pass test-amd64-i386-libvirt 13 migrate-support-check fail never pass test-amd64-amd64-xl-qemut-ws16-amd64 10 windows-install fail never pass test-amd64-amd64-libvirt 13 migrate-support-check fail never pass test-amd64-amd64-libvirt-xsm 13 migrate-support-check fail never pass test-amd64-i386-libvirt-qemuu-debianhvm-amd64-xsm 11 migrate-support-check fail never pass test-amd64-amd64-libvirt-qemuu-debianhvm-amd64-xsm 11 migrate-support-check fail never pass test-amd64-amd64-qemuu-nested-amd 17 debian-hvm-install/l1/l2 fail never pass test-amd64-i386-xl-qemuu-ws16-amd64 13 guest-saverestore fail never pass test-amd64-amd64-libvirt-vhd 12 migrate-support-check fail never pass test-amd64-i386-xl-qemut-win10-i386 17 guest-stop fail never pass test-amd64-i386-xl-qemut-ws16-amd64 13 guest-saverestore fail never pass version targeted for testing: linux 1e0d2875797752db3b008fcbea55d5695cb0893a baseline version: linux dd8b674caeef9381345a6369fba29d425ff433f3 Last test of basis 71731 2017-07-22 14:18:14 Z 50 days Testing same since 72086 2017-09-09 20:58:24 Z 0 days 1 attempts ------------------------------------------------------------ People who touched revisions under test: "Eric W. Biederman" Aaron Ma Akinobu Mita Al Viro AL Yu-Chen Cho Alan Stern Alan Swanson Alex Deucher Alex Williamson Alexander Potapenko Amit Pundir Andrew Morton Andrzej Hajda Anna Schumaker Annie Cherkaev Anton Blanchard Ard Biesheuvel Arnaldo Carvalho de Melo Arnd Bergmann Banajit Goswami Bart Van Assche Ben Hutchings Bin Liu Bjorn Andersson Bjorn Helgaas Boris Brezillon Calvin Owens Chaitra Basappa Charles Milette Charles Milette Cheah Kok Cheong Chen Hong Chen Yu Chris Metcalf Chris Wilson Christian König Christian Lamparter Christoph Hellwig Christoph Lameter Chu Yuan Lin Chuck Lever Chun-Hao Lin Chunyu Hu Colin Ian King Colin King Cong Wang Corey Minyard Dan Carpenter Dan Priamo Danesh Petigara Daniel Borkmann Daniel Borkmann Daniel Vetter Dave Martin David S. Miller Denys Vlasenko Dmitriy Dmitry Torokhov Dmitry Vyukov Doug Ledford Douglas Miller Dragos Bogdan Eric Auger Eric Dumazet Eric W. Biederman Felipe Balbi Florian Fainelli Florian Meier Florian Westphal Gary Guo George G. Davis George G. Davis Gopikrishnaiah Anandan Greg Hackmann Greg Kroah-Hartman Gregory Fong Guoqing Jiang Hannes Frederic Sowa Hannes Reinecke Hannes Reinecke Hans Verkuil Hector Martin Helge Deller Herbert Xu Himanshu Madhani Icenowy Zheng Imre Deak Ingo Molnar J. Bruce Fields Jaegeuk Kim James Bottomley James Hogan James Morris James Morse James Shen Jamie Iles Jan Beulich Jan Kara Jan Stancek Jarkko Sakkinen Jason A. Donenfeld Jassi Brar Jean-Louis Dupond Jeffy Chen Jerry Lee Jia-Ju Bai Jiang Yi Jin Qian Jin Yao Jiri Olsa Jiri Slaby Jiten Thakkar Joe Perches Joel Fernandes Johan Hedberg Johan Hovold Johannes Berg Johannes Thumshirn Jonathan Cameron Jonathan Cameron Jonathan Toppins Joonas Lahtinen Jordan Crouse Josh Poimboeuf Kai-Heng Feng Kalle Valo Kalle Valo Kees Cook Konstantin Khlebnikov Krzysztof Kozlowski Krzysztof Kozlowski Kyle Huey Kyungmin Park Lad, Prabhakar Lars-Peter Clausen Laurent Vivier Leon Romanovsky Linus Torvalds Linus Walleij Lior David Liping Zhang liujian (CE) Lorenzo Stoakes Maciej W. Rozycki Maged Mokhtar Mahesh Bandewar Marc Gonzalez Marc Zyngier Marcel Holtmann Marcelo Ricardo Leitner Marek Szyprowski Mark Brown Mark Rutland Mark Salyzyn Markus Trippelsdorf Martin K. Petersen Martin Liska Martin Schwidefsky Mateusz Jurczyk Mathias Nyman Maurizio Lombardi Mauro Carvalho Chehab Maya Erez Miaoqing Pan Michael Chan Michael Ellerman Michael Gugino Michal Hocko Michal Nazarewicz Mike Christie Mike Manning Miklos Szeredi Mikulas Patocka Milan P. Gandhi Naveen N. Rao Neal Cardwell Neil Horman NeilBrown Nicholas Bellinger Nicholas Mc Guire Ofer Heifetz Oleg Nesterov Oliver Neukum Oliver O'Halloran Pablo Neira Ayuso Pali Rohár Patrick Lai Paul Mackerras Paul Moore Pavel Machek Pavel Shilovsky Peter Chen Peter Oberparleiter Peter Ujfalusi Peter Zijlstra (Intel) Peter Zijlstra Phil Reid Pierguido Lambri Pintu Kumar Prabhakar Lad Rabin Vincent Radim Krčmář Rafael J. Wysocki Ralf Baechle Rob Clark Rob Herring Rohit Vaswani Rohit Vaswani Ronnie Sahlberg Russell King Sabrina Dubroca Sachin Prabhu Samuel Ortiz Sandeep Singh Sasha Levin Sasha Levin Satish Babu Patakokila Sergei A. Trusov Sergei Shtylyov Seunghun Han Shahar Klein Shaohua Li Shyam Sundar S K Sinclair Yeh Stefan Berger Stefan Triller Stefan-Gabriel Mirea Steffen Klassert Stephen Boyd Stephen Boyd Stephen Douthit Stephen Rothwell Steve Capper Steve French Steven Rostedt (VMware) Sudeep Holla Sudip Mukherjee Sudip Mukherjee Sumit Semwal Takashi Iwai Tariq Toukan Tejun Heo Theodore Ts'o Thierry Reding Thomas Bogendoerfer Thomas Gleixner Thomas Jarosch Todd Poynor Tomasz Figa Tony Jones Tony Lindgren Ulf Hansson Valentin Vidic Vinod Koul Vishnu Pratap Singh Vlad Yasevich Vladis Dronov WANG Cong Wanpeng Li Wei Liu Wei Wang Will Deacon Willem de Bruijn Wolfram Sang Xiangliang.Yu Xiao Ni Xin Long Yao Jin Yoshihiro Shimoda Yuchung Cheng Yuejie Shi Zheng Li zhong jiang jobs: build-amd64-xsm pass build-arm64-xsm broken build-armhf-xsm pass build-i386-xsm pass build-amd64 pass build-arm64 broken build-armhf pass build-i386 pass build-amd64-libvirt pass build-arm64-libvirt blocked build-armhf-libvirt pass build-i386-libvirt pass build-amd64-pvops pass build-arm64-pvops broken build-armhf-pvops pass build-i386-pvops pass build-amd64-rumprun pass build-i386-rumprun pass test-amd64-amd64-xl pass test-arm64-arm64-xl blocked test-armhf-armhf-xl fail test-amd64-i386-xl pass test-amd64-amd64-xl-qemut-debianhvm-amd64-xsm pass test-amd64-i386-xl-qemut-debianhvm-amd64-xsm pass test-amd64-amd64-libvirt-qemuu-debianhvm-amd64-xsm pass test-amd64-i386-libvirt-qemuu-debianhvm-amd64-xsm pass test-amd64-amd64-xl-qemuu-debianhvm-amd64-xsm pass test-amd64-i386-xl-qemuu-debianhvm-amd64-xsm pass test-amd64-amd64-xl-qemut-stubdom-debianhvm-amd64-xsm pass test-amd64-i386-xl-qemut-stubdom-debianhvm-amd64-xsm pass test-amd64-amd64-libvirt-xsm pass test-arm64-arm64-libvirt-xsm blocked test-armhf-armhf-libvirt-xsm fail test-amd64-i386-libvirt-xsm pass test-amd64-amd64-xl-xsm pass test-arm64-arm64-xl-xsm blocked test-armhf-armhf-xl-xsm fail test-amd64-i386-xl-xsm pass test-amd64-amd64-qemuu-nested-amd fail test-amd64-amd64-xl-pvh-amd pass test-amd64-i386-qemut-rhel6hvm-amd pass test-amd64-i386-qemuu-rhel6hvm-amd pass test-amd64-amd64-xl-qemut-debianhvm-amd64 pass test-amd64-i386-xl-qemut-debianhvm-amd64 pass test-amd64-amd64-xl-qemuu-debianhvm-amd64 pass test-amd64-i386-xl-qemuu-debianhvm-amd64 pass test-amd64-i386-freebsd10-amd64 pass test-amd64-amd64-xl-qemuu-ovmf-amd64 pass test-amd64-i386-xl-qemuu-ovmf-amd64 pass test-amd64-amd64-rumprun-amd64 pass test-amd64-amd64-xl-qemut-win7-amd64 fail test-amd64-i386-xl-qemut-win7-amd64 fail test-amd64-amd64-xl-qemuu-win7-amd64 fail test-amd64-i386-xl-qemuu-win7-amd64 fail test-amd64-amd64-xl-qemut-ws16-amd64 fail test-amd64-i386-xl-qemut-ws16-amd64 fail test-amd64-amd64-xl-qemuu-ws16-amd64 fail test-amd64-i386-xl-qemuu-ws16-amd64 fail test-amd64-amd64-xl-credit2 pass test-arm64-arm64-xl-credit2 blocked test-armhf-armhf-xl-credit2 fail test-amd64-amd64-examine pass test-arm64-arm64-examine blocked test-armhf-armhf-examine fail test-amd64-i386-examine pass test-amd64-i386-freebsd10-i386 pass test-amd64-i386-rumprun-i386 pass test-amd64-amd64-xl-qemut-win10-i386 fail test-amd64-i386-xl-qemut-win10-i386 fail test-amd64-amd64-xl-qemuu-win10-i386 fail test-amd64-i386-xl-qemuu-win10-i386 fail test-amd64-amd64-qemuu-nested-intel fail test-amd64-amd64-xl-pvh-intel pass test-amd64-i386-qemut-rhel6hvm-intel pass test-amd64-i386-qemuu-rhel6hvm-intel pass test-amd64-amd64-libvirt pass test-armhf-armhf-libvirt fail test-amd64-i386-libvirt pass test-armhf-armhf-xl-midway fail test-amd64-amd64-xl-multivcpu pass test-armhf-armhf-xl-multivcpu fail test-amd64-amd64-pair pass test-amd64-i386-pair pass test-amd64-amd64-libvirt-pair pass test-amd64-i386-libvirt-pair pass test-amd64-amd64-amd64-pvgrub pass test-amd64-amd64-i386-pvgrub pass test-amd64-amd64-pygrub pass test-amd64-amd64-xl-qcow2 pass test-armhf-armhf-libvirt-raw fail test-amd64-i386-xl-raw pass test-amd64-amd64-xl-rtds pass test-armhf-armhf-xl-rtds fail test-amd64-amd64-libvirt-vhd pass test-armhf-armhf-xl-vhd fail ------------------------------------------------------------ sg-report-flight on osstest.xs.citrite.net logs: /home/osstest/logs images: /home/osstest/images Logs, config files, etc. are available at http://osstest.xs.citrite.net/~osstest/testlogs/logs Test harness code can be found at http://xenbits.xensource.com/gitweb?p=osstest.git;a=summary broken-step build-arm64 hosts-allocate broken-step build-arm64-pvops hosts-allocate broken-step build-arm64-xsm hosts-allocate broken-step build-arm64 capture-logs broken-step build-arm64-pvops capture-logs broken-step build-arm64-xsm capture-logs Push not applicable. (No revision log; it would be 7207 lines long.) --===============8484891772298619468== Content-Type: text/plain; charset="utf-8" MIME-Version: 1.0 Content-Transfer-Encoding: base64 Content-Disposition: inline X19fX19fX19fX19fX19fX19fX19fX19fX19fX19fX19fX19fX19fX19fX19fX18KWGVuLWRldmVs IG1haWxpbmcgbGlzdApYZW4tZGV2ZWxAbGlzdHMueGVuLm9yZwpodHRwczovL2xpc3RzLnhlbi5v cmcveGVuLWRldmVsCg== --===============8484891772298619468==--