From mboxrd@z Thu Jan 1 00:00:00 1970 From: Platform Team regression test user Subject: [qemu-upstream-unstable baseline-only test] 72087: regressions - trouble: blocked/broken/fail/pass Date: Sun, 10 Sep 2017 20:16:54 +0100 Message-ID: Mime-Version: 1.0 Content-Type: multipart/mixed; boundary="===============6386419093120373084==" Return-path: List-Unsubscribe: , List-Post: List-Help: List-Subscribe: , Errors-To: xen-devel-bounces@lists.xen.org Sender: "Xen-devel" To: xen-devel@lists.xensource.com, osstest-admin@xenproject.org List-Id: xen-devel@lists.xenproject.org --===============6386419093120373084== Content-Type: text/plain This run is configured for baseline tests only. flight 72087 qemu-upstream-unstable real [real] http://osstest.xs.citrite.net/~osstest/testlogs/logs/72087/ Regressions :-( Tests which did not succeed and are blocking, including tests which could not be run: test-armhf-armhf-xl-multivcpu 7 xen-boot fail REGR. vs. 71935 test-armhf-armhf-xl-credit2 7 xen-boot fail REGR. vs. 71935 test-armhf-armhf-libvirt-raw 7 xen-boot fail REGR. vs. 71935 test-armhf-armhf-xl 7 xen-boot fail REGR. vs. 71935 test-armhf-armhf-libvirt-xsm 7 xen-boot fail REGR. vs. 71935 test-armhf-armhf-xl-xsm 7 xen-boot fail REGR. vs. 71935 test-armhf-armhf-libvirt 7 xen-boot fail REGR. vs. 71935 test-armhf-armhf-xl-vhd 7 xen-boot fail REGR. vs. 71935 test-amd64-i386-xl-qemuu-win7-amd64 16 guest-localmigrate/x10 fail REGR. vs. 71935 test-armhf-armhf-xl-midway 7 xen-boot fail REGR. vs. 71935 test-amd64-amd64-xl-qemuu-win7-amd64 16 guest-localmigrate/x10 fail REGR. vs. 71935 Regressions which are regarded as allowable (not blocking): test-armhf-armhf-xl-rtds 7 xen-boot fail REGR. vs. 71935 Tests which did not succeed, but are not blocking: test-arm64-arm64-libvirt-xsm 1 build-check(1) blocked n/a test-arm64-arm64-xl 1 build-check(1) blocked n/a build-arm64-libvirt 1 build-check(1) blocked n/a test-arm64-arm64-xl-credit2 1 build-check(1) blocked n/a test-arm64-arm64-xl-xsm 1 build-check(1) blocked n/a build-arm64 2 hosts-allocate broken never pass build-arm64-xsm 2 hosts-allocate broken never pass build-arm64-pvops 2 hosts-allocate broken never pass build-arm64-xsm 3 capture-logs broken never pass build-arm64 3 capture-logs broken never pass build-arm64-pvops 3 capture-logs broken never pass test-amd64-i386-xl-qemuu-win10-i386 10 windows-install fail never pass test-amd64-amd64-xl-qemuu-win10-i386 10 windows-install fail never pass test-amd64-amd64-xl-qemuu-ws16-amd64 10 windows-install fail never pass test-amd64-amd64-libvirt-xsm 13 migrate-support-check fail never pass test-amd64-i386-libvirt-xsm 13 migrate-support-check fail never pass test-amd64-i386-libvirt 13 migrate-support-check fail never pass test-amd64-amd64-libvirt 13 migrate-support-check fail never pass test-amd64-i386-libvirt-qemuu-debianhvm-amd64-xsm 11 migrate-support-check fail never pass test-amd64-amd64-libvirt-qemuu-debianhvm-amd64-xsm 11 migrate-support-check fail never pass test-amd64-i386-xl-qemuu-ws16-amd64 13 guest-saverestore fail never pass test-amd64-amd64-qemuu-nested-amd 17 debian-hvm-install/l1/l2 fail never pass test-amd64-amd64-libvirt-vhd 12 migrate-support-check fail never pass version targeted for testing: qemuu c349189772cec43498b0bec8a84146f10b8937af baseline version: qemuu c7c6232bd304568d4da4bef521603aae0035e172 Last test of basis 71935 2017-08-04 05:54:01 Z 37 days Testing same since 72087 2017-09-09 22:45:25 Z 0 days 1 attempts ------------------------------------------------------------ People who touched revisions under test: Aaron Larson Abdallah Bouassida Alberto Garcia Aleksandr Bezzubikov Alex Benneé Alex Bennée Alex Williamson Alexander Graf Alexey G Alexey Gerasimenko Alexey Kardashevskiy Alistair Francis Andrea Bolognani Andreas Grapentin Andreas Schwab Andrew Jones Anoob Soman Anthony Liguori Anthony PERARD Anthony Xu Anton Blanchard Anton Nefedov Ard Biesheuvel Ashish Mittal Ashish Mittal Aurelien Jarno Aviv Ben-David BALATON Zoltan Ben Warren Benjamin Herrenschmidt Bernhard Kaindl Bharata B Rao Boqun Feng (Intel) Brendan Shanks Brian Norris Bruce Rogers Bruno Dominguez Changlong Xie Chao Fan Chris Webb Christian Borntraeger Christian Borntraeger for the s390 part. Christoph Hellwig Claudio Imbrenda Cleber Rosa Corey Minyard Cornelia Huck Cornelia Huck Craig Jellick Cédric Le Goater Daniel Barboza Daniel Henrique Barboza Daniel P. Berrange Daniel Rempel Danil Antonov David Gibson David Gibson [ppc parts] David Hildenbrand Denis Plotnikov Denis V. Lunev Dong Jia Shi Doug Gale Dr. David Alan Gilbert Edgar E. Iglesias Eduardo Habkost Eduardo Otubo Emilio G. Cota Eric Auger Eric Bischoff Eric Blake Eric Farman Eugene (jno) Dvurechenski Fam Zheng Fan Zhang Farhan Ali Fei Li Felipe Franciosi Gabriel L. Somlo Gabriel Somlo Gabriel Somlo Geert Martin Ijewski Gerd Hoffmann Gerd Hoffmann Gonglei Greg Kurz Halil Pasic Hannes Reinecke Hannes Reinecke Haozhong Zhang He Chen Herongguang (Stephen) herongguang Hervé Poussineau Ian Jackson Ian McKellar Ian McKellar via Qemu-devel Igor Druzhinin Igor Mammedov Ishani Chugh James Hogan Jan Beulich Janosch Frank Jaroslaw Pelczar Jason J. Herne Jason Wang Jay Zhou Jeff Cody Jens Freimann Jens Freimann Jiang Biao Jing Liu Jing Zhang Joe Perches Joel Stanley John Arbuckle John Paul Adrian Glaubitz John Snow Jonathon Jongsma Jose Ricardo Ziviani Joseph Myers Juan Quintela Juergen Gross Kamil Rytarowski Kashyap Chamarthy Keith Busch Kevin Wolf Khem Raj Klim Kireev KONRAD Frederic KONRAD Frederic Krzysztof Kozlowski Ladi Prosek Laszlo Ersek Laurent Vivier Laurent Vivier Leo Gaspard Leon Alrae Li Ping Li Zhijian Lidong Chen Lluís Vilanova Longpeng(Mike) Luc MICHEL Malcolm Crossley Manos Pitsidianakis Mao Zhongyi Marc-André Lureau Marc-André Lureau Marcel Apfelbaum Mark Cave-Ayland Markus Armbruster Max Filippov Max Reitz Maxime Coquelin Michael Davidsaver Michael Roth Michael S. Tsirkin Michael Tokarev Michal Privoznik Mihail Abakumov Mike Cui Mikhail Sennikovskii Miloš Stojanović Miodrag Dinic Miroslav Benes Niels de Vos Nikunj A Dadhania otubo P J P Paolo Bonzini Paul Durrant Paul E. McKenney Pavel Dovgalyuk Peng Hao Peng Hao Peter Krempa Peter Lieven Peter Maydell Peter Xu Phil Dennis-Jordan Philipp Kern Philippe Mathieu-Daudé Philippe Voinov Portia Stephens Pranith Kumar Prasad J Pandit QingFeng Hao Richard Henderson Richard Henderson Richard W.M. Jones Riku Voipio Roman Kagan Roman Pen Ross Lagerwall Sai Pavan Boddu Sam Bobroff Sameeh Jubran Sameeh Jubran Samuel Brian Samuel Thibault Saurav Sachidanand Scott Wood Sergio Andres Gomez Del Real Sjors Gielen sochin.jiang sochin.jiang Stafford Horne Stefan Fritsch Stefan Hajnoczi Stefan Weil Stefano Stabellini Stefano Stabellini Stephen Bates Suraj Jitindar Singh Suramya Shah Tai Yunfang Tao Wu Tao Wu Thomas Huth Thomas Lamprecht Tim 'mithro' Ansell Tobias Schramm Tomáš Golembiovský Viktor Mihajlovski Vincent Bernat Vinzenz Feenstra Vladimir Sementsov-Ogievskiy Wang Yechao wanghaibin Wei Huang Wei Liu Wei Qi Wei Wang Wu Xiang Xiao Feng Ren Xiao Guangrong xiaoqiang zhao Xie Changlong Xiong Zhang Xu, Anthony Yang Chen Yang Zhong Yi Min Zhao Yongbok Kim Yu Ning Yunjian Wang Zhang Chen zhanghailiang Zhi Yong Wu Zhiyong Yang Zihan Yang jobs: build-amd64-xsm pass build-arm64-xsm broken build-armhf-xsm pass build-i386-xsm pass build-amd64 pass build-arm64 broken build-armhf pass build-i386 pass build-amd64-libvirt pass build-arm64-libvirt blocked build-armhf-libvirt pass build-i386-libvirt pass build-amd64-pvops pass build-arm64-pvops broken build-armhf-pvops pass build-i386-pvops pass test-amd64-amd64-xl pass test-arm64-arm64-xl blocked test-armhf-armhf-xl fail test-amd64-i386-xl pass test-amd64-amd64-libvirt-qemuu-debianhvm-amd64-xsm pass test-amd64-i386-libvirt-qemuu-debianhvm-amd64-xsm pass test-amd64-amd64-xl-qemuu-debianhvm-amd64-xsm pass test-amd64-i386-xl-qemuu-debianhvm-amd64-xsm pass test-amd64-amd64-libvirt-xsm pass test-arm64-arm64-libvirt-xsm blocked test-armhf-armhf-libvirt-xsm fail test-amd64-i386-libvirt-xsm pass test-amd64-amd64-xl-xsm pass test-arm64-arm64-xl-xsm blocked test-armhf-armhf-xl-xsm fail test-amd64-i386-xl-xsm pass test-amd64-amd64-qemuu-nested-amd fail test-amd64-amd64-xl-pvh-amd pass test-amd64-i386-qemuu-rhel6hvm-amd pass test-amd64-amd64-xl-qemuu-debianhvm-amd64 pass test-amd64-i386-xl-qemuu-debianhvm-amd64 pass test-amd64-i386-freebsd10-amd64 pass test-amd64-amd64-xl-qemuu-ovmf-amd64 pass test-amd64-i386-xl-qemuu-ovmf-amd64 pass test-amd64-amd64-xl-qemuu-win7-amd64 fail test-amd64-i386-xl-qemuu-win7-amd64 fail test-amd64-amd64-xl-qemuu-ws16-amd64 fail test-amd64-i386-xl-qemuu-ws16-amd64 fail test-amd64-amd64-xl-credit2 pass test-arm64-arm64-xl-credit2 blocked test-armhf-armhf-xl-credit2 fail test-amd64-i386-freebsd10-i386 pass test-amd64-amd64-xl-qemuu-win10-i386 fail test-amd64-i386-xl-qemuu-win10-i386 fail test-amd64-amd64-qemuu-nested-intel pass test-amd64-amd64-xl-pvh-intel pass test-amd64-i386-qemuu-rhel6hvm-intel pass test-amd64-amd64-libvirt pass test-armhf-armhf-libvirt fail test-amd64-i386-libvirt pass test-armhf-armhf-xl-midway fail test-amd64-amd64-xl-multivcpu pass test-armhf-armhf-xl-multivcpu fail test-amd64-amd64-pair pass test-amd64-i386-pair pass test-amd64-amd64-libvirt-pair pass test-amd64-i386-libvirt-pair pass test-amd64-amd64-amd64-pvgrub pass test-amd64-amd64-i386-pvgrub pass test-amd64-amd64-pygrub pass test-amd64-amd64-xl-qcow2 pass test-armhf-armhf-libvirt-raw fail test-amd64-i386-xl-raw pass test-amd64-amd64-xl-rtds pass test-armhf-armhf-xl-rtds fail test-amd64-amd64-libvirt-vhd pass test-armhf-armhf-xl-vhd fail ------------------------------------------------------------ sg-report-flight on osstest.xs.citrite.net logs: /home/osstest/logs images: /home/osstest/images Logs, config files, etc. are available at http://osstest.xs.citrite.net/~osstest/testlogs/logs Test harness code can be found at http://xenbits.xensource.com/gitweb?p=osstest.git;a=summary broken-step build-arm64 hosts-allocate broken-step build-arm64-xsm hosts-allocate broken-step build-arm64-pvops hosts-allocate broken-step build-arm64-xsm capture-logs broken-step build-arm64 capture-logs broken-step build-arm64-pvops capture-logs Push not applicable. (No revision log; it would be 53192 lines long.) --===============6386419093120373084== Content-Type: text/plain; charset="utf-8" MIME-Version: 1.0 Content-Transfer-Encoding: base64 Content-Disposition: inline X19fX19fX19fX19fX19fX19fX19fX19fX19fX19fX19fX19fX19fX19fX19fX18KWGVuLWRldmVs IG1haWxpbmcgbGlzdApYZW4tZGV2ZWxAbGlzdHMueGVuLm9yZwpodHRwczovL2xpc3RzLnhlbi5v cmcveGVuLWRldmVsCg== --===============6386419093120373084==--