xen-devel.lists.xenproject.org archive mirror
 help / color / mirror / Atom feed
* [linux-4.1 baseline-only test] 72128: regressions - trouble: blocked/broken/fail/pass
@ 2017-09-20  3:50 Platform Team regression test user
  0 siblings, 0 replies; only message in thread
From: Platform Team regression test user @ 2017-09-20  3:50 UTC (permalink / raw)
  To: xen-devel, osstest-admin

[-- Attachment #1: Type: text/plain, Size: 20891 bytes --]

This run is configured for baseline tests only.

flight 72128 linux-4.1 real [real]
http://osstest.xs.citrite.net/~osstest/testlogs/logs/72128/

Regressions :-(

Tests which did not succeed and are blocking,
including tests which could not be run:
 test-armhf-armhf-xl           7 xen-boot                  fail REGR. vs. 71948
 test-armhf-armhf-examine      7 reboot                    fail REGR. vs. 71948
 test-armhf-armhf-xl-credit2   7 xen-boot                  fail REGR. vs. 71948
 test-armhf-armhf-xl-multivcpu  7 xen-boot                 fail REGR. vs. 71948
 test-armhf-armhf-libvirt      7 xen-boot                  fail REGR. vs. 71948
 test-armhf-armhf-xl-midway    7 xen-boot                  fail REGR. vs. 71948
 test-armhf-armhf-libvirt-raw  7 xen-boot                  fail REGR. vs. 71948
 test-armhf-armhf-xl-vhd       7 xen-boot                  fail REGR. vs. 71948
 test-amd64-amd64-xl-qemuu-win7-amd64 16 guest-localmigrate/x10 fail REGR. vs. 71948

Regressions which are regarded as allowable (not blocking):
 test-armhf-armhf-xl-rtds      7 xen-boot                  fail REGR. vs. 71948
 test-amd64-amd64-xl-qemut-win7-amd64 17 guest-stop        fail REGR. vs. 71948

Tests which did not succeed, but are not blocking:
 test-arm64-arm64-libvirt-xsm  1 build-check(1)               blocked  n/a
 test-arm64-arm64-xl           1 build-check(1)               blocked  n/a
 build-arm64-libvirt           1 build-check(1)               blocked  n/a
 test-arm64-arm64-examine      1 build-check(1)               blocked  n/a
 test-arm64-arm64-xl-credit2   1 build-check(1)               blocked  n/a
 test-arm64-arm64-xl-xsm       1 build-check(1)               blocked  n/a
 build-arm64                   2 hosts-allocate               broken never pass
 build-arm64-pvops             2 hosts-allocate               broken never pass
 build-arm64-xsm               2 hosts-allocate               broken never pass
 build-arm64                   3 capture-logs                 broken never pass
 build-arm64-pvops             3 capture-logs                 broken never pass
 build-arm64-xsm               3 capture-logs                 broken never pass
 test-armhf-armhf-libvirt-xsm  7 xen-boot                 fail blocked in 71948
 test-armhf-armhf-xl-xsm       7 xen-boot                 fail blocked in 71948
 test-amd64-amd64-qemuu-nested-intel 17 debian-hvm-install/l1/l2 fail like 71948
 test-amd64-i386-xl-qemut-win7-amd64 16 guest-localmigrate/x10  fail like 71948
 test-amd64-i386-xl-qemuu-win7-amd64 17 guest-stop              fail like 71948
 test-amd64-i386-xl-qemuu-win10-i386 10 windows-install         fail never pass
 test-amd64-amd64-xl-qemuu-win10-i386 10 windows-install        fail never pass
 test-amd64-amd64-xl-qemuu-ws16-amd64 10 windows-install        fail never pass
 test-amd64-i386-libvirt-xsm  13 migrate-support-check        fail   never pass
 test-amd64-amd64-libvirt     13 migrate-support-check        fail   never pass
 test-amd64-i386-xl-qemuu-ws16-amd64 10 windows-install         fail never pass
 test-amd64-i386-libvirt      13 migrate-support-check        fail   never pass
 test-amd64-i386-xl-qemut-ws16-amd64 10 windows-install         fail never pass
 test-amd64-amd64-xl-qemut-ws16-amd64 10 windows-install        fail never pass
 test-amd64-i386-libvirt-qemuu-debianhvm-amd64-xsm 11 migrate-support-check fail never pass
 test-amd64-amd64-libvirt-xsm 13 migrate-support-check        fail   never pass
 test-amd64-amd64-libvirt-qemuu-debianhvm-amd64-xsm 11 migrate-support-check fail never pass
 test-amd64-amd64-qemuu-nested-amd 17 debian-hvm-install/l1/l2  fail never pass
 test-amd64-amd64-libvirt-vhd 12 migrate-support-check        fail   never pass
 test-amd64-i386-xl-qemut-win10-i386 17 guest-stop              fail never pass
 test-amd64-amd64-xl-qemut-win10-i386 17 guest-stop             fail never pass

version targeted for testing:
 linux                5fbef6af7dd9a92605bb7c426f26bd122fd0cd74
baseline version:
 linux                1af952704416d76ad86963f04feb10a3da143901

Last test of basis    71948  2017-08-07 21:48:50 Z   43 days
Testing same since    72128  2017-09-19 21:52:44 Z    0 days    1 attempts

------------------------------------------------------------
People who touched revisions under test:
  "Eric W. Biederman" <ebiederm@xmission.com>
  Akinobu Mita <akinobu.mita@gmail.com>
  Alan Stern <stern@rowland.harvard.edu>
  Alan Swanson <reiver@improbability.net>
  Alex Deucher <alexander.deucher@amd.com>
  Alex Williamson <alex.williamson@redhat.com>
  Alexander Potapenko <glider@google.com>
  Andrea Righi <righi.andrea@gmail.com>
  Andrew Morton <akpm@linux-foundation.org>
  Andrey Ryabinin <aryabinin@virtuozzo.com>
  Andrzej Hajda <a.hajda@samsung.com>
  Anna Schumaker <Anna.Schumaker@Netapp.com>
  Anton Blanchard <anton@samba.org>
  Ard Biesheuvel <ard.biesheuvel@linaro.org>
  Arnaldo Carvalho de Melo <acme@redhat.com>
  Arnd Bergmann <arnd@arndb.de>
  Arvind Yadav <arvind.yadav.cs@gmail.com>
  Banajit Goswami <bgoswami@codeaurora.org>
  Bart Van Assche <bart.vanassche@sandisk.com>
  Bartlomiej Zolnierkiewicz <b.zolnierkie@samsung.com>
  Bjorn Andersson <bjorn.andersson@linaro.org>
  Bjorn Helgaas <bhelgaas@google.com>
  Brian Norris <computersforpeace@gmail.com>
  Calvin Owens <calvinowens@fb.com>
  Catalin Marinas <catalin.marinas@arm.com>
  Chaitra Basappa <chaitra.basappa@broadcom.com>
  Cheah Kok Cheong <thrust73@gmail.com>
  Chen Hong <chenhong3@huawei.com>
  Chen Yu <yu.c.chen@intel.com>
  Christoph Hellwig <hch@lst.de>
  Christoph Lameter <cl@linux.com>
  Chu Yuan Lin <cyl@datera.io>
  Chun-Hao Lin <hau@realtek.com>
  Colin Ian King <colin.king@canonical.com>
  Cong Wang <xiyou.wangcong@gmail.com>
  Corey Minyard <cminyard@mvista.com>
  Dan Carpenter <dan.carpenter@oracle.com>
  Daniel Borkmann <daniel@iogearbox.net>
  Daniel Bristot de Oliveira <bristot@redhat.com>
  Daniel Stone <daniels@collabora.com>
  Daniel Vetter <daniel.vetter@ffwll.ch>
  Daniel Vetter <daniel.vetter@intel.com>
  Dave Aldridge <david.j.aldridge@oracle.com>
  David Lechner <david@lechnology.com>
  David S. Miller <davem@davemloft.net>
  Derek <user.vdr@gmail.com>
  Devin Heitmueller <dheitmueller@kernellabs.com>
  Dmitriy <mexx400@yandex.ru>
  Dmitry Torokhov <dmitry.torokhov@gmail.com>
  Doug Ledford <dledford@redhat.com>
  Douglas Miller <dougmill@linux.vnet.ibm.com>
  Eric Auger <eric.auger@redhat.com>
  Eric Dumazet <edumazet@google.com>
  Felipe Balbi <felipe.balbi@linux.intel.com>
  Florian Fainelli <f.fainelli@gmail.com>
  Gary Guo <ghg@datera.io>
  Gopikrishnaiah Anandan <agopik@codeaurora.org>
  Greg Kroah-Hartman <gregkh@linuxfoundation.org>
  Gregory CLEMENT <gregory.clement@free-electrons.com>
  Guoqing Jiang <gqjiang@suse.com>
  Han Xu <b45815@freescale.com>
  Hannes Frederic Sowa <hannes@stressinduktion.org>
  Hans de Goede <hdegoede@redhat.com>
  Hans Verkuil <hans.verkuil@cisco.com>
  Hector Martin <marcan@marcan.st>
  Herbert Xu <herbert@gondor.apana.org.au>
  Himanshu Madhani <himanshu.madhani@cavium.com>
  Icenowy Zheng <icenowy@aosc.io>
  Imre Deak <imre.deak@intel.com>
  Ingo Molnar <mingo@kernel.org>
  Ioan-Adrian Ratiu <adi@adirat.com>
  Jaegeuk Kim <jaegeuk@kernel.org>
  James Bottomley <jejb@linux.vnet.ibm.com>
  James Hogan <james.hogan@imgtec.com>
  James Morris <james.l.morris@oracle.com>
  Jamie Iles <jamie.iles@oracle.com>
  Jan Kara <jack@suse.cz>
  Jane Chu <jane.chu@oracle.com>
  Jarkko Sakkinen <jarkko.sakkinen@linux.intel.com>
  Jason A. Donenfeld <Jason@zx2c4.com>
  Jassi Brar <jaswinder.singh@linaro.org>
  Jean-Louis Dupond <jean-louis@dupond.be>
  Jens Axboe <axboe@fb.com>
  Jerry Lee <jerrylee@qnap.com>
  Jia-Ju Bai <baijiaju1990@163.com>
  Jiang Yi <jiangyilism@gmail.com>
  Jin Qian <jinqian@google.com>
  Jin Yao <yao.jin@linux.intel.com>
  Jiri Kosina <jkosina@suse.cz>
  Jiri Olsa <jolsa@kernel.org>
  Johan Hovold <johan@kernel.org>
  Johannes Berg <johannes.berg@intel.com>
  Jonas Bonn <jonas@southpole.se>
  Jonathan Cameron <jic23@kernel.org>
  Jonathan Cameron <Jonathan.Cameron@huawei.com>
  Jonathan Toppins <jtoppins@redhat.com>
  Jordan Crouse <jcrouse@codeaurora.org>
  Josh Poimboeuf <jpoimboe@redhat.com>
  Juergen Gross <jgross@suse.com>
  Kai-Heng Feng <kai.heng.feng@canonical.com>
  Kalle Valo <kvalo@qca.qualcomm.com>
  Kees Cook <keescook@chromium.org>
  Konrad Rzeszutek Wilk <konrad.wilk@oracle.com>
  Krzysztof Kozlowski <krzk@kernel.org>
  Kyle Huey <me@kylehuey.com>
  Lad, Prabhakar <prabhakar.csengg@gmail.com>
  Laurent Vivier <lvivier@redhat.com>
  Leon Romanovsky <leonro@mellanox.com>
  Linus Torvalds <torvalds@linux-foundation.org>
  Linus Walleij <linus.walleij@linaro.org>
  Lior David <qca_liord@qca.qualcomm.com>
  liujian (CE) <liujian56@huawei.com>
  Maciej W. Rozycki <macro@imgtec.com>
  Maciej W. Rozycki <macro@linux-mips.org>
  Mahesh Bandewar <maheshb@google.com>
  Marc Gonzalez <marc_gonzalez@sigmadesigns.com>
  Marc Zyngier <marc.zyngier@arm.com>
  Marcel Holtmann <marcel@holtmann.org>
  Marek Marczykowski-Górecki <marmarek@invisiblethingslab.com>
  Mario Kleiner <mario.kleiner.de@gmail.com>
  Mark Brown <broonie@kernel.org>
  Mark Rutland <mark.rutland@arm.com>
  Martin K. Petersen <martin.petersen@oracle.com>
  Martin Schwidefsky <schwidefsky@de.ibm.com>
  Mateusz Jurczyk <mjurczyk@google.com>
  Mathias Nyman <mathias.nyman@linux.intel.com>
  Matthew Dawson <matthew@mjdsystems.ca>
  Maurizio Lombardi <mlombard@redhat.com>
  Mauro Carvalho Chehab <mchehab@s-opensource.com>
  Maya Erez <qca_merez@qca.qualcomm.com>
  Miaoqing Pan <miaoqing@codeaurora.org>
  Michael Chan <michael.chan@broadcom.com>
  Michael Ellerman <mpe@ellerman.id.au>
  Michael Gugino <michael.gugino.2@gmail.com>
  Michael Holzheu <holzheu@linux.vnet.ibm.com>
  Michal Hocko <mhocko@suse.com>
  Michal Kazior <michal.kazior@tieto.com>
  Michal Simek <michal.simek@xilinx.com>
  Mike Manning <mmanning@brocade.com>
  Miklos Szeredi <mszeredi@redhat.com>
  Mikulas Patocka <mpatocka@redhat.com>
  Milan P. Gandhi <mgandhi@redhat.com>
  Moritz Fischer <mdf@kernel.org>
  Naveen N. Rao <naveen.n.rao@linux.vnet.ibm.com>
  Neal Cardwell <ncardwell@google.com>
  Neil Horman <nhorman@tuxdriver.com>
  NeilBrown <neilb@suse.com>
  Nicholas Bellinger <nab@linux-iscsi.org>
  Nicholas Mc Guire <hofrat@osadl.org>
  Ofer Heifetz <oferh@marvell.com>
  Oleg Nesterov <oleg@redhat.com>
  Oliver Neukum <oneukum@suse.com>
  Oliver O'Halloran <oohall@gmail.com>
  Omar Sandoval <osandov@fb.com>
  Pali Rohár <pali.rohar@gmail.com>
  Patrick Lai <plai@codeaurora.org>
  Paul Mackerras <paulus@ozlabs.org>
  Pavel Machek <pavel@ucw.cz>
  Peter Chen <peter.chen@nxp.com>
  Peter Ujfalusi <peter.ujfalusi@ti.com>
  Peter Zijlstra <a.p.zijlstra@chello.nl>
  Phil Reid <preid@electromag.com.au>
  Prabhakar Lad <prabhakar.csengg@gmail.com>
  Rabin Vincent <rabinv@axis.com>
  Radim Krčmář <rkrcmar@redhat.com>
  Rafael J. Wysocki <rafael.j.wysocki@intel.com>
  Ralf Baechle <ralf@linux-mips.org>
  Rob Clark <robdclark@gmail.com>
  Rob Gardner <rob.gardner@oracle.com>
  Rob Herring <robh@kernel.org>
  Roger Pau Monné <roger.pau@citrix.com>
  Russell King <rmk+kernel@arm.linux.org.uk>
  Sabrina Dubroca <sd@queasysnail.net>
  Samuel Ortiz <sameo@linux.intel.com>
  Sandeep Singh <Sandeep.Singh@amd.com>
  Sasha Levin <alexander.levin@verizon.com>
  Satish Babu Patakokila <sbpata@codeaurora.org>
  Satish Kharat <satishkh@cisco.com>
  Sean Young <sean@mess.org>
  Sergei A. Trusov <sergei.a.trusov@ya.ru>
  Sergei Shtylyov <sergei.shtylyov@cogentembedded.com>
  Sesidhar Baddela <sebaddel@cisco.com>
  Seunghun Han <kkamagui@gmail.com>
  Shaohua Li <shli@fb.com>
  Shyam Sundar S K <Shyam-sundar.S-k@amd.com>
  Sinclair Yeh <syeh@vmware.com>
  Stafford Horne <shorne@gmail.com>
  Stefan Berger <stefanb@linux.vnet.ibm.com>
  Stefan Triller <github@stefantriller.de>
  Stefan-Gabriel Mirea <stefan-gabriel.mirea@nxp.com>
  Steffen Klassert <steffen.klassert@secunet.com>
  Stephen Boyd <stephen.boyd@linaro.org>
  Steven Haigh <netwiz@crc.id.au>
  Steven Rostedt (VMware) <rostedt@goodmis.org>
  Steven Rostedt <rostedt@goodmis.org>
  Steven Toth <stoth@kernellabs.com>
  Sudeep Holla <sudeep.holla@arm.com>
  Sudip Mukherjee <sudip.mukherjee@codethink.co.uk>
  Sudip Mukherjee <sudipm.mukherjee@gmail.com>
  Suzuki K Poulose <suzuki.poulose@arm.com>
  Sören Brinkmann <soren.brinkmann@xilinx.com>
  Takashi Iwai <tiwai@suse.de>
  Tariq Toukan <tariqt@mellanox.com>
  Tejun Heo <tj@kernel.org>
  Theodore Ts'o <tytso@mit.edu>
  Thomas Gleixner <tglx@linutronix.de>
  Thomas Jarosch <thomas.jarosch@intra2net.com>
  Tomasz Figa <tomasz.figa@gmail.com>
  Tony Camuso <tcamuso@redhat.com>
  Tony Lindgren <tony@atomide.com>
  Ulf Hansson <ulf.hansson@linaro.org>
  Valentin Vidic <Valentin.Vidic@CARNet.hr>
  Varun Prakash <varun@chelsio.com>
  Vinod Koul <vinod.koul@intel.com>
  WANG Cong <xiyou.wangcong@gmail.com>
  Wanpeng Li <wanpeng.li@hotmail.com>
  Wei Liu <wei.liu2@citrix.com>
  Weston Andros Adamson <dros@monkey.org>
  Weston Andros Adamson <dros@primarydata.com>
  Will Deacon <will.deacon@arm.com>
  Willem de Bruijn <willemb@google.com>
  Xiao Ni <xni@redhat.com>
  Xin Long <lucien.xin@gmail.com>
  Yao Jin <yao.jin@linux.intel.com>
  Yoichi Yuasa <yuasa@linux-mips.org>
  Yoshihiro Shimoda <yoshihiro.shimoda.uh@renesas.com>
  Yuchung Cheng <ycheng@google.com>
  Yuejie Shi <syjcnss@gmail.com>
  Zheng Li <james.z.li@ericsson.com>

jobs:
 build-amd64-xsm                                              pass    
 build-arm64-xsm                                              broken  
 build-armhf-xsm                                              pass    
 build-i386-xsm                                               pass    
 build-amd64                                                  pass    
 build-arm64                                                  broken  
 build-armhf                                                  pass    
 build-i386                                                   pass    
 build-amd64-libvirt                                          pass    
 build-arm64-libvirt                                          blocked 
 build-armhf-libvirt                                          pass    
 build-i386-libvirt                                           pass    
 build-amd64-pvops                                            pass    
 build-arm64-pvops                                            broken  
 build-armhf-pvops                                            pass    
 build-i386-pvops                                             pass    
 build-amd64-rumprun                                          pass    
 build-i386-rumprun                                           pass    
 test-amd64-amd64-xl                                          pass    
 test-arm64-arm64-xl                                          blocked 
 test-armhf-armhf-xl                                          fail    
 test-amd64-i386-xl                                           pass    
 test-amd64-amd64-xl-qemut-debianhvm-amd64-xsm                pass    
 test-amd64-i386-xl-qemut-debianhvm-amd64-xsm                 pass    
 test-amd64-amd64-libvirt-qemuu-debianhvm-amd64-xsm           pass    
 test-amd64-i386-libvirt-qemuu-debianhvm-amd64-xsm            pass    
 test-amd64-amd64-xl-qemuu-debianhvm-amd64-xsm                pass    
 test-amd64-i386-xl-qemuu-debianhvm-amd64-xsm                 pass    
 test-amd64-amd64-xl-qemut-stubdom-debianhvm-amd64-xsm        pass    
 test-amd64-i386-xl-qemut-stubdom-debianhvm-amd64-xsm         pass    
 test-amd64-amd64-libvirt-xsm                                 pass    
 test-arm64-arm64-libvirt-xsm                                 blocked 
 test-armhf-armhf-libvirt-xsm                                 fail    
 test-amd64-i386-libvirt-xsm                                  pass    
 test-amd64-amd64-xl-xsm                                      pass    
 test-arm64-arm64-xl-xsm                                      blocked 
 test-armhf-armhf-xl-xsm                                      fail    
 test-amd64-i386-xl-xsm                                       pass    
 test-amd64-amd64-qemuu-nested-amd                            fail    
 test-amd64-amd64-xl-pvh-amd                                  pass    
 test-amd64-i386-qemut-rhel6hvm-amd                           pass    
 test-amd64-i386-qemuu-rhel6hvm-amd                           pass    
 test-amd64-amd64-xl-qemut-debianhvm-amd64                    pass    
 test-amd64-i386-xl-qemut-debianhvm-amd64                     pass    
 test-amd64-amd64-xl-qemuu-debianhvm-amd64                    pass    
 test-amd64-i386-xl-qemuu-debianhvm-amd64                     pass    
 test-amd64-i386-freebsd10-amd64                              pass    
 test-amd64-amd64-xl-qemuu-ovmf-amd64                         pass    
 test-amd64-i386-xl-qemuu-ovmf-amd64                          pass    
 test-amd64-amd64-rumprun-amd64                               pass    
 test-amd64-amd64-xl-qemut-win7-amd64                         fail    
 test-amd64-i386-xl-qemut-win7-amd64                          fail    
 test-amd64-amd64-xl-qemuu-win7-amd64                         fail    
 test-amd64-i386-xl-qemuu-win7-amd64                          fail    
 test-amd64-amd64-xl-qemut-ws16-amd64                         fail    
 test-amd64-i386-xl-qemut-ws16-amd64                          fail    
 test-amd64-amd64-xl-qemuu-ws16-amd64                         fail    
 test-amd64-i386-xl-qemuu-ws16-amd64                          fail    
 test-amd64-amd64-xl-credit2                                  pass    
 test-arm64-arm64-xl-credit2                                  blocked 
 test-armhf-armhf-xl-credit2                                  fail    
 test-amd64-amd64-examine                                     pass    
 test-arm64-arm64-examine                                     blocked 
 test-armhf-armhf-examine                                     fail    
 test-amd64-i386-examine                                      pass    
 test-amd64-i386-freebsd10-i386                               pass    
 test-amd64-i386-rumprun-i386                                 pass    
 test-amd64-amd64-xl-qemut-win10-i386                         fail    
 test-amd64-i386-xl-qemut-win10-i386                          fail    
 test-amd64-amd64-xl-qemuu-win10-i386                         fail    
 test-amd64-i386-xl-qemuu-win10-i386                          fail    
 test-amd64-amd64-qemuu-nested-intel                          fail    
 test-amd64-amd64-xl-pvh-intel                                pass    
 test-amd64-i386-qemut-rhel6hvm-intel                         pass    
 test-amd64-i386-qemuu-rhel6hvm-intel                         pass    
 test-amd64-amd64-libvirt                                     pass    
 test-armhf-armhf-libvirt                                     fail    
 test-amd64-i386-libvirt                                      pass    
 test-armhf-armhf-xl-midway                                   fail    
 test-amd64-amd64-xl-multivcpu                                pass    
 test-armhf-armhf-xl-multivcpu                                fail    
 test-amd64-amd64-pair                                        pass    
 test-amd64-i386-pair                                         pass    
 test-amd64-amd64-libvirt-pair                                pass    
 test-amd64-i386-libvirt-pair                                 pass    
 test-amd64-amd64-amd64-pvgrub                                pass    
 test-amd64-amd64-i386-pvgrub                                 pass    
 test-amd64-amd64-pygrub                                      pass    
 test-amd64-amd64-xl-qcow2                                    pass    
 test-armhf-armhf-libvirt-raw                                 fail    
 test-amd64-i386-xl-raw                                       pass    
 test-amd64-amd64-xl-rtds                                     pass    
 test-armhf-armhf-xl-rtds                                     fail    
 test-amd64-amd64-libvirt-vhd                                 pass    
 test-armhf-armhf-xl-vhd                                      fail    


------------------------------------------------------------
sg-report-flight on osstest.xs.citrite.net
logs: /home/osstest/logs
images: /home/osstest/images

Logs, config files, etc. are available at
    http://osstest.xs.citrite.net/~osstest/testlogs/logs

Test harness code can be found at
    http://xenbits.xensource.com/gitweb?p=osstest.git;a=summary

broken-step build-arm64 hosts-allocate
broken-step build-arm64-pvops hosts-allocate
broken-step build-arm64-xsm hosts-allocate
broken-step build-arm64 capture-logs
broken-step build-arm64-pvops capture-logs
broken-step build-arm64-xsm capture-logs

Push not applicable.

(No revision log; it would be 5083 lines long.)


[-- Attachment #2: Type: text/plain, Size: 127 bytes --]

_______________________________________________
Xen-devel mailing list
Xen-devel@lists.xen.org
https://lists.xen.org/xen-devel

^ permalink raw reply	[flat|nested] only message in thread

only message in thread, other threads:[~2017-09-20  3:50 UTC | newest]

Thread overview: (only message) (download: mbox.gz follow: Atom feed
-- links below jump to the message on this page --
2017-09-20  3:50 [linux-4.1 baseline-only test] 72128: regressions - trouble: blocked/broken/fail/pass Platform Team regression test user

This is a public inbox, see mirroring instructions
for how to clone and mirror all data and code used for this inbox;
as well as URLs for NNTP newsgroup(s).