From mboxrd@z Thu Jan 1 00:00:00 1970 From: Platform Team regression test user Subject: [linux-4.1 baseline-only test] 72128: regressions - trouble: blocked/broken/fail/pass Date: Wed, 20 Sep 2017 04:50:04 +0100 Message-ID: Mime-Version: 1.0 Content-Type: multipart/mixed; boundary="===============4303427934297768356==" Return-path: List-Unsubscribe: , List-Post: List-Help: List-Subscribe: , Errors-To: xen-devel-bounces@lists.xen.org Sender: "Xen-devel" To: xen-devel@lists.xensource.com, osstest-admin@xenproject.org List-Id: xen-devel@lists.xenproject.org --===============4303427934297768356== Content-Type: text/plain This run is configured for baseline tests only. flight 72128 linux-4.1 real [real] http://osstest.xs.citrite.net/~osstest/testlogs/logs/72128/ Regressions :-( Tests which did not succeed and are blocking, including tests which could not be run: test-armhf-armhf-xl 7 xen-boot fail REGR. vs. 71948 test-armhf-armhf-examine 7 reboot fail REGR. vs. 71948 test-armhf-armhf-xl-credit2 7 xen-boot fail REGR. vs. 71948 test-armhf-armhf-xl-multivcpu 7 xen-boot fail REGR. vs. 71948 test-armhf-armhf-libvirt 7 xen-boot fail REGR. vs. 71948 test-armhf-armhf-xl-midway 7 xen-boot fail REGR. vs. 71948 test-armhf-armhf-libvirt-raw 7 xen-boot fail REGR. vs. 71948 test-armhf-armhf-xl-vhd 7 xen-boot fail REGR. vs. 71948 test-amd64-amd64-xl-qemuu-win7-amd64 16 guest-localmigrate/x10 fail REGR. vs. 71948 Regressions which are regarded as allowable (not blocking): test-armhf-armhf-xl-rtds 7 xen-boot fail REGR. vs. 71948 test-amd64-amd64-xl-qemut-win7-amd64 17 guest-stop fail REGR. vs. 71948 Tests which did not succeed, but are not blocking: test-arm64-arm64-libvirt-xsm 1 build-check(1) blocked n/a test-arm64-arm64-xl 1 build-check(1) blocked n/a build-arm64-libvirt 1 build-check(1) blocked n/a test-arm64-arm64-examine 1 build-check(1) blocked n/a test-arm64-arm64-xl-credit2 1 build-check(1) blocked n/a test-arm64-arm64-xl-xsm 1 build-check(1) blocked n/a build-arm64 2 hosts-allocate broken never pass build-arm64-pvops 2 hosts-allocate broken never pass build-arm64-xsm 2 hosts-allocate broken never pass build-arm64 3 capture-logs broken never pass build-arm64-pvops 3 capture-logs broken never pass build-arm64-xsm 3 capture-logs broken never pass test-armhf-armhf-libvirt-xsm 7 xen-boot fail blocked in 71948 test-armhf-armhf-xl-xsm 7 xen-boot fail blocked in 71948 test-amd64-amd64-qemuu-nested-intel 17 debian-hvm-install/l1/l2 fail like 71948 test-amd64-i386-xl-qemut-win7-amd64 16 guest-localmigrate/x10 fail like 71948 test-amd64-i386-xl-qemuu-win7-amd64 17 guest-stop fail like 71948 test-amd64-i386-xl-qemuu-win10-i386 10 windows-install fail never pass test-amd64-amd64-xl-qemuu-win10-i386 10 windows-install fail never pass test-amd64-amd64-xl-qemuu-ws16-amd64 10 windows-install fail never pass test-amd64-i386-libvirt-xsm 13 migrate-support-check fail never pass test-amd64-amd64-libvirt 13 migrate-support-check fail never pass test-amd64-i386-xl-qemuu-ws16-amd64 10 windows-install fail never pass test-amd64-i386-libvirt 13 migrate-support-check fail never pass test-amd64-i386-xl-qemut-ws16-amd64 10 windows-install fail never pass test-amd64-amd64-xl-qemut-ws16-amd64 10 windows-install fail never pass test-amd64-i386-libvirt-qemuu-debianhvm-amd64-xsm 11 migrate-support-check fail never pass test-amd64-amd64-libvirt-xsm 13 migrate-support-check fail never pass test-amd64-amd64-libvirt-qemuu-debianhvm-amd64-xsm 11 migrate-support-check fail never pass test-amd64-amd64-qemuu-nested-amd 17 debian-hvm-install/l1/l2 fail never pass test-amd64-amd64-libvirt-vhd 12 migrate-support-check fail never pass test-amd64-i386-xl-qemut-win10-i386 17 guest-stop fail never pass test-amd64-amd64-xl-qemut-win10-i386 17 guest-stop fail never pass version targeted for testing: linux 5fbef6af7dd9a92605bb7c426f26bd122fd0cd74 baseline version: linux 1af952704416d76ad86963f04feb10a3da143901 Last test of basis 71948 2017-08-07 21:48:50 Z 43 days Testing same since 72128 2017-09-19 21:52:44 Z 0 days 1 attempts ------------------------------------------------------------ People who touched revisions under test: "Eric W. Biederman" Akinobu Mita Alan Stern Alan Swanson Alex Deucher Alex Williamson Alexander Potapenko Andrea Righi Andrew Morton Andrey Ryabinin Andrzej Hajda Anna Schumaker Anton Blanchard Ard Biesheuvel Arnaldo Carvalho de Melo Arnd Bergmann Arvind Yadav Banajit Goswami Bart Van Assche Bartlomiej Zolnierkiewicz Bjorn Andersson Bjorn Helgaas Brian Norris Calvin Owens Catalin Marinas Chaitra Basappa Cheah Kok Cheong Chen Hong Chen Yu Christoph Hellwig Christoph Lameter Chu Yuan Lin Chun-Hao Lin Colin Ian King Cong Wang Corey Minyard Dan Carpenter Daniel Borkmann Daniel Bristot de Oliveira Daniel Stone Daniel Vetter Daniel Vetter Dave Aldridge David Lechner David S. Miller Derek Devin Heitmueller Dmitriy Dmitry Torokhov Doug Ledford Douglas Miller Eric Auger Eric Dumazet Felipe Balbi Florian Fainelli Gary Guo Gopikrishnaiah Anandan Greg Kroah-Hartman Gregory CLEMENT Guoqing Jiang Han Xu Hannes Frederic Sowa Hans de Goede Hans Verkuil Hector Martin Herbert Xu Himanshu Madhani Icenowy Zheng Imre Deak Ingo Molnar Ioan-Adrian Ratiu Jaegeuk Kim James Bottomley James Hogan James Morris Jamie Iles Jan Kara Jane Chu Jarkko Sakkinen Jason A. Donenfeld Jassi Brar Jean-Louis Dupond Jens Axboe Jerry Lee Jia-Ju Bai Jiang Yi Jin Qian Jin Yao Jiri Kosina Jiri Olsa Johan Hovold Johannes Berg Jonas Bonn Jonathan Cameron Jonathan Cameron Jonathan Toppins Jordan Crouse Josh Poimboeuf Juergen Gross Kai-Heng Feng Kalle Valo Kees Cook Konrad Rzeszutek Wilk Krzysztof Kozlowski Kyle Huey Lad, Prabhakar Laurent Vivier Leon Romanovsky Linus Torvalds Linus Walleij Lior David liujian (CE) Maciej W. Rozycki Maciej W. Rozycki Mahesh Bandewar Marc Gonzalez Marc Zyngier Marcel Holtmann Marek Marczykowski-Górecki Mario Kleiner Mark Brown Mark Rutland Martin K. Petersen Martin Schwidefsky Mateusz Jurczyk Mathias Nyman Matthew Dawson Maurizio Lombardi Mauro Carvalho Chehab Maya Erez Miaoqing Pan Michael Chan Michael Ellerman Michael Gugino Michael Holzheu Michal Hocko Michal Kazior Michal Simek Mike Manning Miklos Szeredi Mikulas Patocka Milan P. Gandhi Moritz Fischer Naveen N. Rao Neal Cardwell Neil Horman NeilBrown Nicholas Bellinger Nicholas Mc Guire Ofer Heifetz Oleg Nesterov Oliver Neukum Oliver O'Halloran Omar Sandoval Pali Rohár Patrick Lai Paul Mackerras Pavel Machek Peter Chen Peter Ujfalusi Peter Zijlstra Phil Reid Prabhakar Lad Rabin Vincent Radim Krčmář Rafael J. Wysocki Ralf Baechle Rob Clark Rob Gardner Rob Herring Roger Pau Monné Russell King Sabrina Dubroca Samuel Ortiz Sandeep Singh Sasha Levin Satish Babu Patakokila Satish Kharat Sean Young Sergei A. Trusov Sergei Shtylyov Sesidhar Baddela Seunghun Han Shaohua Li Shyam Sundar S K Sinclair Yeh Stafford Horne Stefan Berger Stefan Triller Stefan-Gabriel Mirea Steffen Klassert Stephen Boyd Steven Haigh Steven Rostedt (VMware) Steven Rostedt Steven Toth Sudeep Holla Sudip Mukherjee Sudip Mukherjee Suzuki K Poulose Sören Brinkmann Takashi Iwai Tariq Toukan Tejun Heo Theodore Ts'o Thomas Gleixner Thomas Jarosch Tomasz Figa Tony Camuso Tony Lindgren Ulf Hansson Valentin Vidic Varun Prakash Vinod Koul WANG Cong Wanpeng Li Wei Liu Weston Andros Adamson Weston Andros Adamson Will Deacon Willem de Bruijn Xiao Ni Xin Long Yao Jin Yoichi Yuasa Yoshihiro Shimoda Yuchung Cheng Yuejie Shi Zheng Li jobs: build-amd64-xsm pass build-arm64-xsm broken build-armhf-xsm pass build-i386-xsm pass build-amd64 pass build-arm64 broken build-armhf pass build-i386 pass build-amd64-libvirt pass build-arm64-libvirt blocked build-armhf-libvirt pass build-i386-libvirt pass build-amd64-pvops pass build-arm64-pvops broken build-armhf-pvops pass build-i386-pvops pass build-amd64-rumprun pass build-i386-rumprun pass test-amd64-amd64-xl pass test-arm64-arm64-xl blocked test-armhf-armhf-xl fail test-amd64-i386-xl pass test-amd64-amd64-xl-qemut-debianhvm-amd64-xsm pass test-amd64-i386-xl-qemut-debianhvm-amd64-xsm pass test-amd64-amd64-libvirt-qemuu-debianhvm-amd64-xsm pass test-amd64-i386-libvirt-qemuu-debianhvm-amd64-xsm pass test-amd64-amd64-xl-qemuu-debianhvm-amd64-xsm pass test-amd64-i386-xl-qemuu-debianhvm-amd64-xsm pass test-amd64-amd64-xl-qemut-stubdom-debianhvm-amd64-xsm pass test-amd64-i386-xl-qemut-stubdom-debianhvm-amd64-xsm pass test-amd64-amd64-libvirt-xsm pass test-arm64-arm64-libvirt-xsm blocked test-armhf-armhf-libvirt-xsm fail test-amd64-i386-libvirt-xsm pass test-amd64-amd64-xl-xsm pass test-arm64-arm64-xl-xsm blocked test-armhf-armhf-xl-xsm fail test-amd64-i386-xl-xsm pass test-amd64-amd64-qemuu-nested-amd fail test-amd64-amd64-xl-pvh-amd pass test-amd64-i386-qemut-rhel6hvm-amd pass test-amd64-i386-qemuu-rhel6hvm-amd pass test-amd64-amd64-xl-qemut-debianhvm-amd64 pass test-amd64-i386-xl-qemut-debianhvm-amd64 pass test-amd64-amd64-xl-qemuu-debianhvm-amd64 pass test-amd64-i386-xl-qemuu-debianhvm-amd64 pass test-amd64-i386-freebsd10-amd64 pass test-amd64-amd64-xl-qemuu-ovmf-amd64 pass test-amd64-i386-xl-qemuu-ovmf-amd64 pass test-amd64-amd64-rumprun-amd64 pass test-amd64-amd64-xl-qemut-win7-amd64 fail test-amd64-i386-xl-qemut-win7-amd64 fail test-amd64-amd64-xl-qemuu-win7-amd64 fail test-amd64-i386-xl-qemuu-win7-amd64 fail test-amd64-amd64-xl-qemut-ws16-amd64 fail test-amd64-i386-xl-qemut-ws16-amd64 fail test-amd64-amd64-xl-qemuu-ws16-amd64 fail test-amd64-i386-xl-qemuu-ws16-amd64 fail test-amd64-amd64-xl-credit2 pass test-arm64-arm64-xl-credit2 blocked test-armhf-armhf-xl-credit2 fail test-amd64-amd64-examine pass test-arm64-arm64-examine blocked test-armhf-armhf-examine fail test-amd64-i386-examine pass test-amd64-i386-freebsd10-i386 pass test-amd64-i386-rumprun-i386 pass test-amd64-amd64-xl-qemut-win10-i386 fail test-amd64-i386-xl-qemut-win10-i386 fail test-amd64-amd64-xl-qemuu-win10-i386 fail test-amd64-i386-xl-qemuu-win10-i386 fail test-amd64-amd64-qemuu-nested-intel fail test-amd64-amd64-xl-pvh-intel pass test-amd64-i386-qemut-rhel6hvm-intel pass test-amd64-i386-qemuu-rhel6hvm-intel pass test-amd64-amd64-libvirt pass test-armhf-armhf-libvirt fail test-amd64-i386-libvirt pass test-armhf-armhf-xl-midway fail test-amd64-amd64-xl-multivcpu pass test-armhf-armhf-xl-multivcpu fail test-amd64-amd64-pair pass test-amd64-i386-pair pass test-amd64-amd64-libvirt-pair pass test-amd64-i386-libvirt-pair pass test-amd64-amd64-amd64-pvgrub pass test-amd64-amd64-i386-pvgrub pass test-amd64-amd64-pygrub pass test-amd64-amd64-xl-qcow2 pass test-armhf-armhf-libvirt-raw fail test-amd64-i386-xl-raw pass test-amd64-amd64-xl-rtds pass test-armhf-armhf-xl-rtds fail test-amd64-amd64-libvirt-vhd pass test-armhf-armhf-xl-vhd fail ------------------------------------------------------------ sg-report-flight on osstest.xs.citrite.net logs: /home/osstest/logs images: /home/osstest/images Logs, config files, etc. are available at http://osstest.xs.citrite.net/~osstest/testlogs/logs Test harness code can be found at http://xenbits.xensource.com/gitweb?p=osstest.git;a=summary broken-step build-arm64 hosts-allocate broken-step build-arm64-pvops hosts-allocate broken-step build-arm64-xsm hosts-allocate broken-step build-arm64 capture-logs broken-step build-arm64-pvops capture-logs broken-step build-arm64-xsm capture-logs Push not applicable. (No revision log; it would be 5083 lines long.) --===============4303427934297768356== Content-Type: text/plain; charset="utf-8" MIME-Version: 1.0 Content-Transfer-Encoding: base64 Content-Disposition: inline X19fX19fX19fX19fX19fX19fX19fX19fX19fX19fX19fX19fX19fX19fX19fX18KWGVuLWRldmVs IG1haWxpbmcgbGlzdApYZW4tZGV2ZWxAbGlzdHMueGVuLm9yZwpodHRwczovL2xpc3RzLnhlbi5v cmcveGVuLWRldmVsCg== --===============4303427934297768356==--