* [linux-3.18 baseline-only test] 72168: tolerable trouble: blocked/broken/fail/pass
@ 2017-09-28 20:50 Platform Team regression test user
0 siblings, 0 replies; only message in thread
From: Platform Team regression test user @ 2017-09-28 20:50 UTC (permalink / raw)
To: xen-devel, osstest-admin
This run is configured for baseline tests only.
flight 72168 linux-3.18 real [real]
http://osstest.xs.citrite.net/~osstest/testlogs/logs/72168/
Failures :-/ but no regressions.
Tests which did not succeed, but are not blocking:
test-arm64-arm64-libvirt-xsm 1 build-check(1) blocked n/a
test-arm64-arm64-xl 1 build-check(1) blocked n/a
build-arm64-libvirt 1 build-check(1) blocked n/a
test-arm64-arm64-examine 1 build-check(1) blocked n/a
test-arm64-arm64-xl-credit2 1 build-check(1) blocked n/a
test-arm64-arm64-xl-xsm 1 build-check(1) blocked n/a
build-arm64 2 hosts-allocate broken never pass
build-arm64-pvops 2 hosts-allocate broken never pass
build-arm64-xsm 2 hosts-allocate broken never pass
build-arm64 3 capture-logs broken never pass
build-arm64-pvops 3 capture-logs broken never pass
build-arm64-xsm 3 capture-logs broken never pass
test-amd64-amd64-xl-qemuu-win10-i386 10 windows-install fail blocked in 72117
test-amd64-amd64-xl-qemut-win7-amd64 17 guest-stop fail blocked in 72117
test-armhf-armhf-xl-multivcpu 7 xen-boot fail like 72117
test-armhf-armhf-libvirt-raw 7 xen-boot fail like 72117
test-armhf-armhf-xl-midway 7 xen-boot fail like 72117
test-armhf-armhf-libvirt-xsm 7 xen-boot fail like 72117
test-armhf-armhf-xl-vhd 7 xen-boot fail like 72117
test-armhf-armhf-libvirt 7 xen-boot fail like 72117
test-armhf-armhf-xl-credit2 7 xen-boot fail like 72117
test-armhf-armhf-xl-rtds 7 xen-boot fail like 72117
test-armhf-armhf-xl-xsm 7 xen-boot fail like 72117
test-armhf-armhf-xl 7 xen-boot fail like 72117
test-armhf-armhf-examine 7 reboot fail like 72117
test-amd64-amd64-qemuu-nested-intel 17 debian-hvm-install/l1/l2 fail like 72117
test-amd64-i386-xl-qemut-win7-amd64 16 guest-localmigrate/x10 fail like 72117
test-amd64-i386-xl-qemuu-win7-amd64 16 guest-localmigrate/x10 fail like 72117
test-amd64-i386-libvirt 13 migrate-support-check fail never pass
test-amd64-i386-xl-qemuu-win10-i386 10 windows-install fail never pass
test-amd64-amd64-xl-qemut-win10-i386 10 windows-install fail never pass
test-amd64-amd64-libvirt-xsm 13 migrate-support-check fail never pass
test-amd64-amd64-xl-qemut-ws16-amd64 10 windows-install fail never pass
test-amd64-i386-libvirt-xsm 13 migrate-support-check fail never pass
test-amd64-amd64-xl-qemuu-ws16-amd64 10 windows-install fail never pass
test-amd64-amd64-libvirt 13 migrate-support-check fail never pass
test-amd64-i386-libvirt-qemuu-debianhvm-amd64-xsm 11 migrate-support-check fail never pass
test-amd64-amd64-libvirt-qemuu-debianhvm-amd64-xsm 11 migrate-support-check fail never pass
test-amd64-amd64-libvirt-vhd 12 migrate-support-check fail never pass
test-amd64-amd64-qemuu-nested-amd 17 debian-hvm-install/l1/l2 fail never pass
test-amd64-i386-xl-qemuu-ws16-amd64 13 guest-saverestore fail never pass
test-amd64-i386-xl-qemut-win10-i386 17 guest-stop fail never pass
test-amd64-i386-xl-qemut-ws16-amd64 13 guest-saverestore fail never pass
version targeted for testing:
linux 0e13335254d5d54933969dba1d7625f55e657f52
baseline version:
linux 60a8261b1257b6ef226f572b34cffc7b5cb359c7
Last test of basis 72117 2017-09-16 19:48:56 Z 12 days
Testing same since 72168 2017-09-28 14:17:51 Z 0 days 1 attempts
------------------------------------------------------------
People who touched revisions under test:
Aleksandr Bezzubikov <zuban32s@gmail.com>
Arnd Bergmann <arnd@arndb.de>
Baohong Liu <baohong.liu@intel.com>
Bart Van Assche <bart.vanassche@wdc.com>
Benjamin Block <bblock@linux.vnet.ibm.com>
Bjorn Helgaas <bhelgaas@google.com>
Coly Li <colyli@suse.de>
Dan Carpenter <dan.carpenter@oracle.com>
Daniel Mentz <danielmentz@google.com>
David S. Miller <davem@davemloft.net>
Dmitry Torokhov <dmitry.torokhov@gmail.com>
Douglas Gilbert <dgilbert@interlog.com>
Eric Dumazet <edumazet@google.com>
Florian Fainelli <f.fainelli@gmail.com>
Greg Kroah-Hartman <gregkh@linuxfoundation.org>
Guenter Roeck <linux@roeck-us.net>
Hannes Reinecke <hare@suse.com>
Hannes Reinecke <hare@suse.de>
Hans Verkuil <hans.verkuil@cisco.com>
Herbert Xu <herbert@gondor.apana.org.au>
Jaegeuk Kim <jaegeuk@kernel.org>
Jan Kara <jack@suse.cz>
Jens Axboe <axboe@kernel.dk>
Johannes Thumshirn <jthumshirn@suse.de>
Jose Abreu <joabreu@synopsys.com>
Jose Abreu <Jose.Abreu@synopsys.com>
Kai-Heng Feng <kai.heng.feng@canonical.com>
Kent Overstreet <kent.overstreet@gmail.com>
Martin K. Petersen <martin.petersen@oracle.com>
Mauro Carvalho Chehab <mchehab@s-opensource.com>
Michael Ellerman <mpe@ellerman.id.au>
Michael Lyle <mlyle@lyle.org>
Michael S. Tsirkin <mst@redhat.com>
Neal Cardwell <ncardwell@google.com>
NeilBrown <neilb@suse.com>
Sabrina Dubroca <sd@queasysnail.net>
Shaohua Li <shli@fb.com>
Stefano Brivio <sbrivio@redhat.com>
Steffen Maier <maier@linux.vnet.ibm.com>
Stephan Mueller <smueller@chronox.de>
Steven Rostedt (VMware) <rostedt@goodmis.org>
Tang Junhui <tang.junhui@zte.com.cn>
Theodore Ts'o <tytso@mit.edu>
Tony Asleson <tasleson@redhat.com>
Vineet Gupta <vgupta@synopsys.com>
Wei Wang <weiwan@google.com>
Yuchung Cheng <ycheng@google.com>
zhangyi (F) <yi.zhang@huawei.com>
jobs:
build-amd64-xsm pass
build-arm64-xsm broken
build-armhf-xsm pass
build-i386-xsm pass
build-amd64 pass
build-arm64 broken
build-armhf pass
build-i386 pass
build-amd64-libvirt pass
build-arm64-libvirt blocked
build-armhf-libvirt pass
build-i386-libvirt pass
build-amd64-pvops pass
build-arm64-pvops broken
build-armhf-pvops pass
build-i386-pvops pass
build-amd64-rumprun pass
build-i386-rumprun pass
test-amd64-amd64-xl pass
test-arm64-arm64-xl blocked
test-armhf-armhf-xl fail
test-amd64-i386-xl pass
test-amd64-amd64-xl-qemut-debianhvm-amd64-xsm pass
test-amd64-i386-xl-qemut-debianhvm-amd64-xsm pass
test-amd64-amd64-libvirt-qemuu-debianhvm-amd64-xsm pass
test-amd64-i386-libvirt-qemuu-debianhvm-amd64-xsm pass
test-amd64-amd64-xl-qemuu-debianhvm-amd64-xsm pass
test-amd64-i386-xl-qemuu-debianhvm-amd64-xsm pass
test-amd64-amd64-xl-qemut-stubdom-debianhvm-amd64-xsm pass
test-amd64-i386-xl-qemut-stubdom-debianhvm-amd64-xsm pass
test-amd64-amd64-libvirt-xsm pass
test-arm64-arm64-libvirt-xsm blocked
test-armhf-armhf-libvirt-xsm fail
test-amd64-i386-libvirt-xsm pass
test-amd64-amd64-xl-xsm pass
test-arm64-arm64-xl-xsm blocked
test-armhf-armhf-xl-xsm fail
test-amd64-i386-xl-xsm pass
test-amd64-amd64-qemuu-nested-amd fail
test-amd64-amd64-xl-pvh-amd pass
test-amd64-i386-qemut-rhel6hvm-amd pass
test-amd64-i386-qemuu-rhel6hvm-amd pass
test-amd64-amd64-xl-qemut-debianhvm-amd64 pass
test-amd64-i386-xl-qemut-debianhvm-amd64 pass
test-amd64-amd64-xl-qemuu-debianhvm-amd64 pass
test-amd64-i386-xl-qemuu-debianhvm-amd64 pass
test-amd64-i386-freebsd10-amd64 pass
test-amd64-amd64-xl-qemuu-ovmf-amd64 pass
test-amd64-i386-xl-qemuu-ovmf-amd64 pass
test-amd64-amd64-rumprun-amd64 pass
test-amd64-amd64-xl-qemut-win7-amd64 fail
test-amd64-i386-xl-qemut-win7-amd64 fail
test-amd64-amd64-xl-qemuu-win7-amd64 pass
test-amd64-i386-xl-qemuu-win7-amd64 fail
test-amd64-amd64-xl-qemut-ws16-amd64 fail
test-amd64-i386-xl-qemut-ws16-amd64 fail
test-amd64-amd64-xl-qemuu-ws16-amd64 fail
test-amd64-i386-xl-qemuu-ws16-amd64 fail
test-amd64-amd64-xl-credit2 pass
test-arm64-arm64-xl-credit2 blocked
test-armhf-armhf-xl-credit2 fail
test-amd64-amd64-examine pass
test-arm64-arm64-examine blocked
test-armhf-armhf-examine fail
test-amd64-i386-examine pass
test-amd64-i386-freebsd10-i386 pass
test-amd64-i386-rumprun-i386 pass
test-amd64-amd64-xl-qemut-win10-i386 fail
test-amd64-i386-xl-qemut-win10-i386 fail
test-amd64-amd64-xl-qemuu-win10-i386 fail
test-amd64-i386-xl-qemuu-win10-i386 fail
test-amd64-amd64-qemuu-nested-intel fail
test-amd64-amd64-xl-pvh-intel pass
test-amd64-i386-qemut-rhel6hvm-intel pass
test-amd64-i386-qemuu-rhel6hvm-intel pass
test-amd64-amd64-libvirt pass
test-armhf-armhf-libvirt fail
test-amd64-i386-libvirt pass
test-armhf-armhf-xl-midway fail
test-amd64-amd64-xl-multivcpu pass
test-armhf-armhf-xl-multivcpu fail
test-amd64-amd64-pair pass
test-amd64-i386-pair pass
test-amd64-amd64-libvirt-pair pass
test-amd64-i386-libvirt-pair pass
test-amd64-amd64-amd64-pvgrub pass
test-amd64-amd64-i386-pvgrub pass
test-amd64-amd64-pygrub pass
test-amd64-amd64-xl-qcow2 pass
test-armhf-armhf-libvirt-raw fail
test-amd64-i386-xl-raw pass
test-amd64-amd64-xl-rtds pass
test-armhf-armhf-xl-rtds fail
test-amd64-amd64-libvirt-vhd pass
test-armhf-armhf-xl-vhd fail
------------------------------------------------------------
sg-report-flight on osstest.xs.citrite.net
logs: /home/osstest/logs
images: /home/osstest/images
Logs, config files, etc. are available at
http://osstest.xs.citrite.net/~osstest/testlogs/logs
Test harness code can be found at
http://xenbits.xensource.com/gitweb?p=osstest.git;a=summary
broken-step build-arm64 hosts-allocate
broken-step build-arm64-pvops hosts-allocate
broken-step build-arm64-xsm hosts-allocate
broken-step build-arm64 capture-logs
broken-step build-arm64-pvops capture-logs
broken-step build-arm64-xsm capture-logs
Push not applicable.
(No revision log; it would be 1545 lines long.)
_______________________________________________
Xen-devel mailing list
Xen-devel@lists.xen.org
https://lists.xen.org/xen-devel
^ permalink raw reply [flat|nested] only message in thread
only message in thread, other threads:[~2017-09-28 20:50 UTC | newest]
Thread overview: (only message) (download: mbox.gz follow: Atom feed
-- links below jump to the message on this page --
2017-09-28 20:50 [linux-3.18 baseline-only test] 72168: tolerable trouble: blocked/broken/fail/pass Platform Team regression test user
This is a public inbox, see mirroring instructions
for how to clone and mirror all data and code used for this inbox;
as well as URLs for NNTP newsgroup(s).