From: Platform Team regression test user <citrix-osstest@xenproject.org>
To: xen-devel@lists.xensource.com, osstest-admin@xenproject.org
Subject: [xen-4.6-testing baseline-only test] 72214: regressions - FAIL
Date: Sun, 8 Oct 2017 18:08:06 +0100 [thread overview]
Message-ID: <osstest-72214-mainreport@xen.org> (raw)
This run is configured for baseline tests only.
flight 72214 xen-4.6-testing real [real]
http://osstest.xs.citrite.net/~osstest/testlogs/logs/72214/
Regressions :-(
Tests which did not succeed and are blocking,
including tests which could not be run:
test-xtf-amd64-amd64-4 21 xtf/test-hvm32-invlpg~shadow fail REGR. vs. 72104
test-xtf-amd64-amd64-4 35 xtf/test-hvm32pae-invlpg~shadow fail REGR. vs. 72104
test-xtf-amd64-amd64-4 47 xtf/test-hvm64-invlpg~shadow fail REGR. vs. 72104
test-armhf-armhf-libvirt 16 guest-start/debian.repeat fail REGR. vs. 72104
test-amd64-i386-xl-qemut-debianhvm-amd64 16 guest-localmigrate/x10 fail REGR. vs. 72104
test-amd64-i386-xl-qemut-stubdom-debianhvm-amd64-xsm 15 guest-saverestore.2 fail REGR. vs. 72104
Tests which did not succeed, but are not blocking:
test-armhf-armhf-libvirt-xsm 14 saverestore-support-check fail like 72104
test-armhf-armhf-libvirt 14 saverestore-support-check fail like 72104
test-armhf-armhf-libvirt-raw 13 saverestore-support-check fail like 72104
test-amd64-amd64-qemuu-nested-intel 14 xen-boot/l1 fail like 72104
test-amd64-i386-xl-qemut-win7-amd64 17 guest-stop fail like 72104
test-amd64-amd64-xl-qemuu-win7-amd64 17 guest-stop fail like 72104
test-amd64-i386-xl-qemuu-win7-amd64 17 guest-stop fail like 72104
test-amd64-amd64-xl-qemut-win7-amd64 17 guest-stop fail like 72104
test-amd64-i386-xl-qemut-win10-i386 10 windows-install fail never pass
test-amd64-amd64-xl-qemut-win10-i386 10 windows-install fail never pass
test-xtf-amd64-amd64-1 72 xtf/test-pv32pae-xsa-194 fail never pass
test-xtf-amd64-amd64-2 72 xtf/test-pv32pae-xsa-194 fail never pass
test-amd64-amd64-xl-qemuu-ws16-amd64 10 windows-install fail never pass
test-amd64-i386-libvirt-xsm 13 migrate-support-check fail never pass
test-amd64-amd64-xl-qemut-ws16-amd64 10 windows-install fail never pass
test-xtf-amd64-amd64-3 72 xtf/test-pv32pae-xsa-194 fail never pass
test-xtf-amd64-amd64-5 72 xtf/test-pv32pae-xsa-194 fail never pass
test-armhf-armhf-xl-credit2 13 migrate-support-check fail never pass
test-armhf-armhf-xl-credit2 14 saverestore-support-check fail never pass
test-xtf-amd64-amd64-4 72 xtf/test-pv32pae-xsa-194 fail never pass
test-armhf-armhf-xl-midway 13 migrate-support-check fail never pass
test-armhf-armhf-xl-midway 14 saverestore-support-check fail never pass
test-armhf-armhf-libvirt-xsm 13 migrate-support-check fail never pass
test-armhf-armhf-xl 13 migrate-support-check fail never pass
test-armhf-armhf-xl 14 saverestore-support-check fail never pass
test-armhf-armhf-xl-multivcpu 13 migrate-support-check fail never pass
test-armhf-armhf-xl-multivcpu 14 saverestore-support-check fail never pass
test-armhf-armhf-xl-xsm 13 migrate-support-check fail never pass
test-armhf-armhf-xl-xsm 14 saverestore-support-check fail never pass
test-armhf-armhf-libvirt 13 migrate-support-check fail never pass
test-amd64-amd64-xl-pvh-intel 15 guest-saverestore fail never pass
test-amd64-i386-libvirt 13 migrate-support-check fail never pass
test-amd64-amd64-libvirt 13 migrate-support-check fail never pass
test-amd64-amd64-xl-pvh-amd 12 guest-start fail never pass
test-amd64-amd64-libvirt-xsm 13 migrate-support-check fail never pass
test-armhf-armhf-xl-rtds 13 migrate-support-check fail never pass
test-armhf-armhf-xl-rtds 14 saverestore-support-check fail never pass
test-armhf-armhf-libvirt-raw 12 migrate-support-check fail never pass
test-amd64-i386-libvirt-qemuu-debianhvm-amd64-xsm 11 migrate-support-check fail never pass
test-amd64-amd64-libvirt-qemuu-debianhvm-amd64-xsm 11 migrate-support-check fail never pass
test-armhf-armhf-xl-vhd 12 migrate-support-check fail never pass
test-armhf-armhf-xl-vhd 13 saverestore-support-check fail never pass
test-amd64-amd64-qemuu-nested-amd 17 debian-hvm-install/l1/l2 fail never pass
test-amd64-i386-xl-qemut-ws16-amd64 13 guest-saverestore fail never pass
test-amd64-i386-xl-qemuu-ws16-amd64 13 guest-saverestore fail never pass
test-amd64-amd64-xl-qemuu-win10-i386 17 guest-stop fail never pass
test-amd64-amd64-libvirt-vhd 12 migrate-support-check fail never pass
test-amd64-i386-xl-qemuu-win10-i386 17 guest-stop fail never pass
version targeted for testing:
xen 78fd0c3765cf89befb2338ac342a0c8a3e29ba3d
baseline version:
xen 1658a87690ac839e85db12bbf409be62bb938640
Last test of basis 72104 2017-09-14 06:22:53 Z 24 days
Testing same since 72214 2017-10-08 08:46:26 Z 0 days 1 attempts
------------------------------------------------------------
People who touched revisions under test:
Boris Ostrovsky <boris.ostrovsky@oracle.com>
Julien Grall <julien.grall@arm.com>
Stefano Stabellini <sstabellini@kernel.org>
jobs:
build-amd64-xsm pass
build-armhf-xsm pass
build-i386-xsm pass
build-amd64-xtf pass
build-amd64 pass
build-armhf pass
build-i386 pass
build-amd64-libvirt pass
build-armhf-libvirt pass
build-i386-libvirt pass
build-amd64-prev pass
build-i386-prev pass
build-amd64-pvops pass
build-armhf-pvops pass
build-i386-pvops pass
build-amd64-rumprun pass
build-i386-rumprun pass
test-xtf-amd64-amd64-1 pass
test-xtf-amd64-amd64-2 pass
test-xtf-amd64-amd64-3 pass
test-xtf-amd64-amd64-4 pass
test-xtf-amd64-amd64-5 pass
test-amd64-amd64-xl pass
test-armhf-armhf-xl pass
test-amd64-i386-xl pass
test-amd64-amd64-xl-qemut-debianhvm-amd64-xsm pass
test-amd64-i386-xl-qemut-debianhvm-amd64-xsm pass
test-amd64-amd64-libvirt-qemuu-debianhvm-amd64-xsm pass
test-amd64-i386-libvirt-qemuu-debianhvm-amd64-xsm pass
test-amd64-amd64-xl-qemuu-debianhvm-amd64-xsm pass
test-amd64-i386-xl-qemuu-debianhvm-amd64-xsm pass
test-amd64-amd64-xl-qemut-stubdom-debianhvm-amd64-xsm pass
test-amd64-i386-xl-qemut-stubdom-debianhvm-amd64-xsm fail
test-amd64-amd64-libvirt-xsm pass
test-armhf-armhf-libvirt-xsm pass
test-amd64-i386-libvirt-xsm pass
test-amd64-amd64-xl-xsm pass
test-armhf-armhf-xl-xsm pass
test-amd64-i386-xl-xsm pass
test-amd64-amd64-qemuu-nested-amd fail
test-amd64-amd64-xl-pvh-amd fail
test-amd64-i386-qemut-rhel6hvm-amd pass
test-amd64-i386-qemuu-rhel6hvm-amd pass
test-amd64-amd64-xl-qemut-debianhvm-amd64 pass
test-amd64-i386-xl-qemut-debianhvm-amd64 fail
test-amd64-amd64-xl-qemuu-debianhvm-amd64 pass
test-amd64-i386-xl-qemuu-debianhvm-amd64 pass
test-amd64-i386-freebsd10-amd64 pass
test-amd64-amd64-xl-qemuu-ovmf-amd64 pass
test-amd64-i386-xl-qemuu-ovmf-amd64 pass
test-amd64-amd64-rumprun-amd64 pass
test-amd64-amd64-xl-qemut-win7-amd64 fail
test-amd64-i386-xl-qemut-win7-amd64 fail
test-amd64-amd64-xl-qemuu-win7-amd64 fail
test-amd64-i386-xl-qemuu-win7-amd64 fail
test-amd64-amd64-xl-qemut-ws16-amd64 fail
test-amd64-i386-xl-qemut-ws16-amd64 fail
test-amd64-amd64-xl-qemuu-ws16-amd64 fail
test-amd64-i386-xl-qemuu-ws16-amd64 fail
test-amd64-amd64-xl-credit2 pass
test-armhf-armhf-xl-credit2 pass
test-amd64-i386-freebsd10-i386 pass
test-amd64-i386-rumprun-i386 pass
test-amd64-amd64-xl-qemut-win10-i386 fail
test-amd64-i386-xl-qemut-win10-i386 fail
test-amd64-amd64-xl-qemuu-win10-i386 fail
test-amd64-i386-xl-qemuu-win10-i386 fail
test-amd64-amd64-qemuu-nested-intel fail
test-amd64-amd64-xl-pvh-intel fail
test-amd64-i386-qemut-rhel6hvm-intel pass
test-amd64-i386-qemuu-rhel6hvm-intel pass
test-amd64-amd64-libvirt pass
test-armhf-armhf-libvirt fail
test-amd64-i386-libvirt pass
test-armhf-armhf-xl-midway pass
test-amd64-amd64-migrupgrade pass
test-amd64-i386-migrupgrade pass
test-amd64-amd64-xl-multivcpu pass
test-armhf-armhf-xl-multivcpu pass
test-amd64-amd64-pair pass
test-amd64-i386-pair pass
test-amd64-amd64-libvirt-pair pass
test-amd64-i386-libvirt-pair pass
test-amd64-amd64-amd64-pvgrub pass
test-amd64-amd64-i386-pvgrub pass
test-amd64-amd64-pygrub pass
test-amd64-amd64-xl-qcow2 pass
test-armhf-armhf-libvirt-raw pass
test-amd64-i386-xl-raw pass
test-amd64-amd64-xl-rtds pass
test-armhf-armhf-xl-rtds pass
test-amd64-amd64-libvirt-vhd pass
test-armhf-armhf-xl-vhd pass
------------------------------------------------------------
sg-report-flight on osstest.xs.citrite.net
logs: /home/osstest/logs
images: /home/osstest/images
Logs, config files, etc. are available at
http://osstest.xs.citrite.net/~osstest/testlogs/logs
Test harness code can be found at
http://xenbits.xensource.com/gitweb?p=osstest.git;a=summary
Push not applicable.
------------------------------------------------------------
commit 78fd0c3765cf89befb2338ac342a0c8a3e29ba3d
Author: Julien Grall <julien.grall@arm.com>
Date: Fri Oct 6 15:20:29 2017 +0200
xen/arm: Correctly report the memory region in the dummy NUMA helpers
NUMA is currently not supported on Arm. Because common code is
NUMA-aware, dummy helpers are instead provided to expose a single node.
Those helpers are for instance used to know the region to scrub.
However the memory region is not reported correctly. Indeed, the
frametable may not be at the beginning of the memory and there might be
multiple memory banks. This will lead to not scrub some part of the
memory.
The memory information can be found using:
* first_valid_mfn as the start of the memory
* max_page - first_valid_mfn as the spanned pages
Note that first_valid_mfn is now been exported. The prototype has been
added in asm-arm/numa.h and not in a common header because I would
expect the variable to become static once NUMA is fully supported on
Arm.
This is XSA-245.
Signed-off-by: Julien Grall <julien.grall@arm.com>
Signed-off-by: Stefano Stabellini <sstabellini@kernel.org>
Reviewed-by: Stefano Stabellini <sstabellini@kernel.org>
Reported-and-Tested-by: Konrad Rzeszutek Wilk <konrad.wilk@oracle.com>
master commit: 5414ba7f5e1ffc88ed2758b1e1b14bbfd3536a61
master date: 2017-09-29 13:23:11 -0700
commit 9079e0d98e148d243f6d3ef4fcb80fd6033ba645
Author: Julien Grall <julien.grall@arm.com>
Date: Fri Oct 6 15:19:33 2017 +0200
xen/page_alloc: Cover memory unreserved after boot in first_valid_mfn
On Arm, some regions (e.g Initramfs, Dom0 Kernel...) are marked as
reserved until the hardware domain is built and they are copied into its
memory. Therefore, they will not be added in the boot allocator via
init_boot_pages.
Instead, init_xenheap_pages will be called once the region are not used
anymore.
Update first_valid_mfn in both init_heap_pages and init_boot_pages
(already exist) to cover all the cases.
This is XSA-245.
Signed-off-by: Julien Grall <julien.grall@arm.com>
[Adjust comment, added locking around first_valid_mfn update]
Signed-off-by: Boris Ostrovsky <boris.ostrovsky@oracle.com>
Acked-by: Stefano Stabellini <sstabellini@kernel.org>
Reported-and-Tested-by: Konrad Rzeszutek Wilk <konrad.wilk@oracle.com>
master commit: ec6d9023e1f54cdccbf2e4c63cf947f1be2b1e8e
master date: 2017-09-29 13:22:52 -0700
(qemu changes not included)
_______________________________________________
Xen-devel mailing list
Xen-devel@lists.xen.org
https://lists.xen.org/xen-devel
reply other threads:[~2017-10-08 17:08 UTC|newest]
Thread overview: [no followups] expand[flat|nested] mbox.gz Atom feed
Reply instructions:
You may reply publicly to this message via plain-text email
using any one of the following methods:
* Save the following mbox file, import it into your mail client,
and reply-to-all from there: mbox
Avoid top-posting and favor interleaved quoting:
https://en.wikipedia.org/wiki/Posting_style#Interleaved_style
* Reply using the --to, --cc, and --in-reply-to
switches of git-send-email(1):
git send-email \
--in-reply-to=osstest-72214-mainreport@xen.org \
--to=citrix-osstest@xenproject.org \
--cc=osstest-admin@xenproject.org \
--cc=xen-devel@lists.xensource.com \
/path/to/YOUR_REPLY
https://kernel.org/pub/software/scm/git/docs/git-send-email.html
* If your mail client supports setting the In-Reply-To header
via mailto: links, try the mailto: link
Be sure your reply has a Subject: header at the top and a blank line
before the message body.
This is a public inbox, see mirroring instructions
for how to clone and mirror all data and code used for this inbox;
as well as URLs for NNTP newsgroup(s).