* [seabios baseline-only test] 72216: regressions - FAIL
@ 2017-10-08 20:33 Platform Team regression test user
0 siblings, 0 replies; only message in thread
From: Platform Team regression test user @ 2017-10-08 20:33 UTC (permalink / raw)
To: xen-devel, osstest-admin
This run is configured for baseline tests only.
flight 72216 seabios real [real]
http://osstest.xs.citrite.net/~osstest/testlogs/logs/72216/
Regressions :-(
Tests which did not succeed and are blocking,
including tests which could not be run:
test-amd64-amd64-qemuu-nested-intel 7 xen-boot fail REGR. vs. 72169
test-amd64-i386-xl-qemuu-win10-i386 10 windows-install fail REGR. vs. 72169
test-amd64-amd64-xl-qemuu-win10-i386 10 windows-install fail REGR. vs. 72169
Tests which did not succeed, but are not blocking:
test-amd64-i386-xl-qemuu-win7-amd64 17 guest-stop fail like 72169
test-amd64-amd64-xl-qemuu-win7-amd64 17 guest-stop fail like 72169
test-amd64-i386-xl-qemuu-ws16-amd64 10 windows-install fail never pass
test-amd64-amd64-xl-qemuu-ws16-amd64 10 windows-install fail never pass
test-amd64-i386-libvirt-qemuu-debianhvm-amd64-xsm 11 migrate-support-check fail never pass
test-amd64-amd64-libvirt-qemuu-debianhvm-amd64-xsm 11 migrate-support-check fail never pass
test-amd64-amd64-qemuu-nested-amd 17 debian-hvm-install/l1/l2 fail never pass
version targeted for testing:
seabios f703604b30958312e64a5b7fc74c606a2ececc15
baseline version:
seabios f3d2a156448f006e5d83eb60cb1da2dea6c997bf
Last test of basis 72169 2017-09-28 14:51:18 Z 10 days
Testing same since 72216 2017-10-08 13:20:20 Z 0 days 1 attempts
------------------------------------------------------------
People who touched revisions under test:
Julian Stecklina <jsteckli@amazon.de>
Kevin O'Connor <kevin@koconnor.net>
jobs:
build-amd64-xsm pass
build-i386-xsm pass
build-amd64 pass
build-i386 pass
build-amd64-libvirt pass
build-i386-libvirt pass
build-amd64-pvops pass
build-i386-pvops pass
test-amd64-amd64-libvirt-qemuu-debianhvm-amd64-xsm pass
test-amd64-i386-libvirt-qemuu-debianhvm-amd64-xsm pass
test-amd64-amd64-xl-qemuu-debianhvm-amd64-xsm pass
test-amd64-i386-xl-qemuu-debianhvm-amd64-xsm pass
test-amd64-amd64-qemuu-nested-amd fail
test-amd64-i386-qemuu-rhel6hvm-amd pass
test-amd64-amd64-xl-qemuu-debianhvm-amd64 pass
test-amd64-i386-xl-qemuu-debianhvm-amd64 pass
test-amd64-amd64-xl-qemuu-win7-amd64 fail
test-amd64-i386-xl-qemuu-win7-amd64 fail
test-amd64-amd64-xl-qemuu-ws16-amd64 fail
test-amd64-i386-xl-qemuu-ws16-amd64 fail
test-amd64-amd64-xl-qemuu-win10-i386 fail
test-amd64-i386-xl-qemuu-win10-i386 fail
test-amd64-amd64-qemuu-nested-intel fail
test-amd64-i386-qemuu-rhel6hvm-intel pass
------------------------------------------------------------
sg-report-flight on osstest.xs.citrite.net
logs: /home/osstest/logs
images: /home/osstest/images
Logs, config files, etc. are available at
http://osstest.xs.citrite.net/~osstest/testlogs/logs
Test harness code can be found at
http://xenbits.xensource.com/gitweb?p=osstest.git;a=summary
Push not applicable.
------------------------------------------------------------
commit f703604b30958312e64a5b7fc74c606a2ececc15
Author: Julian Stecklina <jsteckli@amazon.de>
Date: Tue Oct 3 15:47:17 2017 +0200
nvme: fix out of memory behavior
If the allocation of I/O queues ran out of memory, the code would fail to detect
that and happily use these queues at address zero. For me this happens for
systems with more than 7 NVMe controllers.
Fix the out of memory handling to gracefully handle this case.
Signed-off-by: Julian Stecklina <jsteckli@amazon.de>
commit 4b48839999c696b732ee6b2a03b18a47d9d324c2
Author: Kevin O'Connor <kevin@koconnor.net>
Date: Tue Oct 3 10:45:24 2017 -0400
xhci: Build TRBs directly in xhci_trb_queue()
Use the logic for building a 'struct xhci_trb' that was in
xhci_xfer_queue() up so that command and ring TRBs can also use that
functionality. This eliminates the need to manually generate the
xhci_trb struct from those code paths.
Signed-off-by: Kevin O'Connor <kevin@koconnor.net>
_______________________________________________
Xen-devel mailing list
Xen-devel@lists.xen.org
https://lists.xen.org/xen-devel
^ permalink raw reply [flat|nested] only message in thread
only message in thread, other threads:[~2017-10-08 20:33 UTC | newest]
Thread overview: (only message) (download: mbox.gz follow: Atom feed
-- links below jump to the message on this page --
2017-10-08 20:33 [seabios baseline-only test] 72216: regressions - FAIL Platform Team regression test user
This is a public inbox, see mirroring instructions
for how to clone and mirror all data and code used for this inbox;
as well as URLs for NNTP newsgroup(s).