From: Platform Team regression test user <citrix-osstest@xenproject.org>
To: xen-devel@lists.xensource.com, osstest-admin@xenproject.org
Subject: [ovmf baseline-only test] 72221: regressions - FAIL
Date: Mon, 9 Oct 2017 16:44:38 +0100 [thread overview]
Message-ID: <osstest-72221-mainreport@xen.org> (raw)
This run is configured for baseline tests only.
flight 72221 ovmf real [real]
http://osstest.xs.citrite.net/~osstest/testlogs/logs/72221/
Regressions :-(
Tests which did not succeed and are blocking,
including tests which could not be run:
test-amd64-i386-xl-qemuu-ovmf-amd64 15 guest-saverestore.2 fail REGR. vs. 72215
version targeted for testing:
ovmf 728d74973c9262b6c7b7ef4be213223d55affec3
baseline version:
ovmf f8f0e454e1f9e0be354cfab2b70d4faa14982f6f
Last test of basis 72215 2017-10-08 09:51:00 Z 1 days
Testing same since 72221 2017-10-09 14:17:32 Z 0 days 1 attempts
------------------------------------------------------------
People who touched revisions under test:
Laszlo Ersek <lersek@redhat.com>
Ruiyu Ni <ruiyu.ni@intel.com>
jobs:
build-amd64-xsm pass
build-i386-xsm pass
build-amd64 pass
build-i386 pass
build-amd64-libvirt pass
build-i386-libvirt pass
build-amd64-pvops pass
build-i386-pvops pass
test-amd64-amd64-xl-qemuu-ovmf-amd64 pass
test-amd64-i386-xl-qemuu-ovmf-amd64 fail
------------------------------------------------------------
sg-report-flight on osstest.xs.citrite.net
logs: /home/osstest/logs
images: /home/osstest/images
Logs, config files, etc. are available at
http://osstest.xs.citrite.net/~osstest/testlogs/logs
Test harness code can be found at
http://xenbits.xensource.com/gitweb?p=osstest.git;a=summary
Push not applicable.
------------------------------------------------------------
commit 728d74973c9262b6c7b7ef4be213223d55affec3
Author: Ruiyu Ni <ruiyu.ni@intel.com>
Date: Sat Sep 30 13:10:08 2017 +0800
MdeModulePkg/PciBus: Count multiple hotplug resource paddings
REF: https://bugzilla.tianocore.org/show_bug.cgi?id=720
The current implementation assumes there is only one hotplug resource
padding for each resource type. It's not true considering
DegradeResource(): MEM64 resource could be degraded to MEM32
resource.
The patch treat the resource paddings using the same logic as
treating typical/actual resources and the total resource of a bridge
is set to the MAX of typical/actual resources and resource paddings.
Contributed-under: TianoCore Contribution Agreement 1.1
Signed-off-by: Ruiyu Ni <ruiyu.ni@intel.com>
Tested-by: Laszlo Ersek <lersek@redhat.com>
Reviewed-by: Star Zeng <star.zeng@intel.com>
_______________________________________________
Xen-devel mailing list
Xen-devel@lists.xen.org
https://lists.xen.org/xen-devel
reply other threads:[~2017-10-09 15:44 UTC|newest]
Thread overview: [no followups] expand[flat|nested] mbox.gz Atom feed
Reply instructions:
You may reply publicly to this message via plain-text email
using any one of the following methods:
* Save the following mbox file, import it into your mail client,
and reply-to-all from there: mbox
Avoid top-posting and favor interleaved quoting:
https://en.wikipedia.org/wiki/Posting_style#Interleaved_style
* Reply using the --to, --cc, and --in-reply-to
switches of git-send-email(1):
git send-email \
--in-reply-to=osstest-72221-mainreport@xen.org \
--to=citrix-osstest@xenproject.org \
--cc=osstest-admin@xenproject.org \
--cc=xen-devel@lists.xensource.com \
/path/to/YOUR_REPLY
https://kernel.org/pub/software/scm/git/docs/git-send-email.html
* If your mail client supports setting the In-Reply-To header
via mailto: links, try the mailto: link
Be sure your reply has a Subject: header at the top and a blank line
before the message body.
This is a public inbox, see mirroring instructions
for how to clone and mirror all data and code used for this inbox;
as well as URLs for NNTP newsgroup(s).