xen-devel.lists.xenproject.org archive mirror
 help / color / mirror / Atom feed
* [linux-3.18 baseline-only test] 72235: regressions - trouble: blocked/broken/fail/pass
@ 2017-10-14 20:48 Platform Team regression test user
  0 siblings, 0 replies; only message in thread
From: Platform Team regression test user @ 2017-10-14 20:48 UTC (permalink / raw)
  To: xen-devel, osstest-admin

[-- Attachment #1: Type: text/plain, Size: 16135 bytes --]

This run is configured for baseline tests only.

flight 72235 linux-3.18 real [real]
http://osstest.xs.citrite.net/~osstest/testlogs/logs/72235/

Regressions :-(

Tests which did not succeed and are blocking,
including tests which could not be run:
 test-armhf-armhf-examine     10 examine-serial/bootloader fail REGR. vs. 72205
 test-armhf-armhf-examine     11 examine-serial/kernel     fail REGR. vs. 72205

Regressions which are regarded as allowable (not blocking):
 test-amd64-amd64-xl-qemuu-win7-amd64 17 guest-stop        fail REGR. vs. 72205

Tests which did not succeed, but are not blocking:
 test-arm64-arm64-libvirt-xsm  1 build-check(1)               blocked  n/a
 test-arm64-arm64-xl           1 build-check(1)               blocked  n/a
 build-arm64-libvirt           1 build-check(1)               blocked  n/a
 test-arm64-arm64-examine      1 build-check(1)               blocked  n/a
 test-arm64-arm64-xl-credit2   1 build-check(1)               blocked  n/a
 test-arm64-arm64-xl-xsm       1 build-check(1)               blocked  n/a
 build-arm64                   2 hosts-allocate               broken never pass
 build-arm64-pvops             2 hosts-allocate               broken never pass
 build-arm64-xsm               2 hosts-allocate               broken never pass
 build-arm64-xsm               3 capture-logs                 broken never pass
 build-arm64                   3 capture-logs                 broken never pass
 build-arm64-pvops             3 capture-logs                 broken never pass
 test-amd64-amd64-xl-qemuu-win10-i386 10 windows-install        fail like 72205
 test-armhf-armhf-libvirt-xsm 14 saverestore-support-check    fail   like 72205
 test-armhf-armhf-libvirt     14 saverestore-support-check    fail   like 72205
 test-armhf-armhf-libvirt-raw 13 saverestore-support-check    fail   like 72205
 test-amd64-amd64-qemuu-nested-intel 17 debian-hvm-install/l1/l2 fail like 72205
 test-amd64-i386-xl-qemuu-win7-amd64 17 guest-stop              fail like 72205
 test-amd64-i386-xl-qemut-win7-amd64 17 guest-stop              fail like 72205
 test-amd64-amd64-xl-qemut-win7-amd64 17 guest-stop             fail like 72205
 test-amd64-i386-xl-qemuu-win10-i386 10 windows-install         fail never pass
 test-amd64-amd64-xl-qemut-win10-i386 10 windows-install        fail never pass
 test-amd64-i386-libvirt-xsm  13 migrate-support-check        fail   never pass
 test-amd64-amd64-libvirt     13 migrate-support-check        fail   never pass
 test-armhf-armhf-xl-credit2  13 migrate-support-check        fail   never pass
 test-armhf-armhf-xl-credit2  14 saverestore-support-check    fail   never pass
 test-armhf-armhf-xl          13 migrate-support-check        fail   never pass
 test-armhf-armhf-xl          14 saverestore-support-check    fail   never pass
 test-armhf-armhf-xl-xsm      13 migrate-support-check        fail   never pass
 test-armhf-armhf-xl-xsm      14 saverestore-support-check    fail   never pass
 test-armhf-armhf-libvirt-xsm 13 migrate-support-check        fail   never pass
 test-amd64-i386-libvirt      13 migrate-support-check        fail   never pass
 test-armhf-armhf-xl-multivcpu 13 migrate-support-check        fail  never pass
 test-armhf-armhf-xl-multivcpu 14 saverestore-support-check    fail  never pass
 test-armhf-armhf-xl-midway   13 migrate-support-check        fail   never pass
 test-armhf-armhf-libvirt     13 migrate-support-check        fail   never pass
 test-armhf-armhf-xl-midway   14 saverestore-support-check    fail   never pass
 test-amd64-amd64-xl-qemuu-ws16-amd64 10 windows-install        fail never pass
 test-amd64-amd64-xl-qemut-ws16-amd64 10 windows-install        fail never pass
 test-armhf-armhf-xl-rtds     13 migrate-support-check        fail   never pass
 test-armhf-armhf-xl-rtds     14 saverestore-support-check    fail   never pass
 test-amd64-amd64-libvirt-xsm 13 migrate-support-check        fail   never pass
 test-amd64-amd64-libvirt-qemuu-debianhvm-amd64-xsm 11 migrate-support-check fail never pass
 test-armhf-armhf-libvirt-raw 12 migrate-support-check        fail   never pass
 test-amd64-i386-libvirt-qemuu-debianhvm-amd64-xsm 11 migrate-support-check fail never pass
 test-armhf-armhf-xl-vhd      12 migrate-support-check        fail   never pass
 test-armhf-armhf-xl-vhd      13 saverestore-support-check    fail   never pass
 test-amd64-amd64-libvirt-vhd 12 migrate-support-check        fail   never pass
 test-amd64-amd64-qemuu-nested-amd 17 debian-hvm-install/l1/l2  fail never pass
 test-amd64-i386-xl-qemuu-ws16-amd64 13 guest-saverestore       fail never pass
 test-amd64-i386-xl-qemut-win10-i386 17 guest-stop              fail never pass
 test-amd64-i386-xl-qemut-ws16-amd64 13 guest-saverestore       fail never pass

version targeted for testing:
 linux                3e2bb7d281edae5a0732023061402e4a7231dffc
baseline version:
 linux                ffc97d4dde1d3c77beebddbbd2a0be5f8f18236a

Last test of basis    72205  2017-10-06 00:56:47 Z    8 days
Testing same since    72235  2017-10-14 14:18:24 Z    0 days    1 attempts

------------------------------------------------------------
People who touched revisions under test:
  Adrian Salido <salidoa@google.com>
  Afzal Mohammed <afzal.mohd.ma@gmail.com>
  Al Viro <viro@zeniv.linux.org.uk>
  Alan Stern <stern@rowland.harvard.edu>
  Alden Tondettar <alden.tondettar@gmail.com>
  Alexander Potapenko <glider@google.com>
  Andrey Konovalov <andreyknvl@google.com>
  Andrey Ryabinin <aryabinin@virtuozzo.com>
  Archit Taneja <architt@codeaurora.org>
  Ard Biesheuvel <ard.biesheuvel@linaro.org>
  Arnd Bergmann <arnd@arndb.de>
  Arvind Yadav <arvind.yadav.cs@gmail.com>
  Bartosz Golaszewski <bgolaszewski@baylibre.com>
  Casey Schaufler <casey@schaufler-ca.com>
  Christophe JAILLET <christophe.jaillet@wanadoo.fr>
  Connor O'Brien <connoro@google.com>
  Dan Carpenter <dan.carpenter@oracle.com>
  Daniel Drake <dan@reactivated.net>
  Darrick J. Wong <darrick.wong@oracle.com>
  David Eccher <d.eccher@gmail.com>
  David Howells <dhowells@redhat.com>
  David S. Miller <davem@davemloft.net>
  Dmitry Fleytman <dmitry@daynix.com>
  Dmitry Torokhov <dmitry.torokhov@gmail.com>
  Dmitry Vyukov <dvyukov@google.com>
  Doug Ledford <dledford@redhat.com>
  Dragos Bogdan <dragos.bogdan@analog.com>
  Erez Shitrit <erezsh@mellanox.com>
  Eryu Guan <guaneryu@gmail.com>
  Felipe Balbi <balbi@ti.com>
  Felipe Balbi <felipe.balbi@linux.intel.com>
  Feras Daoud <ferasda@mellanox.com>
  Greg Kroah-Hartman <gregkh@linuxfoundation.org>
  Guenter Roeck <groeck@chromium.org>
  Guenter Roeck <linux@roeck-us.net>
  Gwendal Grignou <gwendal@chromium.org>
  Heiner Kallweit <hkallweit1@gmail.com>
  Helge Deller <deller@gmx.de>
  Helmut Klein <hgkr.klein@gmail.com>
  Herbert Xu <herbert@gondor.apana.org.au>
  Ira Weiny <ira.weiny@intel.com>
  James Morris <james.l.morris@oracle.com>
  Jan Kara <jack@suse.cz>
  Jani Nikula <jani.nikula@intel.com>
  Javier Martinez Canillas <javier@osg.samsung.com>
  Jens Axboe <axboe@fb.com>
  Jim Dickerson <jim.dickerson@hpe.com>
  Jiri Kosina <jkosina@suse.cz>
  Jiri Pirko <jiri@mellanox.com>
  Johan Hovold <johan@kernel.org>
  Jonathan Cameron <Jonathan.Cameron@huawei.com>
  Josef Bacik <jbacik@fb.com>
  Lars-Peter Clausen <lars@metafoo.de>
  Leon Romanovsky <leon@kernel.org>
  Liping Zhang <zlpnobody@gmail.com>
  Lukas Wunner <lukas@wunner.de>
  Marc Dietrich <marvin24@gmx.de>
  Mathias Nyman <mathias.nyman@linux.intel.com>
  Matt Fornero <matt.fornero@mathworks.com>
  Matthew Whitehead <tedheadster@gmail.com>
  Mauro Carvalho Chehab <mchehab@s-opensource.com>
  Michael Hennerich <michael.hennerich@analog.com>
  Myungho Jung <mhjungk@gmail.com>
  Nicolai Stange <nstange@suse.de>
  Niklas Söderlund <niklas.soderlund+renesas@ragnatech.se>
  Oleg Nesterov <oleg@redhat.com>
  Pablo Neira Ayuso <pablo@netfilter.org>
  Pan Bian <bianpan2016@163.com>
  Paul Burton <paul.burton@imgtec.com>
  Paul Moore <paul@paul-moore.com>
  Peng Fan <van.freenix@gmail.com>
  Ralf Baechle <ralf@linux-mips.org>
  Richard Guy Briggs <rgb@redhat.com>
  Rob Herring <robh@kernel.org>
  Rodrigo Vivi <rodrigo.vivi@intel.com>
  Roman Spychała <roed@onet.eu>
  Russell King <rmk+kernel@arm.linux.org.uk>
  Santosh Shilimkar <santosh.shilimkar@oracle.com>
  Sasha Levin <alexander.levin@verizon.com>
  Shaohua Li <shli@fb.com>
  Stefan Popa <stefan.popa@analog.com>
  Sylwester Nawrocki <s.nawrocki@samsung.com>
  Takashi Iwai <tiwai@suse.de>
  Tejun Heo <tj@kernel.org>
  Theodore Ts'o <tytso@mit.edu>
  Thibault Saunier <thibault.saunier@osg.samsung.com>
  Ulf Hansson <ulf.hansson@linaro.org>
  Yoshihiro Shimoda <yoshihiro.shimoda.uh@renesas.com>
  Zhu Yanjun <yanjun.zhu@oracle.com>

jobs:
 build-amd64-xsm                                              pass    
 build-arm64-xsm                                              broken  
 build-armhf-xsm                                              pass    
 build-i386-xsm                                               pass    
 build-amd64                                                  pass    
 build-arm64                                                  broken  
 build-armhf                                                  pass    
 build-i386                                                   pass    
 build-amd64-libvirt                                          pass    
 build-arm64-libvirt                                          blocked 
 build-armhf-libvirt                                          pass    
 build-i386-libvirt                                           pass    
 build-amd64-pvops                                            pass    
 build-arm64-pvops                                            broken  
 build-armhf-pvops                                            pass    
 build-i386-pvops                                             pass    
 build-amd64-rumprun                                          pass    
 build-i386-rumprun                                           pass    
 test-amd64-amd64-xl                                          pass    
 test-arm64-arm64-xl                                          blocked 
 test-armhf-armhf-xl                                          pass    
 test-amd64-i386-xl                                           pass    
 test-amd64-amd64-xl-qemut-debianhvm-amd64-xsm                pass    
 test-amd64-i386-xl-qemut-debianhvm-amd64-xsm                 pass    
 test-amd64-amd64-libvirt-qemuu-debianhvm-amd64-xsm           pass    
 test-amd64-i386-libvirt-qemuu-debianhvm-amd64-xsm            pass    
 test-amd64-amd64-xl-qemuu-debianhvm-amd64-xsm                pass    
 test-amd64-i386-xl-qemuu-debianhvm-amd64-xsm                 pass    
 test-amd64-amd64-xl-qemut-stubdom-debianhvm-amd64-xsm        pass    
 test-amd64-i386-xl-qemut-stubdom-debianhvm-amd64-xsm         pass    
 test-amd64-amd64-libvirt-xsm                                 pass    
 test-arm64-arm64-libvirt-xsm                                 blocked 
 test-armhf-armhf-libvirt-xsm                                 pass    
 test-amd64-i386-libvirt-xsm                                  pass    
 test-amd64-amd64-xl-xsm                                      pass    
 test-arm64-arm64-xl-xsm                                      blocked 
 test-armhf-armhf-xl-xsm                                      pass    
 test-amd64-i386-xl-xsm                                       pass    
 test-amd64-amd64-qemuu-nested-amd                            fail    
 test-amd64-amd64-xl-pvh-amd                                  pass    
 test-amd64-i386-qemut-rhel6hvm-amd                           pass    
 test-amd64-i386-qemuu-rhel6hvm-amd                           pass    
 test-amd64-amd64-xl-qemut-debianhvm-amd64                    pass    
 test-amd64-i386-xl-qemut-debianhvm-amd64                     pass    
 test-amd64-amd64-xl-qemuu-debianhvm-amd64                    pass    
 test-amd64-i386-xl-qemuu-debianhvm-amd64                     pass    
 test-amd64-i386-freebsd10-amd64                              pass    
 test-amd64-amd64-xl-qemuu-ovmf-amd64                         pass    
 test-amd64-i386-xl-qemuu-ovmf-amd64                          pass    
 test-amd64-amd64-rumprun-amd64                               pass    
 test-amd64-amd64-xl-qemut-win7-amd64                         fail    
 test-amd64-i386-xl-qemut-win7-amd64                          fail    
 test-amd64-amd64-xl-qemuu-win7-amd64                         fail    
 test-amd64-i386-xl-qemuu-win7-amd64                          fail    
 test-amd64-amd64-xl-qemut-ws16-amd64                         fail    
 test-amd64-i386-xl-qemut-ws16-amd64                          fail    
 test-amd64-amd64-xl-qemuu-ws16-amd64                         fail    
 test-amd64-i386-xl-qemuu-ws16-amd64                          fail    
 test-amd64-amd64-xl-credit2                                  pass    
 test-arm64-arm64-xl-credit2                                  blocked 
 test-armhf-armhf-xl-credit2                                  pass    
 test-amd64-amd64-examine                                     pass    
 test-arm64-arm64-examine                                     blocked 
 test-armhf-armhf-examine                                     pass    
 test-amd64-i386-examine                                      pass    
 test-amd64-i386-freebsd10-i386                               pass    
 test-amd64-i386-rumprun-i386                                 pass    
 test-amd64-amd64-xl-qemut-win10-i386                         fail    
 test-amd64-i386-xl-qemut-win10-i386                          fail    
 test-amd64-amd64-xl-qemuu-win10-i386                         fail    
 test-amd64-i386-xl-qemuu-win10-i386                          fail    
 test-amd64-amd64-qemuu-nested-intel                          fail    
 test-amd64-amd64-xl-pvh-intel                                pass    
 test-amd64-i386-qemut-rhel6hvm-intel                         pass    
 test-amd64-i386-qemuu-rhel6hvm-intel                         pass    
 test-amd64-amd64-libvirt                                     pass    
 test-armhf-armhf-libvirt                                     pass    
 test-amd64-i386-libvirt                                      pass    
 test-armhf-armhf-xl-midway                                   pass    
 test-amd64-amd64-xl-multivcpu                                pass    
 test-armhf-armhf-xl-multivcpu                                pass    
 test-amd64-amd64-pair                                        pass    
 test-amd64-i386-pair                                         pass    
 test-amd64-amd64-libvirt-pair                                pass    
 test-amd64-i386-libvirt-pair                                 pass    
 test-amd64-amd64-amd64-pvgrub                                pass    
 test-amd64-amd64-i386-pvgrub                                 pass    
 test-amd64-amd64-pygrub                                      pass    
 test-amd64-amd64-xl-qcow2                                    pass    
 test-armhf-armhf-libvirt-raw                                 pass    
 test-amd64-i386-xl-raw                                       pass    
 test-amd64-amd64-xl-rtds                                     pass    
 test-armhf-armhf-xl-rtds                                     pass    
 test-amd64-amd64-libvirt-vhd                                 pass    
 test-armhf-armhf-xl-vhd                                      pass    


------------------------------------------------------------
sg-report-flight on osstest.xs.citrite.net
logs: /home/osstest/logs
images: /home/osstest/images

Logs, config files, etc. are available at
    http://osstest.xs.citrite.net/~osstest/testlogs/logs

Test harness code can be found at
    http://xenbits.xensource.com/gitweb?p=osstest.git;a=summary

broken-step build-arm64 hosts-allocate
broken-step build-arm64-pvops hosts-allocate
broken-step build-arm64-xsm hosts-allocate
broken-step build-arm64-xsm capture-logs
broken-step build-arm64 capture-logs
broken-step build-arm64-pvops capture-logs

Push not applicable.

(No revision log; it would be 1694 lines long.)


[-- Attachment #2: Type: text/plain, Size: 127 bytes --]

_______________________________________________
Xen-devel mailing list
Xen-devel@lists.xen.org
https://lists.xen.org/xen-devel

^ permalink raw reply	[flat|nested] only message in thread

only message in thread, other threads:[~2017-10-14 20:48 UTC | newest]

Thread overview: (only message) (download: mbox.gz follow: Atom feed
-- links below jump to the message on this page --
2017-10-14 20:48 [linux-3.18 baseline-only test] 72235: regressions - trouble: blocked/broken/fail/pass Platform Team regression test user

This is a public inbox, see mirroring instructions
for how to clone and mirror all data and code used for this inbox;
as well as URLs for NNTP newsgroup(s).