From: Platform Team regression test user <citrix-osstest@xenproject.org>
To: xen-devel@lists.xensource.com, osstest-admin@xenproject.org
Subject: [linux-4.1 baseline-only test] 72330: regressions - trouble: blocked/broken/fail/pass
Date: Thu, 19 Oct 2017 14:29:26 +0100 [thread overview]
Message-ID: <osstest-72330-mainreport@xen.org> (raw)
[-- Attachment #1: Type: text/plain, Size: 18955 bytes --]
This run is configured for baseline tests only.
flight 72330 linux-4.1 real [real]
http://osstest.xs.citrite.net/~osstest/testlogs/logs/72330/
Regressions :-(
Tests which did not succeed and are blocking,
including tests which could not be run:
test-amd64-amd64-qemuu-nested-intel 10 debian-hvm-install fail REGR. vs. 72128
Tests which did not succeed, but are not blocking:
test-arm64-arm64-libvirt-xsm 1 build-check(1) blocked n/a
test-arm64-arm64-xl 1 build-check(1) blocked n/a
build-arm64-libvirt 1 build-check(1) blocked n/a
test-arm64-arm64-examine 1 build-check(1) blocked n/a
test-arm64-arm64-xl-credit2 1 build-check(1) blocked n/a
test-arm64-arm64-xl-xsm 1 build-check(1) blocked n/a
build-arm64 2 hosts-allocate broken never pass
build-arm64-pvops 2 hosts-allocate broken never pass
build-arm64-xsm 2 hosts-allocate broken never pass
build-arm64-xsm 3 capture-logs broken never pass
build-arm64 3 capture-logs broken never pass
build-arm64-pvops 3 capture-logs broken never pass
test-armhf-armhf-libvirt 14 saverestore-support-check fail blocked in 72128
test-armhf-armhf-libvirt-xsm 14 saverestore-support-check fail blocked in 72128
test-armhf-armhf-libvirt-raw 13 saverestore-support-check fail blocked in 72128
test-armhf-armhf-libvirt-raw 15 guest-start/debian.repeat fail blocked in 72128
test-amd64-i386-xl-qemuu-win7-amd64 17 guest-stop fail like 72128
test-amd64-i386-xl-qemuu-win10-i386 10 windows-install fail never pass
test-amd64-amd64-xl-qemuu-win10-i386 10 windows-install fail never pass
test-amd64-i386-libvirt-xsm 13 migrate-support-check fail never pass
test-amd64-amd64-libvirt-xsm 13 migrate-support-check fail never pass
test-amd64-i386-xl-qemuu-ws16-amd64 10 windows-install fail never pass
test-armhf-armhf-xl-rtds 13 migrate-support-check fail never pass
test-armhf-armhf-xl-rtds 14 saverestore-support-check fail never pass
test-amd64-i386-libvirt 13 migrate-support-check fail never pass
test-armhf-armhf-xl-midway 13 migrate-support-check fail never pass
test-armhf-armhf-xl-midway 14 saverestore-support-check fail never pass
test-armhf-armhf-xl-credit2 13 migrate-support-check fail never pass
test-armhf-armhf-xl-multivcpu 13 migrate-support-check fail never pass
test-armhf-armhf-xl-credit2 14 saverestore-support-check fail never pass
test-armhf-armhf-xl-multivcpu 14 saverestore-support-check fail never pass
test-armhf-armhf-libvirt 13 migrate-support-check fail never pass
test-armhf-armhf-xl-xsm 13 migrate-support-check fail never pass
test-armhf-armhf-xl-xsm 14 saverestore-support-check fail never pass
test-armhf-armhf-libvirt-xsm 13 migrate-support-check fail never pass
test-amd64-i386-xl-qemut-ws16-amd64 10 windows-install fail never pass
test-amd64-amd64-xl-qemut-ws16-amd64 10 windows-install fail never pass
test-amd64-amd64-xl-qemuu-ws16-amd64 10 windows-install fail never pass
test-armhf-armhf-xl 13 migrate-support-check fail never pass
test-armhf-armhf-xl 14 saverestore-support-check fail never pass
test-amd64-amd64-libvirt 13 migrate-support-check fail never pass
test-amd64-i386-libvirt-qemuu-debianhvm-amd64-xsm 11 migrate-support-check fail never pass
test-armhf-armhf-libvirt-raw 12 migrate-support-check fail never pass
test-armhf-armhf-xl-vhd 12 migrate-support-check fail never pass
test-armhf-armhf-xl-vhd 13 saverestore-support-check fail never pass
test-amd64-amd64-libvirt-qemuu-debianhvm-amd64-xsm 11 migrate-support-check fail never pass
test-amd64-amd64-qemuu-nested-amd 17 debian-hvm-install/l1/l2 fail never pass
test-amd64-amd64-libvirt-vhd 12 migrate-support-check fail never pass
test-amd64-i386-xl-qemut-win10-i386 17 guest-stop fail never pass
test-amd64-amd64-xl-qemut-win10-i386 17 guest-stop fail never pass
version targeted for testing:
linux b8342068e3011832d723aa379a3180d37a4d59df
baseline version:
linux 5fbef6af7dd9a92605bb7c426f26bd122fd0cd74
Last test of basis 72128 2017-09-19 21:52:44 Z 29 days
Testing same since 72330 2017-10-19 06:50:57 Z 0 days 1 attempts
------------------------------------------------------------
People who touched revisions under test:
Aaron Ma <aaron.ma@canonical.com>
AL Yu-Chen Cho <acho@suse.com>
Alan Stern <stern@rowland.harvard.edu>
Aleksa Sarai <asarai@suse.de>
Aleksandr Bezzubikov <zuban32s@gmail.com>
Alex Deucher <alexander.deucher@amd.com>
Alexander Potapenko <glider@google.com>
Andrew Morton <akpm@linux-foundation.org>
Andrey Korolyov <andrey@xdel.ru>
Andy Lutomirski <luto@kernel.org>
Archit Taneja <architt@codeaurora.org>
Arnd Bergmann <arnd@arndb.de>
Baohong Liu <baohong.liu@intel.com>
Bart Van Assche <bart.vanassche@wdc.com>
Bastien Nocera <hadess@hadess.net>
Ben Hutchings <ben@decadent.org.uk>
Ben Seri <ben@armis.com>
Benjamin Block <bblock@linux.vnet.ibm.com>
Bjorn Helgaas <bhelgaas@google.com>
Boris Brezillon <boris.brezillon@free-electrons.com>
Charles Milette <charles.milette@gmail.com>
Charles Milette <charlesmilette@gmail.com>
Chris Wilson <chris@chris-wilson.co.uk>
Christian Lamparter <chunkeey@googlemail.com>
Christophe JAILLET <christophe.jaillet@wanadoo.fr>
Chuck Lever <chuck.lever@oracle.com>
Chunyu Hu <chuhu@redhat.com>
Claudiu Manoil <claudiu.manoil@nxp.com>
Colin Ian King <colin.king@canonical.com>
Coly Li <colyli@suse.de>
Cong Wang <xiyou.wangcong@gmail.com>
Dan Carpenter <dan.carpenter@oracle.com>
Dan Priamo <danp@adiengineering.com>
Daniel Mentz <danielmentz@google.com>
Dave Chinner <david@fromorbit.com>
Dave Martin <Dave.Martin@arm.com>
David S. Miller <davem@davemloft.net>
David Sterba <dsterba@suse.com>
David Teigland <teigland@redhat.com>
Dick Kennedy <dick.kennedy@avagotech.com>
Dmitry Fleytman <dmitry@daynix.com>
Dmitry Torokhov <dmitry.torokhov@gmail.com>
Dmitry Tunin <hanipouspilot@gmail.com>
Douglas Anderson <dianders@chromium.org>
Douglas Gilbert <dgilbert@interlog.com>
Dragos Bogdan <dragos.bogdan@analog.com>
Edwin Török <edvin.torok@citrix.com>
Eric Dumazet <edumazet@google.com>
Florian Fainelli <f.fainelli@gmail.com>
Florian Westphal <fw@strlen.de>
Greg Kroah-Hartman <gregkh@linuxfoundation.org>
Guenter Roeck <linux@roeck-us.net>
Hannes Reinecke <hare@suse.com>
Hannes Reinecke <hare@suse.de>
Hans Verkuil <hans.verkuil@cisco.com>
Hector Martin <marcan@marcan.st>
Helge Deller <deller@gmx.de>
Herbert Xu <herbert@gondor.apana.org.au>
Ingo Molnar <mingo@kernel.org>
J. Bruce Fields <bfields@redhat.com>
Jaegeuk Kim <jaegeuk@kernel.org>
James Hogan <james.hogan@imgtec.com>
James Morse <james.morse@arm.com>
James Smart <james.smart@avagotech.com>
James Smart <james.smart@broadcom.com>
Jan Kara <jack@suse.cz>
Jeffy Chen <jeffy.chen@rock-chips.com>
Jens Axboe <axboe@kernel.dk>
Jiri Slaby <jslaby@suse.cz>
Joerg Roedel <jroedel@suse.de>
Johan Hovold <johan@kernel.org>
Johannes Thumshirn <jthumshirn@suse.de>
John Stultz <john.stultz@linaro.org>
Jonathan Cameron <Jonathan.Cameron@huawei.com>
Joonas Lahtinen <joonas.lahtinen@linux.intel.com>
Jose Abreu <joabreu@synopsys.com>
Jose Abreu <Jose.Abreu@synopsys.com>
Kai-Heng Feng <kai.heng.feng@canonical.com>
Kalle Valo <kvalo@codeaurora.org>
Kalle Valo <kvalo@qca.qualcomm.com>
Kashyap Desai <kashyap.desai@broadcom.com>
Kent Overstreet <kent.overstreet@gmail.com>
Koji Matsuoka <koji.matsuoka.xm@renesas.com>
Konstantin Khlebnikov <khlebnikov@yandex-team.ru>
Kuninori Morimoto <kuninori.morimoto.gx@renesas.com>
Lars-Peter Clausen <lars@metafoo.de>
Laurent Pinchart <laurent.pinchart+renesas@ideasonboard.com>
Laurent Pinchart <laurent.pinchart@ideasonboard.com>
Linus Torvalds <torvalds@linux-foundation.org>
Liping Zhang <zlpnobody@gmail.com>
Long Li <longli@microsoft.com>
Maarten Lankhorst <maarten.lankhorst@linux.intel.com>
Maciej S. Szmigiero <mail@maciej.szmigiero.name>
Marc Gonzalez <marc_gonzalez@sigmadesigns.com>
Marc Zyngier <marc.zyngier@arm.com>
Marcel Holtmann <marcel@holtmann.org>
Marcelo Ricardo Leitner <marcelo.leitner@gmail.com>
Mark Brown <broonie@kernel.org>
Mark Rutland <mark.rutland@arm.com>
Martijn Coenen <maco@android.com>
Martin K. Petersen <martin.petersen@oracle.com>
Mathias Nyman <mathias.nyman@linux.intel.com>
Matt Turner <mattst88@gmail.com>
Mauro Carvalho Chehab <mchehab@s-opensource.com>
Michael Cree <mcree@orcon.net.nz>
Michael Ellerman <mpe@ellerman.id.au>
Michael Lyle <mlyle@lyle.org>
Michael S. Tsirkin <mst@redhat.com>
Michal Hocko <mhocko@suse.com>
Neal Cardwell <ncardwell@google.com>
Neil Horman <nhorman@tuxdriver.com>
NeilBrown <neilb@suse.com>
Nikolay Borisov <nborisov@suse.com>
Oleg Nesterov <oleg@redhat.com>
Oscar Campos <oscar.campos@member.fsf.org>
Pablo Neira Ayuso <pablo@netfilter.org>
Paul Burton <paul.burton@imgtec.com>
Paul E. McKenney <paulmck@linux.vnet.ibm.com>
Paul Moore <paul@paul-moore.com>
Pavel Machek <pavel@ucw.cz>
Pavel Shilovsky <pshilov@microsoft.com>
Peter Hutterer <peter.hutterer@who-t.net>
Peter Zijlstra (Intel) <peterz@infradead.org>
Pierguido Lambri <plambri@redhat.com>
Rafael J. Wysocki <rafael.j.wysocki@intel.com>
Rakesh Pillai <pillair@qti.qualcomm.com>
Ralf Baechle <ralf@linux-mips.org>
Richard Wareing <rwareing@fb.com>
Rohit Vaswani <rvaswani@nvidia.com>
Ronnie Sahlberg <lsahlber@redhat.com>
Russell King <rmk+kernel@armlinux.org.uk>
Sabrina Dubroca <sd@queasysnail.net>
Sachin Prabhu <sprabhu@redhat.com>
Sandeep Singh <Sandeep.Singh@amd.com>
Sasha Levin <alexander.levin@verizon.com>
Sergey Senozhatsky <sergey.senozhatsky@gmail.com>
Shaohua Li <shli@fb.com>
Shivasharan S <shivasharan.srikanteshwara@broadcom.com>
Shyam Sundar S K <Shyam-sundar.S-k@amd.com>
Srinivas Pandruvada <srinivas.pandruvada@linux.intel.com>
Stefano Brivio <sbrivio@redhat.com>
Steffen Klassert <steffen.klassert@secunet.com>
Steffen Maier <maier@linux.vnet.ibm.com>
Stephan Mueller <smueller@chronox.de>
Stephen Douthit <stephend@adiengineering.com>
Steve Capper <steve.capper@arm.com>
Steve French <smfrench@gmail.com>
Steven Rostedt (VMware) <rostedt@goodmis.org>
Takashi Iwai <tiwai@suse.de>
Tang Junhui <tang.junhui@zte.com.cn>
Tejun Heo <tj@kernel.org>
Theodore Ts'o <tytso@mit.edu>
Thomas Bogendoerfer <tsbogend@alpha.franken.de>
Todd Poynor <toddpoynor@google.com>
Tony Asleson <tasleson@redhat.com>
Tony Jones <tonyj@suse.de>
Vineet Gupta <vgupta@synopsys.com>
Vladis Dronov <vdronov@redhat.com>
Wei Wang <weiwan@google.com>
Will Deacon <will.deacon@arm.com>
Wolfram Sang <wsa+renesas@sang-engineering.com>
Wolfram Sang <wsa@the-dreams.de>
Xiangliang.Yu <Xiangliang.Yu@amd.com>
Yang Shi <yang.shi@linaro.org>
Yuchung Cheng <ycheng@google.com>
zhangyi (F) <yi.zhang@huawei.com>
zhong jiang <zhongjiang@huawei.com>
jobs:
build-amd64-xsm pass
build-arm64-xsm broken
build-armhf-xsm pass
build-i386-xsm pass
build-amd64 pass
build-arm64 broken
build-armhf pass
build-i386 pass
build-amd64-libvirt pass
build-arm64-libvirt blocked
build-armhf-libvirt pass
build-i386-libvirt pass
build-amd64-pvops pass
build-arm64-pvops broken
build-armhf-pvops pass
build-i386-pvops pass
build-amd64-rumprun pass
build-i386-rumprun pass
test-amd64-amd64-xl pass
test-arm64-arm64-xl blocked
test-armhf-armhf-xl pass
test-amd64-i386-xl pass
test-amd64-amd64-xl-qemut-debianhvm-amd64-xsm pass
test-amd64-i386-xl-qemut-debianhvm-amd64-xsm pass
test-amd64-amd64-libvirt-qemuu-debianhvm-amd64-xsm pass
test-amd64-i386-libvirt-qemuu-debianhvm-amd64-xsm pass
test-amd64-amd64-xl-qemuu-debianhvm-amd64-xsm pass
test-amd64-i386-xl-qemuu-debianhvm-amd64-xsm pass
test-amd64-amd64-xl-qemut-stubdom-debianhvm-amd64-xsm pass
test-amd64-i386-xl-qemut-stubdom-debianhvm-amd64-xsm pass
test-amd64-amd64-libvirt-xsm pass
test-arm64-arm64-libvirt-xsm blocked
test-armhf-armhf-libvirt-xsm pass
test-amd64-i386-libvirt-xsm pass
test-amd64-amd64-xl-xsm pass
test-arm64-arm64-xl-xsm blocked
test-armhf-armhf-xl-xsm pass
test-amd64-i386-xl-xsm pass
test-amd64-amd64-qemuu-nested-amd fail
test-amd64-amd64-xl-pvh-amd pass
test-amd64-i386-qemut-rhel6hvm-amd pass
test-amd64-i386-qemuu-rhel6hvm-amd pass
test-amd64-amd64-xl-qemut-debianhvm-amd64 pass
test-amd64-i386-xl-qemut-debianhvm-amd64 pass
test-amd64-amd64-xl-qemuu-debianhvm-amd64 pass
test-amd64-i386-xl-qemuu-debianhvm-amd64 pass
test-amd64-i386-freebsd10-amd64 pass
test-amd64-amd64-xl-qemuu-ovmf-amd64 pass
test-amd64-i386-xl-qemuu-ovmf-amd64 pass
test-amd64-amd64-rumprun-amd64 pass
test-amd64-amd64-xl-qemut-win7-amd64 pass
test-amd64-i386-xl-qemut-win7-amd64 pass
test-amd64-amd64-xl-qemuu-win7-amd64 pass
test-amd64-i386-xl-qemuu-win7-amd64 fail
test-amd64-amd64-xl-qemut-ws16-amd64 fail
test-amd64-i386-xl-qemut-ws16-amd64 fail
test-amd64-amd64-xl-qemuu-ws16-amd64 fail
test-amd64-i386-xl-qemuu-ws16-amd64 fail
test-amd64-amd64-xl-credit2 pass
test-arm64-arm64-xl-credit2 blocked
test-armhf-armhf-xl-credit2 pass
test-amd64-amd64-examine pass
test-arm64-arm64-examine blocked
test-armhf-armhf-examine pass
test-amd64-i386-examine pass
test-amd64-i386-freebsd10-i386 pass
test-amd64-i386-rumprun-i386 pass
test-amd64-amd64-xl-qemut-win10-i386 fail
test-amd64-i386-xl-qemut-win10-i386 fail
test-amd64-amd64-xl-qemuu-win10-i386 fail
test-amd64-i386-xl-qemuu-win10-i386 fail
test-amd64-amd64-qemuu-nested-intel fail
test-amd64-amd64-xl-pvh-intel pass
test-amd64-i386-qemut-rhel6hvm-intel pass
test-amd64-i386-qemuu-rhel6hvm-intel pass
test-amd64-amd64-libvirt pass
test-armhf-armhf-libvirt pass
test-amd64-i386-libvirt pass
test-armhf-armhf-xl-midway pass
test-amd64-amd64-xl-multivcpu pass
test-armhf-armhf-xl-multivcpu pass
test-amd64-amd64-pair pass
test-amd64-i386-pair pass
test-amd64-amd64-libvirt-pair pass
test-amd64-i386-libvirt-pair pass
test-amd64-amd64-amd64-pvgrub pass
test-amd64-amd64-i386-pvgrub pass
test-amd64-amd64-pygrub pass
test-amd64-amd64-xl-qcow2 pass
test-armhf-armhf-libvirt-raw fail
test-amd64-i386-xl-raw pass
test-amd64-amd64-xl-rtds pass
test-armhf-armhf-xl-rtds pass
test-amd64-amd64-libvirt-vhd pass
test-armhf-armhf-xl-vhd pass
------------------------------------------------------------
sg-report-flight on osstest.xs.citrite.net
logs: /home/osstest/logs
images: /home/osstest/images
Logs, config files, etc. are available at
http://osstest.xs.citrite.net/~osstest/testlogs/logs
Test harness code can be found at
http://xenbits.xensource.com/gitweb?p=osstest.git;a=summary
broken-step build-arm64 hosts-allocate
broken-step build-arm64-pvops hosts-allocate
broken-step build-arm64-xsm hosts-allocate
broken-step build-arm64-xsm capture-logs
broken-step build-arm64 capture-logs
broken-step build-arm64-pvops capture-logs
Push not applicable.
(No revision log; it would be 4868 lines long.)
[-- Attachment #2: Type: text/plain, Size: 127 bytes --]
_______________________________________________
Xen-devel mailing list
Xen-devel@lists.xen.org
https://lists.xen.org/xen-devel
reply other threads:[~2017-10-19 13:29 UTC|newest]
Thread overview: [no followups] expand[flat|nested] mbox.gz Atom feed
Reply instructions:
You may reply publicly to this message via plain-text email
using any one of the following methods:
* Save the following mbox file, import it into your mail client,
and reply-to-all from there: mbox
Avoid top-posting and favor interleaved quoting:
https://en.wikipedia.org/wiki/Posting_style#Interleaved_style
* Reply using the --to, --cc, and --in-reply-to
switches of git-send-email(1):
git send-email \
--in-reply-to=osstest-72330-mainreport@xen.org \
--to=citrix-osstest@xenproject.org \
--cc=osstest-admin@xenproject.org \
--cc=xen-devel@lists.xensource.com \
/path/to/YOUR_REPLY
https://kernel.org/pub/software/scm/git/docs/git-send-email.html
* If your mail client supports setting the In-Reply-To header
via mailto: links, try the mailto: link
Be sure your reply has a Subject: header at the top and a blank line
before the message body.
This is a public inbox, see mirroring instructions
for how to clone and mirror all data and code used for this inbox;
as well as URLs for NNTP newsgroup(s).