From mboxrd@z Thu Jan 1 00:00:00 1970 From: Platform Team regression test user Subject: [linux-4.1 baseline-only test] 72330: regressions - trouble: blocked/broken/fail/pass Date: Thu, 19 Oct 2017 14:29:26 +0100 Message-ID: Mime-Version: 1.0 Content-Type: multipart/mixed; boundary="===============6768214448352865510==" Return-path: List-Unsubscribe: , List-Post: List-Help: List-Subscribe: , Errors-To: xen-devel-bounces@lists.xen.org Sender: "Xen-devel" To: xen-devel@lists.xensource.com, osstest-admin@xenproject.org List-Id: xen-devel@lists.xenproject.org --===============6768214448352865510== Content-Type: text/plain This run is configured for baseline tests only. flight 72330 linux-4.1 real [real] http://osstest.xs.citrite.net/~osstest/testlogs/logs/72330/ Regressions :-( Tests which did not succeed and are blocking, including tests which could not be run: test-amd64-amd64-qemuu-nested-intel 10 debian-hvm-install fail REGR. vs. 72128 Tests which did not succeed, but are not blocking: test-arm64-arm64-libvirt-xsm 1 build-check(1) blocked n/a test-arm64-arm64-xl 1 build-check(1) blocked n/a build-arm64-libvirt 1 build-check(1) blocked n/a test-arm64-arm64-examine 1 build-check(1) blocked n/a test-arm64-arm64-xl-credit2 1 build-check(1) blocked n/a test-arm64-arm64-xl-xsm 1 build-check(1) blocked n/a build-arm64 2 hosts-allocate broken never pass build-arm64-pvops 2 hosts-allocate broken never pass build-arm64-xsm 2 hosts-allocate broken never pass build-arm64-xsm 3 capture-logs broken never pass build-arm64 3 capture-logs broken never pass build-arm64-pvops 3 capture-logs broken never pass test-armhf-armhf-libvirt 14 saverestore-support-check fail blocked in 72128 test-armhf-armhf-libvirt-xsm 14 saverestore-support-check fail blocked in 72128 test-armhf-armhf-libvirt-raw 13 saverestore-support-check fail blocked in 72128 test-armhf-armhf-libvirt-raw 15 guest-start/debian.repeat fail blocked in 72128 test-amd64-i386-xl-qemuu-win7-amd64 17 guest-stop fail like 72128 test-amd64-i386-xl-qemuu-win10-i386 10 windows-install fail never pass test-amd64-amd64-xl-qemuu-win10-i386 10 windows-install fail never pass test-amd64-i386-libvirt-xsm 13 migrate-support-check fail never pass test-amd64-amd64-libvirt-xsm 13 migrate-support-check fail never pass test-amd64-i386-xl-qemuu-ws16-amd64 10 windows-install fail never pass test-armhf-armhf-xl-rtds 13 migrate-support-check fail never pass test-armhf-armhf-xl-rtds 14 saverestore-support-check fail never pass test-amd64-i386-libvirt 13 migrate-support-check fail never pass test-armhf-armhf-xl-midway 13 migrate-support-check fail never pass test-armhf-armhf-xl-midway 14 saverestore-support-check fail never pass test-armhf-armhf-xl-credit2 13 migrate-support-check fail never pass test-armhf-armhf-xl-multivcpu 13 migrate-support-check fail never pass test-armhf-armhf-xl-credit2 14 saverestore-support-check fail never pass test-armhf-armhf-xl-multivcpu 14 saverestore-support-check fail never pass test-armhf-armhf-libvirt 13 migrate-support-check fail never pass test-armhf-armhf-xl-xsm 13 migrate-support-check fail never pass test-armhf-armhf-xl-xsm 14 saverestore-support-check fail never pass test-armhf-armhf-libvirt-xsm 13 migrate-support-check fail never pass test-amd64-i386-xl-qemut-ws16-amd64 10 windows-install fail never pass test-amd64-amd64-xl-qemut-ws16-amd64 10 windows-install fail never pass test-amd64-amd64-xl-qemuu-ws16-amd64 10 windows-install fail never pass test-armhf-armhf-xl 13 migrate-support-check fail never pass test-armhf-armhf-xl 14 saverestore-support-check fail never pass test-amd64-amd64-libvirt 13 migrate-support-check fail never pass test-amd64-i386-libvirt-qemuu-debianhvm-amd64-xsm 11 migrate-support-check fail never pass test-armhf-armhf-libvirt-raw 12 migrate-support-check fail never pass test-armhf-armhf-xl-vhd 12 migrate-support-check fail never pass test-armhf-armhf-xl-vhd 13 saverestore-support-check fail never pass test-amd64-amd64-libvirt-qemuu-debianhvm-amd64-xsm 11 migrate-support-check fail never pass test-amd64-amd64-qemuu-nested-amd 17 debian-hvm-install/l1/l2 fail never pass test-amd64-amd64-libvirt-vhd 12 migrate-support-check fail never pass test-amd64-i386-xl-qemut-win10-i386 17 guest-stop fail never pass test-amd64-amd64-xl-qemut-win10-i386 17 guest-stop fail never pass version targeted for testing: linux b8342068e3011832d723aa379a3180d37a4d59df baseline version: linux 5fbef6af7dd9a92605bb7c426f26bd122fd0cd74 Last test of basis 72128 2017-09-19 21:52:44 Z 29 days Testing same since 72330 2017-10-19 06:50:57 Z 0 days 1 attempts ------------------------------------------------------------ People who touched revisions under test: Aaron Ma AL Yu-Chen Cho Alan Stern Aleksa Sarai Aleksandr Bezzubikov Alex Deucher Alexander Potapenko Andrew Morton Andrey Korolyov Andy Lutomirski Archit Taneja Arnd Bergmann Baohong Liu Bart Van Assche Bastien Nocera Ben Hutchings Ben Seri Benjamin Block Bjorn Helgaas Boris Brezillon Charles Milette Charles Milette Chris Wilson Christian Lamparter Christophe JAILLET Chuck Lever Chunyu Hu Claudiu Manoil Colin Ian King Coly Li Cong Wang Dan Carpenter Dan Priamo Daniel Mentz Dave Chinner Dave Martin David S. Miller David Sterba David Teigland Dick Kennedy Dmitry Fleytman Dmitry Torokhov Dmitry Tunin Douglas Anderson Douglas Gilbert Dragos Bogdan Edwin Török Eric Dumazet Florian Fainelli Florian Westphal Greg Kroah-Hartman Guenter Roeck Hannes Reinecke Hannes Reinecke Hans Verkuil Hector Martin Helge Deller Herbert Xu Ingo Molnar J. Bruce Fields Jaegeuk Kim James Hogan James Morse James Smart James Smart Jan Kara Jeffy Chen Jens Axboe Jiri Slaby Joerg Roedel Johan Hovold Johannes Thumshirn John Stultz Jonathan Cameron Joonas Lahtinen Jose Abreu Jose Abreu Kai-Heng Feng Kalle Valo Kalle Valo Kashyap Desai Kent Overstreet Koji Matsuoka Konstantin Khlebnikov Kuninori Morimoto Lars-Peter Clausen Laurent Pinchart Laurent Pinchart Linus Torvalds Liping Zhang Long Li Maarten Lankhorst Maciej S. Szmigiero Marc Gonzalez Marc Zyngier Marcel Holtmann Marcelo Ricardo Leitner Mark Brown Mark Rutland Martijn Coenen Martin K. Petersen Mathias Nyman Matt Turner Mauro Carvalho Chehab Michael Cree Michael Ellerman Michael Lyle Michael S. Tsirkin Michal Hocko Neal Cardwell Neil Horman NeilBrown Nikolay Borisov Oleg Nesterov Oscar Campos Pablo Neira Ayuso Paul Burton Paul E. McKenney Paul Moore Pavel Machek Pavel Shilovsky Peter Hutterer Peter Zijlstra (Intel) Pierguido Lambri Rafael J. Wysocki Rakesh Pillai Ralf Baechle Richard Wareing Rohit Vaswani Ronnie Sahlberg Russell King Sabrina Dubroca Sachin Prabhu Sandeep Singh Sasha Levin Sergey Senozhatsky Shaohua Li Shivasharan S Shyam Sundar S K Srinivas Pandruvada Stefano Brivio Steffen Klassert Steffen Maier Stephan Mueller Stephen Douthit Steve Capper Steve French Steven Rostedt (VMware) Takashi Iwai Tang Junhui Tejun Heo Theodore Ts'o Thomas Bogendoerfer Todd Poynor Tony Asleson Tony Jones Vineet Gupta Vladis Dronov Wei Wang Will Deacon Wolfram Sang Wolfram Sang Xiangliang.Yu Yang Shi Yuchung Cheng zhangyi (F) zhong jiang jobs: build-amd64-xsm pass build-arm64-xsm broken build-armhf-xsm pass build-i386-xsm pass build-amd64 pass build-arm64 broken build-armhf pass build-i386 pass build-amd64-libvirt pass build-arm64-libvirt blocked build-armhf-libvirt pass build-i386-libvirt pass build-amd64-pvops pass build-arm64-pvops broken build-armhf-pvops pass build-i386-pvops pass build-amd64-rumprun pass build-i386-rumprun pass test-amd64-amd64-xl pass test-arm64-arm64-xl blocked test-armhf-armhf-xl pass test-amd64-i386-xl pass test-amd64-amd64-xl-qemut-debianhvm-amd64-xsm pass test-amd64-i386-xl-qemut-debianhvm-amd64-xsm pass test-amd64-amd64-libvirt-qemuu-debianhvm-amd64-xsm pass test-amd64-i386-libvirt-qemuu-debianhvm-amd64-xsm pass test-amd64-amd64-xl-qemuu-debianhvm-amd64-xsm pass test-amd64-i386-xl-qemuu-debianhvm-amd64-xsm pass test-amd64-amd64-xl-qemut-stubdom-debianhvm-amd64-xsm pass test-amd64-i386-xl-qemut-stubdom-debianhvm-amd64-xsm pass test-amd64-amd64-libvirt-xsm pass test-arm64-arm64-libvirt-xsm blocked test-armhf-armhf-libvirt-xsm pass test-amd64-i386-libvirt-xsm pass test-amd64-amd64-xl-xsm pass test-arm64-arm64-xl-xsm blocked test-armhf-armhf-xl-xsm pass test-amd64-i386-xl-xsm pass test-amd64-amd64-qemuu-nested-amd fail test-amd64-amd64-xl-pvh-amd pass test-amd64-i386-qemut-rhel6hvm-amd pass test-amd64-i386-qemuu-rhel6hvm-amd pass test-amd64-amd64-xl-qemut-debianhvm-amd64 pass test-amd64-i386-xl-qemut-debianhvm-amd64 pass test-amd64-amd64-xl-qemuu-debianhvm-amd64 pass test-amd64-i386-xl-qemuu-debianhvm-amd64 pass test-amd64-i386-freebsd10-amd64 pass test-amd64-amd64-xl-qemuu-ovmf-amd64 pass test-amd64-i386-xl-qemuu-ovmf-amd64 pass test-amd64-amd64-rumprun-amd64 pass test-amd64-amd64-xl-qemut-win7-amd64 pass test-amd64-i386-xl-qemut-win7-amd64 pass test-amd64-amd64-xl-qemuu-win7-amd64 pass test-amd64-i386-xl-qemuu-win7-amd64 fail test-amd64-amd64-xl-qemut-ws16-amd64 fail test-amd64-i386-xl-qemut-ws16-amd64 fail test-amd64-amd64-xl-qemuu-ws16-amd64 fail test-amd64-i386-xl-qemuu-ws16-amd64 fail test-amd64-amd64-xl-credit2 pass test-arm64-arm64-xl-credit2 blocked test-armhf-armhf-xl-credit2 pass test-amd64-amd64-examine pass test-arm64-arm64-examine blocked test-armhf-armhf-examine pass test-amd64-i386-examine pass test-amd64-i386-freebsd10-i386 pass test-amd64-i386-rumprun-i386 pass test-amd64-amd64-xl-qemut-win10-i386 fail test-amd64-i386-xl-qemut-win10-i386 fail test-amd64-amd64-xl-qemuu-win10-i386 fail test-amd64-i386-xl-qemuu-win10-i386 fail test-amd64-amd64-qemuu-nested-intel fail test-amd64-amd64-xl-pvh-intel pass test-amd64-i386-qemut-rhel6hvm-intel pass test-amd64-i386-qemuu-rhel6hvm-intel pass test-amd64-amd64-libvirt pass test-armhf-armhf-libvirt pass test-amd64-i386-libvirt pass test-armhf-armhf-xl-midway pass test-amd64-amd64-xl-multivcpu pass test-armhf-armhf-xl-multivcpu pass test-amd64-amd64-pair pass test-amd64-i386-pair pass test-amd64-amd64-libvirt-pair pass test-amd64-i386-libvirt-pair pass test-amd64-amd64-amd64-pvgrub pass test-amd64-amd64-i386-pvgrub pass test-amd64-amd64-pygrub pass test-amd64-amd64-xl-qcow2 pass test-armhf-armhf-libvirt-raw fail test-amd64-i386-xl-raw pass test-amd64-amd64-xl-rtds pass test-armhf-armhf-xl-rtds pass test-amd64-amd64-libvirt-vhd pass test-armhf-armhf-xl-vhd pass ------------------------------------------------------------ sg-report-flight on osstest.xs.citrite.net logs: /home/osstest/logs images: /home/osstest/images Logs, config files, etc. are available at http://osstest.xs.citrite.net/~osstest/testlogs/logs Test harness code can be found at http://xenbits.xensource.com/gitweb?p=osstest.git;a=summary broken-step build-arm64 hosts-allocate broken-step build-arm64-pvops hosts-allocate broken-step build-arm64-xsm hosts-allocate broken-step build-arm64-xsm capture-logs broken-step build-arm64 capture-logs broken-step build-arm64-pvops capture-logs Push not applicable. (No revision log; it would be 4868 lines long.) --===============6768214448352865510== Content-Type: text/plain; charset="utf-8" MIME-Version: 1.0 Content-Transfer-Encoding: base64 Content-Disposition: inline X19fX19fX19fX19fX19fX19fX19fX19fX19fX19fX19fX19fX19fX19fX19fX18KWGVuLWRldmVs IG1haWxpbmcgbGlzdApYZW4tZGV2ZWxAbGlzdHMueGVuLm9yZwpodHRwczovL2xpc3RzLnhlbi5v cmcveGVuLWRldmVsCg== --===============6768214448352865510==--