From mboxrd@z Thu Jan 1 00:00:00 1970 From: Platform Team regression test user Subject: [xen-unstable baseline-only test] 72405: regressions - FAIL Date: Thu, 2 Nov 2017 22:07:58 +0000 Message-ID: Mime-Version: 1.0 Content-Type: multipart/mixed; boundary="===============0457910940830969176==" Return-path: List-Unsubscribe: , List-Post: List-Help: List-Subscribe: , Errors-To: xen-devel-bounces@lists.xen.org Sender: "Xen-devel" To: xen-devel@lists.xensource.com, osstest-admin@xenproject.org List-Id: xen-devel@lists.xenproject.org --===============0457910940830969176== Content-Type: text/plain This run is configured for baseline tests only. flight 72405 xen-unstable real [real] http://osstest.xs.citrite.net/~osstest/testlogs/logs/72405/ Regressions :-( Tests which did not succeed and are blocking, including tests which could not be run: test-amd64-amd64-xl-qcow2 19 guest-start/debian.repeat fail REGR. vs. 72329 test-armhf-armhf-xl-vhd 15 guest-start/debian.repeat fail REGR. vs. 72329 Tests which did not succeed, but are not blocking: test-amd64-i386-libvirt-qcow2 17 guest-start/debian.repeat fail baseline untested test-armhf-armhf-examine 11 examine-serial/bootloader fail like 72329 test-armhf-armhf-examine 12 examine-serial/kernel fail like 72329 test-amd64-amd64-xl-qemuu-win10-i386 10 windows-install fail like 72329 test-amd64-i386-xl-qemuu-win10-i386 10 windows-install fail like 72329 test-armhf-armhf-libvirt-xsm 14 saverestore-support-check fail like 72329 test-armhf-armhf-libvirt 14 saverestore-support-check fail like 72329 test-armhf-armhf-libvirt-raw 13 saverestore-support-check fail like 72329 test-amd64-amd64-qemuu-nested-intel 10 debian-hvm-install fail like 72329 test-amd64-i386-xl-qemuu-win7-amd64 17 guest-stop fail like 72329 test-amd64-i386-xl-qemut-win7-amd64 17 guest-stop fail like 72329 test-amd64-amd64-xl-qemuu-win7-amd64 17 guest-stop fail like 72329 test-amd64-amd64-examine 4 memdisk-try-append fail never pass test-amd64-i386-libvirt 13 migrate-support-check fail never pass test-amd64-amd64-xl-pvhv2-intel 12 guest-start fail never pass test-armhf-armhf-xl-multivcpu 13 migrate-support-check fail never pass test-armhf-armhf-xl-multivcpu 14 saverestore-support-check fail never pass test-armhf-armhf-xl-xsm 13 migrate-support-check fail never pass test-armhf-armhf-xl-xsm 14 saverestore-support-check fail never pass test-amd64-i386-libvirt-xsm 13 migrate-support-check fail never pass test-armhf-armhf-xl-rtds 13 migrate-support-check fail never pass test-armhf-armhf-xl-rtds 14 saverestore-support-check fail never pass test-armhf-armhf-libvirt-xsm 13 migrate-support-check fail never pass test-armhf-armhf-xl-midway 13 migrate-support-check fail never pass test-armhf-armhf-libvirt 13 migrate-support-check fail never pass test-armhf-armhf-xl-midway 14 saverestore-support-check fail never pass test-armhf-armhf-xl 13 migrate-support-check fail never pass test-armhf-armhf-xl 14 saverestore-support-check fail never pass test-amd64-i386-xl-qemut-ws16-amd64 10 windows-install fail never pass test-amd64-amd64-xl-pvhv2-amd 12 guest-start fail never pass test-amd64-amd64-libvirt 13 migrate-support-check fail never pass test-amd64-i386-libvirt-qemuu-debianhvm-amd64-xsm 11 migrate-support-check fail never pass test-amd64-amd64-libvirt-xsm 13 migrate-support-check fail never pass test-amd64-amd64-libvirt-qemuu-debianhvm-amd64-xsm 11 migrate-support-check fail never pass test-amd64-i386-libvirt-qcow2 12 migrate-support-check fail never pass test-armhf-armhf-xl-credit2 13 migrate-support-check fail never pass test-armhf-armhf-xl-credit2 14 saverestore-support-check fail never pass test-armhf-armhf-libvirt-raw 12 migrate-support-check fail never pass test-armhf-armhf-xl-vhd 12 migrate-support-check fail never pass test-armhf-armhf-xl-vhd 13 saverestore-support-check fail never pass test-amd64-amd64-libvirt-vhd 12 migrate-support-check fail never pass test-amd64-amd64-qemuu-nested-amd 17 debian-hvm-install/l1/l2 fail never pass test-amd64-i386-xl-qemut-win10-i386 17 guest-stop fail never pass test-amd64-amd64-xl-qemut-ws16-amd64 17 guest-stop fail never pass test-amd64-i386-xl-qemuu-ws16-amd64 17 guest-stop fail never pass test-amd64-amd64-xl-qemut-win7-amd64 17 guest-stop fail never pass test-amd64-amd64-xl-qemuu-ws16-amd64 17 guest-stop fail never pass test-amd64-amd64-xl-qemut-win10-i386 17 guest-stop fail never pass version targeted for testing: xen bb2c1a1cc98a22e2d4c14b18421aa7be6c2adf0d baseline version: xen 24fb44e971a62b345c7b6ca3c03b454a1e150abe Last test of basis 72329 2017-10-18 09:48:41 Z 15 days Testing same since 72405 2017-11-02 13:45:47 Z 0 days 1 attempts ------------------------------------------------------------ People who touched revisions under test: Andre Przywara Andrew Cooper Anthony PERARD Bhupinder Thakur Boris Ostrovsky Chao Gao David Esler George Dunlap Ian Jackson Jan Beulich Juergen Gross Julien Grall Roger Pau Monne Roger Pau Monné Ross Lagerwall Stefano Stabellini Tim Deegan Wei Liu jobs: build-amd64-xsm pass build-armhf-xsm pass build-i386-xsm pass build-amd64-xtf pass build-amd64 pass build-armhf pass build-i386 pass build-amd64-libvirt pass build-armhf-libvirt pass build-i386-libvirt pass build-amd64-prev pass build-i386-prev pass build-amd64-pvops pass build-armhf-pvops pass build-i386-pvops pass build-amd64-rumprun pass build-i386-rumprun pass test-xtf-amd64-amd64-1 pass test-xtf-amd64-amd64-2 pass test-xtf-amd64-amd64-3 pass test-xtf-amd64-amd64-4 pass test-xtf-amd64-amd64-5 pass test-amd64-amd64-xl pass test-armhf-armhf-xl pass test-amd64-i386-xl pass test-amd64-amd64-xl-qemut-debianhvm-amd64-xsm pass test-amd64-i386-xl-qemut-debianhvm-amd64-xsm pass test-amd64-amd64-libvirt-qemuu-debianhvm-amd64-xsm pass test-amd64-i386-libvirt-qemuu-debianhvm-amd64-xsm pass test-amd64-amd64-xl-qemuu-debianhvm-amd64-xsm pass test-amd64-i386-xl-qemuu-debianhvm-amd64-xsm pass test-amd64-amd64-xl-qemut-stubdom-debianhvm-amd64-xsm pass test-amd64-i386-xl-qemut-stubdom-debianhvm-amd64-xsm pass test-amd64-amd64-libvirt-xsm pass test-armhf-armhf-libvirt-xsm pass test-amd64-i386-libvirt-xsm pass test-amd64-amd64-xl-xsm pass test-armhf-armhf-xl-xsm pass test-amd64-i386-xl-xsm pass test-amd64-amd64-qemuu-nested-amd fail test-amd64-amd64-xl-pvhv2-amd fail test-amd64-i386-qemut-rhel6hvm-amd pass test-amd64-i386-qemuu-rhel6hvm-amd pass test-amd64-amd64-xl-qemut-debianhvm-amd64 pass test-amd64-i386-xl-qemut-debianhvm-amd64 pass test-amd64-amd64-xl-qemuu-debianhvm-amd64 pass test-amd64-i386-xl-qemuu-debianhvm-amd64 pass test-amd64-i386-freebsd10-amd64 pass test-amd64-amd64-xl-qemuu-ovmf-amd64 pass test-amd64-i386-xl-qemuu-ovmf-amd64 pass test-amd64-amd64-rumprun-amd64 pass test-amd64-amd64-xl-qemut-win7-amd64 fail test-amd64-i386-xl-qemut-win7-amd64 fail test-amd64-amd64-xl-qemuu-win7-amd64 fail test-amd64-i386-xl-qemuu-win7-amd64 fail test-amd64-amd64-xl-qemut-ws16-amd64 fail test-amd64-i386-xl-qemut-ws16-amd64 fail test-amd64-amd64-xl-qemuu-ws16-amd64 fail test-amd64-i386-xl-qemuu-ws16-amd64 fail test-amd64-amd64-xl-credit2 pass test-armhf-armhf-xl-credit2 pass test-amd64-amd64-examine pass test-armhf-armhf-examine pass test-amd64-i386-examine pass test-amd64-i386-freebsd10-i386 pass test-amd64-i386-rumprun-i386 pass test-amd64-amd64-xl-qemut-win10-i386 fail test-amd64-i386-xl-qemut-win10-i386 fail test-amd64-amd64-xl-qemuu-win10-i386 fail test-amd64-i386-xl-qemuu-win10-i386 fail test-amd64-amd64-qemuu-nested-intel fail test-amd64-amd64-xl-pvhv2-intel fail test-amd64-i386-qemut-rhel6hvm-intel pass test-amd64-i386-qemuu-rhel6hvm-intel pass test-amd64-amd64-libvirt pass test-armhf-armhf-libvirt pass test-amd64-i386-libvirt pass test-amd64-amd64-livepatch pass test-amd64-i386-livepatch pass test-armhf-armhf-xl-midway pass test-amd64-amd64-migrupgrade pass test-amd64-i386-migrupgrade pass test-amd64-amd64-xl-multivcpu pass test-armhf-armhf-xl-multivcpu pass test-amd64-amd64-pair pass test-amd64-i386-pair pass test-amd64-amd64-libvirt-pair pass test-amd64-i386-libvirt-pair pass test-amd64-amd64-amd64-pvgrub pass test-amd64-amd64-i386-pvgrub pass test-amd64-amd64-pygrub pass test-amd64-i386-libvirt-qcow2 fail test-amd64-amd64-xl-qcow2 fail test-armhf-armhf-libvirt-raw pass test-amd64-i386-xl-raw pass test-amd64-amd64-xl-rtds pass test-armhf-armhf-xl-rtds pass test-amd64-amd64-libvirt-vhd pass test-armhf-armhf-xl-vhd fail ------------------------------------------------------------ sg-report-flight on osstest.xs.citrite.net logs: /home/osstest/logs images: /home/osstest/images Logs, config files, etc. are available at http://osstest.xs.citrite.net/~osstest/testlogs/logs Test harness code can be found at http://xenbits.xensource.com/gitweb?p=osstest.git;a=summary Push not applicable. (No revision log; it would be 686 lines long.) --===============0457910940830969176== Content-Type: text/plain; charset="utf-8" MIME-Version: 1.0 Content-Transfer-Encoding: base64 Content-Disposition: inline X19fX19fX19fX19fX19fX19fX19fX19fX19fX19fX19fX19fX19fX19fX19fX18KWGVuLWRldmVs IG1haWxpbmcgbGlzdApYZW4tZGV2ZWxAbGlzdHMueGVuLm9yZwpodHRwczovL2xpc3RzLnhlbi5v cmcveGVuLWRldmVsCg== --===============0457910940830969176==--