From: Platform Team regression test user <citrix-osstest@xenproject.org>
To: xen-devel@lists.xensource.com, osstest-admin@xenproject.org
Subject: [xen-unstable baseline-only test] 72420: regressions - FAIL
Date: Sat, 4 Nov 2017 03:46:44 +0000 [thread overview]
Message-ID: <osstest-72420-mainreport@xen.org> (raw)
This run is configured for baseline tests only.
flight 72420 xen-unstable real [real]
http://osstest.xs.citrite.net/~osstest/testlogs/logs/72420/
Regressions :-(
Tests which did not succeed and are blocking,
including tests which could not be run:
test-amd64-i386-libvirt 11 debian-fixup fail REGR. vs. 72405
test-amd64-amd64-xl-xsm 18 guest-localmigrate/x10 fail REGR. vs. 72405
test-armhf-armhf-libvirt-raw 15 guest-start/debian.repeat fail REGR. vs. 72405
test-amd64-amd64-libvirt-vhd 17 guest-start/debian.repeat fail REGR. vs. 72405
Tests which did not succeed, but are not blocking:
test-amd64-amd64-xl-qemuu-win10-i386 10 windows-install fail like 72405
test-amd64-i386-xl-qemuu-win10-i386 10 windows-install fail like 72405
test-armhf-armhf-libvirt 14 saverestore-support-check fail like 72405
test-armhf-armhf-libvirt-xsm 14 saverestore-support-check fail like 72405
test-armhf-armhf-libvirt-raw 13 saverestore-support-check fail like 72405
test-amd64-amd64-xl-qcow2 19 guest-start/debian.repeat fail like 72405
test-amd64-i386-libvirt-qcow2 17 guest-start/debian.repeat fail like 72405
test-amd64-amd64-qemuu-nested-intel 10 debian-hvm-install fail like 72405
test-amd64-i386-xl-qemuu-win7-amd64 17 guest-stop fail like 72405
test-amd64-i386-xl-qemut-win7-amd64 17 guest-stop fail like 72405
test-amd64-amd64-xl-qemuu-win7-amd64 17 guest-stop fail like 72405
test-amd64-amd64-examine 4 memdisk-try-append fail never pass
test-amd64-amd64-xl-pvhv2-intel 12 guest-start fail never pass
test-amd64-i386-libvirt-xsm 13 migrate-support-check fail never pass
test-armhf-armhf-xl-xsm 13 migrate-support-check fail never pass
test-armhf-armhf-xl-multivcpu 13 migrate-support-check fail never pass
test-armhf-armhf-xl-xsm 14 saverestore-support-check fail never pass
test-armhf-armhf-xl-multivcpu 14 saverestore-support-check fail never pass
test-armhf-armhf-xl-midway 13 migrate-support-check fail never pass
test-armhf-armhf-libvirt 13 migrate-support-check fail never pass
test-armhf-armhf-xl-midway 14 saverestore-support-check fail never pass
test-armhf-armhf-xl 13 migrate-support-check fail never pass
test-armhf-armhf-xl 14 saverestore-support-check fail never pass
test-armhf-armhf-xl-rtds 13 migrate-support-check fail never pass
test-armhf-armhf-xl-rtds 14 saverestore-support-check fail never pass
test-armhf-armhf-libvirt-xsm 13 migrate-support-check fail never pass
test-amd64-i386-xl-qemut-ws16-amd64 10 windows-install fail never pass
test-amd64-amd64-xl-pvhv2-amd 12 guest-start fail never pass
test-amd64-amd64-libvirt-xsm 13 migrate-support-check fail never pass
test-amd64-amd64-libvirt 13 migrate-support-check fail never pass
test-amd64-i386-libvirt-qcow2 12 migrate-support-check fail never pass
test-armhf-armhf-xl-credit2 13 migrate-support-check fail never pass
test-armhf-armhf-xl-credit2 14 saverestore-support-check fail never pass
test-amd64-amd64-libvirt-qemuu-debianhvm-amd64-xsm 11 migrate-support-check fail never pass
test-armhf-armhf-libvirt-raw 12 migrate-support-check fail never pass
test-amd64-i386-libvirt-qemuu-debianhvm-amd64-xsm 11 migrate-support-check fail never pass
test-armhf-armhf-xl-vhd 12 migrate-support-check fail never pass
test-armhf-armhf-xl-vhd 13 saverestore-support-check fail never pass
test-amd64-amd64-qemuu-nested-amd 17 debian-hvm-install/l1/l2 fail never pass
test-amd64-amd64-libvirt-vhd 12 migrate-support-check fail never pass
test-amd64-i386-xl-qemut-win10-i386 17 guest-stop fail never pass
test-amd64-amd64-xl-qemut-ws16-amd64 17 guest-stop fail never pass
test-amd64-i386-xl-qemuu-ws16-amd64 17 guest-stop fail never pass
test-amd64-amd64-xl-qemut-win7-amd64 17 guest-stop fail never pass
test-amd64-amd64-xl-qemuu-ws16-amd64 17 guest-stop fail never pass
test-amd64-amd64-xl-qemut-win10-i386 17 guest-stop fail never pass
version targeted for testing:
xen ff93dc55431517ed29c70dbff6721c6b0803acf9
baseline version:
xen bb2c1a1cc98a22e2d4c14b18421aa7be6c2adf0d
Last test of basis 72405 2017-11-02 13:45:47 Z 1 days
Testing same since 72420 2017-11-03 13:53:40 Z 0 days 1 attempts
------------------------------------------------------------
People who touched revisions under test:
Andrew Cooper <andrew.cooper3@citrix.com>
Andrii Anisov <andrii_anisov@epam.com>
Doug Goldstein <cardoe@cardoe.com>
Ian Jackson <ian.jackson@eu.citrix.com>
Wei Liu <wei.liu2@citrix.com>
jobs:
build-amd64-xsm pass
build-armhf-xsm pass
build-i386-xsm pass
build-amd64-xtf pass
build-amd64 pass
build-armhf pass
build-i386 pass
build-amd64-libvirt pass
build-armhf-libvirt pass
build-i386-libvirt pass
build-amd64-prev pass
build-i386-prev pass
build-amd64-pvops pass
build-armhf-pvops pass
build-i386-pvops pass
build-amd64-rumprun pass
build-i386-rumprun pass
test-xtf-amd64-amd64-1 pass
test-xtf-amd64-amd64-2 pass
test-xtf-amd64-amd64-3 pass
test-xtf-amd64-amd64-4 pass
test-xtf-amd64-amd64-5 pass
test-amd64-amd64-xl pass
test-armhf-armhf-xl pass
test-amd64-i386-xl pass
test-amd64-amd64-xl-qemut-debianhvm-amd64-xsm pass
test-amd64-i386-xl-qemut-debianhvm-amd64-xsm pass
test-amd64-amd64-libvirt-qemuu-debianhvm-amd64-xsm pass
test-amd64-i386-libvirt-qemuu-debianhvm-amd64-xsm pass
test-amd64-amd64-xl-qemuu-debianhvm-amd64-xsm pass
test-amd64-i386-xl-qemuu-debianhvm-amd64-xsm pass
test-amd64-amd64-xl-qemut-stubdom-debianhvm-amd64-xsm pass
test-amd64-i386-xl-qemut-stubdom-debianhvm-amd64-xsm pass
test-amd64-amd64-libvirt-xsm pass
test-armhf-armhf-libvirt-xsm pass
test-amd64-i386-libvirt-xsm pass
test-amd64-amd64-xl-xsm fail
test-armhf-armhf-xl-xsm pass
test-amd64-i386-xl-xsm pass
test-amd64-amd64-qemuu-nested-amd fail
test-amd64-amd64-xl-pvhv2-amd fail
test-amd64-i386-qemut-rhel6hvm-amd pass
test-amd64-i386-qemuu-rhel6hvm-amd pass
test-amd64-amd64-xl-qemut-debianhvm-amd64 pass
test-amd64-i386-xl-qemut-debianhvm-amd64 pass
test-amd64-amd64-xl-qemuu-debianhvm-amd64 pass
test-amd64-i386-xl-qemuu-debianhvm-amd64 pass
test-amd64-i386-freebsd10-amd64 pass
test-amd64-amd64-xl-qemuu-ovmf-amd64 pass
test-amd64-i386-xl-qemuu-ovmf-amd64 pass
test-amd64-amd64-rumprun-amd64 pass
test-amd64-amd64-xl-qemut-win7-amd64 fail
test-amd64-i386-xl-qemut-win7-amd64 fail
test-amd64-amd64-xl-qemuu-win7-amd64 fail
test-amd64-i386-xl-qemuu-win7-amd64 fail
test-amd64-amd64-xl-qemut-ws16-amd64 fail
test-amd64-i386-xl-qemut-ws16-amd64 fail
test-amd64-amd64-xl-qemuu-ws16-amd64 fail
test-amd64-i386-xl-qemuu-ws16-amd64 fail
test-amd64-amd64-xl-credit2 pass
test-armhf-armhf-xl-credit2 pass
test-amd64-amd64-examine pass
test-armhf-armhf-examine pass
test-amd64-i386-examine pass
test-amd64-i386-freebsd10-i386 pass
test-amd64-i386-rumprun-i386 pass
test-amd64-amd64-xl-qemut-win10-i386 fail
test-amd64-i386-xl-qemut-win10-i386 fail
test-amd64-amd64-xl-qemuu-win10-i386 fail
test-amd64-i386-xl-qemuu-win10-i386 fail
test-amd64-amd64-qemuu-nested-intel fail
test-amd64-amd64-xl-pvhv2-intel fail
test-amd64-i386-qemut-rhel6hvm-intel pass
test-amd64-i386-qemuu-rhel6hvm-intel pass
test-amd64-amd64-libvirt pass
test-armhf-armhf-libvirt pass
test-amd64-i386-libvirt fail
test-amd64-amd64-livepatch pass
test-amd64-i386-livepatch pass
test-armhf-armhf-xl-midway pass
test-amd64-amd64-migrupgrade pass
test-amd64-i386-migrupgrade pass
test-amd64-amd64-xl-multivcpu pass
test-armhf-armhf-xl-multivcpu pass
test-amd64-amd64-pair pass
test-amd64-i386-pair pass
test-amd64-amd64-libvirt-pair pass
test-amd64-i386-libvirt-pair pass
test-amd64-amd64-amd64-pvgrub pass
test-amd64-amd64-i386-pvgrub pass
test-amd64-amd64-pygrub pass
test-amd64-i386-libvirt-qcow2 fail
test-amd64-amd64-xl-qcow2 fail
test-armhf-armhf-libvirt-raw fail
test-amd64-i386-xl-raw pass
test-amd64-amd64-xl-rtds pass
test-armhf-armhf-xl-rtds pass
test-amd64-amd64-libvirt-vhd fail
test-armhf-armhf-xl-vhd pass
------------------------------------------------------------
sg-report-flight on osstest.xs.citrite.net
logs: /home/osstest/logs
images: /home/osstest/images
Logs, config files, etc. are available at
http://osstest.xs.citrite.net/~osstest/testlogs/logs
Test harness code can be found at
http://xenbits.xensource.com/gitweb?p=osstest.git;a=summary
Push not applicable.
------------------------------------------------------------
commit ff93dc55431517ed29c70dbff6721c6b0803acf9
Author: Andrew Cooper <andrew.cooper3@citrix.com>
Date: Tue Oct 31 17:07:41 2017 +0000
common/multicall: Increase debugability for bad hypercalls
While investigating an issue (in a new codepath I'd introduced, as it turns
out), leaving interrupts disabled manifested as a subsequent op in the
multicall failing a check_lock() test.
The codepath would have hit the ASSERT_NOT_IN_ATOMIC on the return-to-guest
path, had it not hit the check_lock() first.
Call ASSERT_NOT_IN_ATOMIC() after each operation in the multicall, to make
failures more obvious.
Signed-off-by: Andrew Cooper <andrew.cooper3@citrix.com>
Reviewed-by: George Dunlap <george.dunlap@citrix.com>
Reviewed-by: Wei Liu <wei.liu2@citrix.com>
Release-acked-by: Julien Grall <julien.grall@linaro.org>
commit a79d4503e48739b48533737de6978397d8b3e69e
Author: Andrew Cooper <andrew.cooper3@citrix.com>
Date: Mon Oct 30 17:42:52 2017 +0000
common/spinlock: Improve the output from check_lock() if it trips
If check_lock() triggers, a crash will occur. Instead of simply identifying
"the irq context was different", indicate the expected and current irq
context.
Signed-off-by: Andrew Cooper <andrew.cooper3@citrix.com>
Reviewed-by: Wei Liu <wei.liu2@citrix.com>
Reviewed-by: George Dunlap <george.dunlap@citrix.com>
Release-acked-by: Julien Grall <julien.grall@linaro.org>
commit 9f592d103014e9e63119d52dac19ba20c3574922
Author: Doug Goldstein <cardoe@cardoe.com>
Date: Tue Oct 31 10:20:11 2017 -0500
gdbsx: prefer privcmd character device
Prefer using the character device over the proc file if the character
device exists.
CC: Elena Ufimtseva <elena.ufimtseva@oracle.com>
CC: Ian Jackson <ian.jackson@eu.citrix.com>
CC: Stefano Stabellini <stefano.stabellini@eu.citrix.com>
CC: Wei Liu <wei.liu2@citrix.com>
Signed-off-by: Doug Goldstein <cardoe@cardoe.com>
Reviewed-by: Elena Ufimtseva <elena.ufimtseva@oracle.com>
Release-acked-by: Julien Grall <julien.grall@linaro.org>
commit b3b3de05a84d26509122b96f299db3f8196b3fbe
Author: Andrii Anisov <andrii_anisov@epam.com>
Date: Fri Oct 27 19:52:37 2017 +0300
tools/hotplug: create XEN_LOG_DIR at runtime
/var/log could be a tmpfs mount point, so create xen subfolder at runtime.
Signed-off-by: Andrii Anisov <andrii_anisov@epam.com>
Reviewed-by: Volodymyr Babchuk <volodymyr_babchuk@epam.com>
Reviewed-by: Oleksandr Andrushchenko <oleksandr_andrushchenko@epam.com>
Acked-by: Wei Liu <wei.liu2@citrix.com>
Acked-by: Ian Jackson <ian.jackson@eu.citrix.com>
Release-acked-by: Julien Grall <julien.grall@linaro.org>
(qemu changes not included)
_______________________________________________
Xen-devel mailing list
Xen-devel@lists.xen.org
https://lists.xen.org/xen-devel
reply other threads:[~2017-11-04 3:46 UTC|newest]
Thread overview: [no followups] expand[flat|nested] mbox.gz Atom feed
Reply instructions:
You may reply publicly to this message via plain-text email
using any one of the following methods:
* Save the following mbox file, import it into your mail client,
and reply-to-all from there: mbox
Avoid top-posting and favor interleaved quoting:
https://en.wikipedia.org/wiki/Posting_style#Interleaved_style
* Reply using the --to, --cc, and --in-reply-to
switches of git-send-email(1):
git send-email \
--in-reply-to=osstest-72420-mainreport@xen.org \
--to=citrix-osstest@xenproject.org \
--cc=osstest-admin@xenproject.org \
--cc=xen-devel@lists.xensource.com \
/path/to/YOUR_REPLY
https://kernel.org/pub/software/scm/git/docs/git-send-email.html
* If your mail client supports setting the In-Reply-To header
via mailto: links, try the mailto: link
Be sure your reply has a Subject: header at the top and a blank line
before the message body.
This is a public inbox, see mirroring instructions
for how to clone and mirror all data and code used for this inbox;
as well as URLs for NNTP newsgroup(s).