xen-devel.lists.xenproject.org archive mirror
 help / color / mirror / Atom feed
* [seabios baseline-only test] 72427: tolerable FAIL
@ 2017-11-04 16:27 Platform Team regression test user
  0 siblings, 0 replies; only message in thread
From: Platform Team regression test user @ 2017-11-04 16:27 UTC (permalink / raw)
  To: xen-devel, osstest-admin

This run is configured for baseline tests only.

flight 72427 seabios real [real]
http://osstest.xs.citrite.net/~osstest/testlogs/logs/72427/

Failures :-/ but no regressions.

Tests which did not succeed, but are not blocking:
 test-amd64-amd64-qemuu-nested-intel 13 xen-install/l1    fail blocked in 72424
 test-amd64-i386-xl-qemuu-win7-amd64 17 guest-stop              fail like 72424
 test-amd64-amd64-xl-qemuu-win7-amd64 17 guest-stop             fail like 72424
 test-amd64-i386-xl-qemuu-ws16-amd64 10 windows-install         fail never pass
 test-amd64-amd64-xl-qemuu-ws16-amd64 10 windows-install        fail never pass
 test-amd64-amd64-libvirt-qemuu-debianhvm-amd64-xsm 11 migrate-support-check fail never pass
 test-amd64-i386-libvirt-qemuu-debianhvm-amd64-xsm 11 migrate-support-check fail never pass
 test-amd64-amd64-qemuu-nested-amd 17 debian-hvm-install/l1/l2  fail never pass
 test-amd64-i386-xl-qemuu-win10-i386 17 guest-stop              fail never pass
 test-amd64-amd64-xl-qemuu-win10-i386 17 guest-stop             fail never pass

version targeted for testing:
 seabios              0ca6d6277dfafc671a5b3718cbeb5c78e2a888ea
baseline version:
 seabios              488e1c3fef2e789d38a5190baae977131a911fa7

Last test of basis    72424  2017-11-03 20:53:57 Z    0 days
Testing same since    72427  2017-11-04 12:47:25 Z    0 days    1 attempts

------------------------------------------------------------
People who touched revisions under test:
  Gerd Hoffmann <kraxel@redhat.com>

jobs:
 build-amd64-xsm                                              pass    
 build-i386-xsm                                               pass    
 build-amd64                                                  pass    
 build-i386                                                   pass    
 build-amd64-libvirt                                          pass    
 build-i386-libvirt                                           pass    
 build-amd64-pvops                                            pass    
 build-i386-pvops                                             pass    
 test-amd64-amd64-libvirt-qemuu-debianhvm-amd64-xsm           pass    
 test-amd64-i386-libvirt-qemuu-debianhvm-amd64-xsm            pass    
 test-amd64-amd64-xl-qemuu-debianhvm-amd64-xsm                pass    
 test-amd64-i386-xl-qemuu-debianhvm-amd64-xsm                 pass    
 test-amd64-amd64-qemuu-nested-amd                            fail    
 test-amd64-i386-qemuu-rhel6hvm-amd                           pass    
 test-amd64-amd64-xl-qemuu-debianhvm-amd64                    pass    
 test-amd64-i386-xl-qemuu-debianhvm-amd64                     pass    
 test-amd64-amd64-xl-qemuu-win7-amd64                         fail    
 test-amd64-i386-xl-qemuu-win7-amd64                          fail    
 test-amd64-amd64-xl-qemuu-ws16-amd64                         fail    
 test-amd64-i386-xl-qemuu-ws16-amd64                          fail    
 test-amd64-amd64-xl-qemuu-win10-i386                         fail    
 test-amd64-i386-xl-qemuu-win10-i386                          fail    
 test-amd64-amd64-qemuu-nested-intel                          fail    
 test-amd64-i386-qemuu-rhel6hvm-intel                         pass    


------------------------------------------------------------
sg-report-flight on osstest.xs.citrite.net
logs: /home/osstest/logs
images: /home/osstest/images

Logs, config files, etc. are available at
    http://osstest.xs.citrite.net/~osstest/testlogs/logs

Test harness code can be found at
    http://xenbits.xensource.com/gitweb?p=osstest.git;a=summary


Push not applicable.

------------------------------------------------------------
commit 0ca6d6277dfafc671a5b3718cbeb5c78e2a888ea
Author: Gerd Hoffmann <kraxel@redhat.com>
Date:   Fri Nov 3 08:40:57 2017 +0100

    sercon: Disable ScreenAndDebug in case both serial console and serial debug are active
    
    Signed-off-by: Gerd Hoffmann <kraxel@redhat.com>

_______________________________________________
Xen-devel mailing list
Xen-devel@lists.xen.org
https://lists.xen.org/xen-devel

^ permalink raw reply	[flat|nested] only message in thread

only message in thread, other threads:[~2017-11-04 16:27 UTC | newest]

Thread overview: (only message) (download: mbox.gz follow: Atom feed
-- links below jump to the message on this page --
2017-11-04 16:27 [seabios baseline-only test] 72427: tolerable FAIL Platform Team regression test user

This is a public inbox, see mirroring instructions
for how to clone and mirror all data and code used for this inbox;
as well as URLs for NNTP newsgroup(s).