From mboxrd@z Thu Jan 1 00:00:00 1970 From: Platform Team regression test user Subject: [linux-3.10 baseline-only test] 72428: regressions - FAIL Date: Mon, 6 Nov 2017 01:49:49 +0000 Message-ID: Mime-Version: 1.0 Content-Type: multipart/mixed; boundary="===============5900747472727784256==" Return-path: List-Unsubscribe: , List-Post: List-Help: List-Subscribe: , Errors-To: xen-devel-bounces@lists.xen.org Sender: "Xen-devel" To: xen-devel@lists.xensource.com, osstest-admin@xenproject.org List-Id: xen-devel@lists.xenproject.org --===============5900747472727784256== Content-Type: text/plain This run is configured for baseline tests only. flight 72428 linux-3.10 real [real] http://osstest.xs.citrite.net/~osstest/testlogs/logs/72428/ Regressions :-( Tests which did not succeed and are blocking, including tests which could not be run: test-amd64-i386-xl-xsm 20 guest-start/debian.repeat fail REGR. vs. 71611 test-amd64-amd64-qemuu-nested-intel 13 xen-install/l1 fail REGR. vs. 71611 Tests which did not succeed, but are not blocking: test-amd64-i386-libvirt-qcow2 17 guest-start/debian.repeat fail baseline untested test-amd64-i386-xl-qemut-win7-amd64 17 guest-stop fail blocked in 71611 test-amd64-amd64-xl-qemuu-win7-amd64 17 guest-stop fail like 71611 test-amd64-amd64-examine 4 memdisk-try-append fail never pass test-amd64-i386-xl-qemut-win10-i386 10 windows-install fail never pass test-amd64-i386-libvirt-xsm 13 migrate-support-check fail never pass test-amd64-amd64-xl-qemut-win10-i386 10 windows-install fail never pass test-amd64-i386-xl-qemuu-ws16-amd64 10 windows-install fail never pass test-amd64-amd64-xl-qemut-ws16-amd64 10 windows-install fail never pass test-amd64-i386-libvirt 13 migrate-support-check fail never pass test-amd64-amd64-libvirt 13 migrate-support-check fail never pass test-amd64-amd64-libvirt-xsm 13 migrate-support-check fail never pass test-amd64-amd64-xl-pvhv2-intel 12 guest-start fail never pass test-amd64-amd64-xl-pvhv2-amd 12 guest-start fail never pass test-amd64-i386-libvirt-qcow2 12 migrate-support-check fail never pass test-amd64-amd64-libvirt-qemuu-debianhvm-amd64-xsm 11 migrate-support-check fail never pass test-amd64-i386-libvirt-qemuu-debianhvm-amd64-xsm 11 migrate-support-check fail never pass test-amd64-amd64-qemuu-nested-amd 17 debian-hvm-install/l1/l2 fail never pass test-amd64-amd64-libvirt-vhd 12 migrate-support-check fail never pass test-amd64-amd64-xl-qemuu-win10-i386 17 guest-stop fail never pass test-amd64-i386-xl-qemuu-win10-i386 17 guest-stop fail never pass test-amd64-i386-xl-qemuu-win7-amd64 17 guest-stop fail never pass test-amd64-amd64-xl-qemut-win7-amd64 17 guest-stop fail never pass test-amd64-i386-xl-qemut-ws16-amd64 17 guest-stop fail never pass test-amd64-amd64-xl-qemuu-ws16-amd64 17 guest-stop fail never pass version targeted for testing: linux e7a59c7f266809d17dcde20fd2055e23e7eb6895 baseline version: linux 0e3d5747a3ef9986d7617cec396850bf9d039309 Last test of basis 71611 2017-06-27 23:22:24 Z 131 days Testing same since 72428 2017-11-05 18:48:16 Z 0 days 1 attempts ------------------------------------------------------------ People who touched revisions under test: "Eric W. Biederman" Adam Borowski Al Viro Alexander Potapenko Andreas Gruenbacher Andrew Gabbasov Andrew Morton Andrey Konovalov Anssi Hannula Anton Blanchard Arend van Spriel Arnaldo Carvalho de Melo Arnd Bergmann Baohong Liu Benjamin Block Bo Yan Cheah Kok Cheong Chris Brandt Christoph Paasch Christophe JAILLET Cong Wang Dan Carpenter Darrick J. Wong David Ahern David Howells David S. Miller David Sterba Doug Ledford Erez Shitrit Eric Biggers Eric Dumazet Felipe Balbi Felipe Balbi Feras Daoud Florian Fainelli Florian Westphal Gao Feng Greg Kroah-Hartman Hans Verkuil Haozhong Zhang Helge Deller Herbert Xu Horia Geantă Ian Abbott Ilya Matveychikov Ilya V. Matveychikov Ingo Molnar Ira Weiny James Hogan James Morris James Morse James Shen Jan Kara Jason Yan Jerry Lee Jin Yao Jiri Pirko Joerg Roedel Johan Hovold Johannes Berg Johannes Thumshirn Jonathan Cameron Josh Poimboeuf Jouni Malinen Julian Anastasov Kazuya Mizuguchi Kees Cook Konstantin Khlebnikov Krzysztof Kozlowski Lad, Prabhakar Laura Abbott Lee Jones Leon Romanovsky Leon Romanovsky Linus Torvalds Liping Zhang Lorenzo Colitti Maciej W. Rozycki Mahesh Bandewar Majd Dibbiny Marc Kleine-Budde Marcel Holtmann Marcelo Ricardo Leitner Marcin Nowakowski Martin Hicks Martin K. Petersen Masami Hiramatsu Mateusz Jurczyk Mauro Carvalho Chehab Michael Ellerman Michael Thalmeier Michal Hocko Miklos Szeredi Mimi Zohar Nandita Dukkipati Naveen N. Rao Neal Cardwell Neil Horman NeilBrown Nicholas Bellinger Oliver O'Halloran Pablo Neira Ayuso Pan Bian Paolo Bonzini Paul E. McKenney Peter Chen Prabhakar Lad Radim Krčmář Rafael J. Wysocki Ralf Baechle Rik van Riel Rodolfo Giometti Roger Quadros Russell King Sabrina Dubroca Satoru Takeuchi Shaohua Li Soheil Hassas Yeganeh Srinivas Dasari Stefan Mätje Steffen Klassert Steffen Maier Stephan Mueller Steven Rostedt (VMware) Takashi Iwai Tariq Toukan Tejun Heo Theodore Ts'o Tomasz Wilczyński Tony Lindgren Ulf Hansson Uwe Kleine-König Viresh Kumar Vladis Dronov WANG Cong Wanpeng Li Wei Wang Willem de Bruijn Willy Tarreau Xin Long Yao Jin Yoshihiro Shimoda Yuchung Cheng jobs: build-amd64-xsm pass build-i386-xsm pass build-amd64 pass build-i386 pass build-amd64-libvirt pass build-i386-libvirt pass build-amd64-pvops pass build-i386-pvops pass build-amd64-rumprun pass build-i386-rumprun pass test-amd64-amd64-xl pass test-amd64-i386-xl pass test-amd64-amd64-xl-qemut-debianhvm-amd64-xsm pass test-amd64-i386-xl-qemut-debianhvm-amd64-xsm pass test-amd64-amd64-libvirt-qemuu-debianhvm-amd64-xsm pass test-amd64-i386-libvirt-qemuu-debianhvm-amd64-xsm pass test-amd64-amd64-xl-qemuu-debianhvm-amd64-xsm pass test-amd64-i386-xl-qemuu-debianhvm-amd64-xsm pass test-amd64-amd64-xl-qemut-stubdom-debianhvm-amd64-xsm pass test-amd64-i386-xl-qemut-stubdom-debianhvm-amd64-xsm pass test-amd64-amd64-libvirt-xsm pass test-amd64-i386-libvirt-xsm pass test-amd64-amd64-xl-xsm pass test-amd64-i386-xl-xsm fail test-amd64-amd64-qemuu-nested-amd fail test-amd64-amd64-xl-pvhv2-amd fail test-amd64-i386-qemut-rhel6hvm-amd pass test-amd64-i386-qemuu-rhel6hvm-amd pass test-amd64-amd64-xl-qemut-debianhvm-amd64 pass test-amd64-i386-xl-qemut-debianhvm-amd64 pass test-amd64-amd64-xl-qemuu-debianhvm-amd64 pass test-amd64-i386-xl-qemuu-debianhvm-amd64 pass test-amd64-i386-freebsd10-amd64 pass test-amd64-amd64-xl-qemuu-ovmf-amd64 pass test-amd64-i386-xl-qemuu-ovmf-amd64 pass test-amd64-amd64-rumprun-amd64 pass test-amd64-amd64-xl-qemut-win7-amd64 fail test-amd64-i386-xl-qemut-win7-amd64 fail test-amd64-amd64-xl-qemuu-win7-amd64 fail test-amd64-i386-xl-qemuu-win7-amd64 fail test-amd64-amd64-xl-qemut-ws16-amd64 fail test-amd64-i386-xl-qemut-ws16-amd64 fail test-amd64-amd64-xl-qemuu-ws16-amd64 fail test-amd64-i386-xl-qemuu-ws16-amd64 fail test-amd64-amd64-xl-credit2 pass test-amd64-amd64-examine pass test-amd64-i386-examine pass test-amd64-i386-freebsd10-i386 pass test-amd64-i386-rumprun-i386 pass test-amd64-amd64-xl-qemut-win10-i386 fail test-amd64-i386-xl-qemut-win10-i386 fail test-amd64-amd64-xl-qemuu-win10-i386 fail test-amd64-i386-xl-qemuu-win10-i386 fail test-amd64-amd64-qemuu-nested-intel fail test-amd64-amd64-xl-pvhv2-intel fail test-amd64-i386-qemut-rhel6hvm-intel pass test-amd64-i386-qemuu-rhel6hvm-intel pass test-amd64-amd64-libvirt pass test-amd64-i386-libvirt pass test-amd64-amd64-xl-multivcpu pass test-amd64-amd64-pair pass test-amd64-i386-pair pass test-amd64-amd64-libvirt-pair pass test-amd64-i386-libvirt-pair pass test-amd64-amd64-amd64-pvgrub pass test-amd64-amd64-i386-pvgrub pass test-amd64-amd64-pygrub pass test-amd64-i386-libvirt-qcow2 fail test-amd64-amd64-xl-qcow2 pass test-amd64-i386-xl-raw pass test-amd64-amd64-xl-rtds pass test-amd64-amd64-libvirt-vhd pass ------------------------------------------------------------ sg-report-flight on osstest.xs.citrite.net logs: /home/osstest/logs images: /home/osstest/images Logs, config files, etc. are available at http://osstest.xs.citrite.net/~osstest/testlogs/logs Test harness code can be found at http://xenbits.xensource.com/gitweb?p=osstest.git;a=summary Push not applicable. (No revision log; it would be 4498 lines long.) --===============5900747472727784256== Content-Type: text/plain; charset="utf-8" MIME-Version: 1.0 Content-Transfer-Encoding: base64 Content-Disposition: inline X19fX19fX19fX19fX19fX19fX19fX19fX19fX19fX19fX19fX19fX19fX19fX18KWGVuLWRldmVs IG1haWxpbmcgbGlzdApYZW4tZGV2ZWxAbGlzdHMueGVuLm9yZwpodHRwczovL2xpc3RzLnhlbi5v cmcveGVuLWRldmVsCg== --===============5900747472727784256==--