From mboxrd@z Thu Jan 1 00:00:00 1970 From: Platform Team regression test user Subject: [linux-3.18 baseline-only test] 72454: regressions - FAIL Date: Thu, 16 Nov 2017 15:05:56 +0000 Message-ID: Mime-Version: 1.0 Content-Type: multipart/mixed; boundary="===============5822166471479801494==" Return-path: List-Unsubscribe: , List-Post: List-Help: List-Subscribe: , Errors-To: xen-devel-bounces@lists.xen.org Sender: "Xen-devel" To: xen-devel@lists.xensource.com, osstest-admin@xenproject.org List-Id: xen-devel@lists.xenproject.org --===============5822166471479801494== Content-Type: text/plain This run is configured for baseline tests only. flight 72454 linux-3.18 real [real] http://osstest.xs.citrite.net/~osstest/testlogs/logs/72454/ Regressions :-( Tests which did not succeed and are blocking, including tests which could not be run: test-armhf-armhf-examine 11 examine-serial/bootloader fail REGR. vs. 72446 test-armhf-armhf-examine 12 examine-serial/kernel fail REGR. vs. 72446 test-amd64-amd64-xl-qemuu-ws16-amd64 7 xen-boot fail REGR. vs. 72446 test-amd64-i386-pair 11 xen-boot/dst_host fail REGR. vs. 72446 Tests which did not succeed, but are not blocking: test-amd64-amd64-xl-qemuu-win10-i386 10 windows-install fail like 72446 test-armhf-armhf-libvirt-xsm 14 saverestore-support-check fail like 72446 test-armhf-armhf-libvirt 14 saverestore-support-check fail like 72446 test-amd64-i386-freebsd10-amd64 11 guest-start fail like 72446 test-armhf-armhf-libvirt-raw 13 saverestore-support-check fail like 72446 test-amd64-amd64-qemuu-nested-intel 10 debian-hvm-install fail like 72446 test-amd64-i386-xl-qemuu-win7-amd64 17 guest-stop fail like 72446 test-amd64-amd64-xl-qemuu-win7-amd64 17 guest-stop fail like 72446 test-amd64-amd64-xl-qemut-win7-amd64 17 guest-stop fail like 72446 test-amd64-i386-xl-qemut-win7-amd64 17 guest-stop fail like 72446 test-amd64-amd64-examine 4 memdisk-try-append fail never pass test-amd64-i386-xl-qemuu-win10-i386 10 windows-install fail never pass test-amd64-amd64-xl-qemut-win10-i386 10 windows-install fail never pass test-amd64-amd64-xl-pvhv2-intel 12 guest-start fail never pass test-armhf-armhf-xl 13 migrate-support-check fail never pass test-armhf-armhf-xl 14 saverestore-support-check fail never pass test-armhf-armhf-xl-xsm 13 migrate-support-check fail never pass test-armhf-armhf-xl-xsm 14 saverestore-support-check fail never pass test-armhf-armhf-xl-rtds 13 migrate-support-check fail never pass test-armhf-armhf-xl-rtds 14 saverestore-support-check fail never pass test-armhf-armhf-libvirt-xsm 13 migrate-support-check fail never pass test-armhf-armhf-xl-credit2 13 migrate-support-check fail never pass test-armhf-armhf-xl-credit2 14 saverestore-support-check fail never pass test-armhf-armhf-libvirt 13 migrate-support-check fail never pass test-armhf-armhf-xl-midway 13 migrate-support-check fail never pass test-armhf-armhf-xl-midway 14 saverestore-support-check fail never pass test-amd64-amd64-xl-pvhv2-amd 12 guest-start fail never pass test-armhf-armhf-xl-multivcpu 13 migrate-support-check fail never pass test-armhf-armhf-xl-multivcpu 14 saverestore-support-check fail never pass test-amd64-i386-libvirt 13 migrate-support-check fail never pass test-amd64-i386-libvirt-xsm 13 migrate-support-check fail never pass test-amd64-amd64-libvirt-xsm 13 migrate-support-check fail never pass test-amd64-amd64-libvirt 13 migrate-support-check fail never pass test-armhf-armhf-libvirt-raw 12 migrate-support-check fail never pass test-amd64-i386-libvirt-qcow2 12 migrate-support-check fail never pass test-amd64-amd64-libvirt-qemuu-debianhvm-amd64-xsm 11 migrate-support-check fail never pass test-armhf-armhf-xl-vhd 12 migrate-support-check fail never pass test-armhf-armhf-xl-vhd 13 saverestore-support-check fail never pass test-amd64-i386-libvirt-qemuu-debianhvm-amd64-xsm 11 migrate-support-check fail never pass test-amd64-amd64-qemuu-nested-amd 17 debian-hvm-install/l1/l2 fail never pass test-amd64-amd64-libvirt-vhd 12 migrate-support-check fail never pass test-amd64-i386-xl-qemut-win10-i386 17 guest-stop fail never pass test-amd64-amd64-xl-qemut-ws16-amd64 17 guest-stop fail never pass test-amd64-i386-xl-qemuu-ws16-amd64 17 guest-stop fail never pass test-amd64-i386-xl-qemut-ws16-amd64 17 guest-stop fail never pass version targeted for testing: linux 37cdf969145fd1590b1590df5b3695245e17f01b baseline version: linux 943dc0b3ef9f0168494d6dca305cd0cf53a0b3d4 Last test of basis 72446 2017-11-14 08:51:59 Z 2 days Testing same since 72454 2017-11-15 20:29:08 Z 0 days 1 attempts ------------------------------------------------------------ People who touched revisions under test: Akinobu Mita Alison Schofield Andrey Ryabinin Bartlomiej Zolnierkiewicz Boris Ostrovsky Borislav Petkov Daniel Vetter David Howells David Lechner David S. Miller Dmitry Torokhov Doug Ledford Erez Shitrit Eric Biggers Fengguang Wu Feras Daoud Gilad Ben-Yossef Greg Kroah-Hartman Gustavo A. R. Silva Herbert Xu Ilya Dryomov James Hogan James Morris Jonas Gorski Jonathan Cameron Juergen Gross Laurent Pinchart Leon Romanovsky Maciej W. Rozycki Magnus Öberg Marc Kleine-Budde Mark Rutland Noralf Trønnes Oswald Buddenhagen Patrick Bruenn Paul Burton Richard Schütz Rob Herring Roger Quadros Russell King Sasha Levin Sekhar Nori Shawn Guo Steffen Klassert Takashi Iwai Thomas Gleixner Tony Lindgren Volodymyr Bendiuga William wu jobs: build-amd64-xsm pass build-armhf-xsm pass build-i386-xsm pass build-amd64 pass build-armhf pass build-i386 pass build-amd64-libvirt pass build-armhf-libvirt pass build-i386-libvirt pass build-amd64-pvops pass build-armhf-pvops pass build-i386-pvops pass build-amd64-rumprun pass build-i386-rumprun pass test-amd64-amd64-xl pass test-armhf-armhf-xl pass test-amd64-i386-xl pass test-amd64-amd64-xl-qemut-debianhvm-amd64-xsm pass test-amd64-i386-xl-qemut-debianhvm-amd64-xsm pass test-amd64-amd64-libvirt-qemuu-debianhvm-amd64-xsm pass test-amd64-i386-libvirt-qemuu-debianhvm-amd64-xsm pass test-amd64-amd64-xl-qemuu-debianhvm-amd64-xsm pass test-amd64-i386-xl-qemuu-debianhvm-amd64-xsm pass test-amd64-amd64-xl-qemut-stubdom-debianhvm-amd64-xsm pass test-amd64-i386-xl-qemut-stubdom-debianhvm-amd64-xsm pass test-amd64-amd64-libvirt-xsm pass test-armhf-armhf-libvirt-xsm pass test-amd64-i386-libvirt-xsm pass test-amd64-amd64-xl-xsm pass test-armhf-armhf-xl-xsm pass test-amd64-i386-xl-xsm pass test-amd64-amd64-qemuu-nested-amd fail test-amd64-amd64-xl-pvhv2-amd fail test-amd64-i386-qemut-rhel6hvm-amd pass test-amd64-i386-qemuu-rhel6hvm-amd pass test-amd64-amd64-xl-qemut-debianhvm-amd64 pass test-amd64-i386-xl-qemut-debianhvm-amd64 pass test-amd64-amd64-xl-qemuu-debianhvm-amd64 pass test-amd64-i386-xl-qemuu-debianhvm-amd64 pass test-amd64-i386-freebsd10-amd64 fail test-amd64-amd64-xl-qemuu-ovmf-amd64 pass test-amd64-i386-xl-qemuu-ovmf-amd64 pass test-amd64-amd64-rumprun-amd64 pass test-amd64-amd64-xl-qemut-win7-amd64 fail test-amd64-i386-xl-qemut-win7-amd64 fail test-amd64-amd64-xl-qemuu-win7-amd64 fail test-amd64-i386-xl-qemuu-win7-amd64 fail test-amd64-amd64-xl-qemut-ws16-amd64 fail test-amd64-i386-xl-qemut-ws16-amd64 fail test-amd64-amd64-xl-qemuu-ws16-amd64 fail test-amd64-i386-xl-qemuu-ws16-amd64 fail test-amd64-amd64-xl-credit2 pass test-armhf-armhf-xl-credit2 pass test-amd64-amd64-examine pass test-armhf-armhf-examine pass test-amd64-i386-examine pass test-amd64-i386-freebsd10-i386 pass test-amd64-i386-rumprun-i386 pass test-amd64-amd64-xl-qemut-win10-i386 fail test-amd64-i386-xl-qemut-win10-i386 fail test-amd64-amd64-xl-qemuu-win10-i386 fail test-amd64-i386-xl-qemuu-win10-i386 fail test-amd64-amd64-qemuu-nested-intel fail test-amd64-amd64-xl-pvhv2-intel fail test-amd64-i386-qemut-rhel6hvm-intel pass test-amd64-i386-qemuu-rhel6hvm-intel pass test-amd64-amd64-libvirt pass test-armhf-armhf-libvirt pass test-amd64-i386-libvirt pass test-armhf-armhf-xl-midway pass test-amd64-amd64-xl-multivcpu pass test-armhf-armhf-xl-multivcpu pass test-amd64-amd64-pair pass test-amd64-i386-pair fail test-amd64-amd64-libvirt-pair pass test-amd64-i386-libvirt-pair pass test-amd64-amd64-amd64-pvgrub pass test-amd64-amd64-i386-pvgrub pass test-amd64-amd64-pygrub pass test-amd64-i386-libvirt-qcow2 pass test-amd64-amd64-xl-qcow2 pass test-armhf-armhf-libvirt-raw pass test-amd64-i386-xl-raw pass test-amd64-amd64-xl-rtds pass test-armhf-armhf-xl-rtds pass test-amd64-amd64-libvirt-vhd pass test-armhf-armhf-xl-vhd pass ------------------------------------------------------------ sg-report-flight on osstest.xs.citrite.net logs: /home/osstest/logs images: /home/osstest/images Logs, config files, etc. are available at http://osstest.xs.citrite.net/~osstest/testlogs/logs Test harness code can be found at http://xenbits.xensource.com/gitweb?p=osstest.git;a=summary Push not applicable. (No revision log; it would be 753 lines long.) --===============5822166471479801494== Content-Type: text/plain; charset="utf-8" MIME-Version: 1.0 Content-Transfer-Encoding: base64 Content-Disposition: inline X19fX19fX19fX19fX19fX19fX19fX19fX19fX19fX19fX19fX19fX19fX19fX18KWGVuLWRldmVs IG1haWxpbmcgbGlzdApYZW4tZGV2ZWxAbGlzdHMueGVuLm9yZwpodHRwczovL2xpc3RzLnhlbi5v cmcveGVuLWRldmVsCg== --===============5822166471479801494==--