xen-devel.lists.xenproject.org archive mirror
 help / color / mirror / Atom feed
* [linux-3.18 baseline-only test] 72465: regressions - FAIL
@ 2017-11-19 12:06 Platform Team regression test user
  0 siblings, 0 replies; only message in thread
From: Platform Team regression test user @ 2017-11-19 12:06 UTC (permalink / raw)
  To: xen-devel, osstest-admin

This run is configured for baseline tests only.

flight 72465 linux-3.18 real [real]
http://osstest.xs.citrite.net/~osstest/testlogs/logs/72465/

Regressions :-(

Tests which did not succeed and are blocking,
including tests which could not be run:
 test-amd64-amd64-pair        10 xen-boot/src_host         fail REGR. vs. 72454
 test-amd64-amd64-xl-qemuu-debianhvm-amd64-xsm  7 xen-boot fail REGR. vs. 72454
 test-armhf-armhf-libvirt-raw 15 guest-start/debian.repeat fail REGR. vs. 72454

Regressions which are regarded as allowable (not blocking):
 test-amd64-i386-rumprun-i386 17 rumprun-demo-xenstorels/xenstorels.repeat fail REGR. vs. 72454

Tests which did not succeed, but are not blocking:
 test-amd64-amd64-xl-qemuu-win10-i386 10 windows-install        fail like 72454
 test-armhf-armhf-libvirt-xsm 14 saverestore-support-check    fail   like 72454
 test-armhf-armhf-libvirt     14 saverestore-support-check    fail   like 72454
 test-amd64-i386-freebsd10-amd64 11 guest-start                 fail like 72454
 test-armhf-armhf-libvirt-raw 13 saverestore-support-check    fail   like 72454
 test-amd64-amd64-qemuu-nested-intel 10 debian-hvm-install      fail like 72454
 test-amd64-i386-xl-qemuu-win7-amd64 17 guest-stop              fail like 72454
 test-amd64-amd64-xl-qemuu-win7-amd64 17 guest-stop             fail like 72454
 test-amd64-i386-xl-qemut-win7-amd64 17 guest-stop              fail like 72454
 test-amd64-amd64-xl-qemut-win7-amd64 17 guest-stop             fail like 72454
 test-amd64-amd64-examine      4 memdisk-try-append           fail   never pass
 test-amd64-amd64-xl-qemut-win10-i386 10 windows-install        fail never pass
 test-amd64-i386-xl-qemuu-win10-i386 10 windows-install         fail never pass
 test-amd64-amd64-xl-pvhv2-intel 12 guest-start                 fail never pass
 test-armhf-armhf-xl          13 migrate-support-check        fail   never pass
 test-armhf-armhf-xl          14 saverestore-support-check    fail   never pass
 test-armhf-armhf-xl-rtds     13 migrate-support-check        fail   never pass
 test-armhf-armhf-xl-rtds     14 saverestore-support-check    fail   never pass
 test-armhf-armhf-libvirt-xsm 13 migrate-support-check        fail   never pass
 test-armhf-armhf-xl-credit2  13 migrate-support-check        fail   never pass
 test-armhf-armhf-xl-credit2  14 saverestore-support-check    fail   never pass
 test-armhf-armhf-libvirt     13 migrate-support-check        fail   never pass
 test-armhf-armhf-xl-midway   13 migrate-support-check        fail   never pass
 test-armhf-armhf-xl-midway   14 saverestore-support-check    fail   never pass
 test-armhf-armhf-xl-xsm      13 migrate-support-check        fail   never pass
 test-armhf-armhf-xl-xsm      14 saverestore-support-check    fail   never pass
 test-armhf-armhf-xl-multivcpu 13 migrate-support-check        fail  never pass
 test-armhf-armhf-xl-multivcpu 14 saverestore-support-check    fail  never pass
 test-amd64-amd64-xl-pvhv2-amd 12 guest-start                  fail  never pass
 test-amd64-i386-libvirt      13 migrate-support-check        fail   never pass
 test-amd64-amd64-libvirt     13 migrate-support-check        fail   never pass
 test-amd64-i386-libvirt-xsm  13 migrate-support-check        fail   never pass
 test-amd64-amd64-libvirt-xsm 13 migrate-support-check        fail   never pass
 test-armhf-armhf-libvirt-raw 12 migrate-support-check        fail   never pass
 test-amd64-i386-libvirt-qcow2 12 migrate-support-check        fail  never pass
 test-armhf-armhf-xl-vhd      12 migrate-support-check        fail   never pass
 test-armhf-armhf-xl-vhd      13 saverestore-support-check    fail   never pass
 test-amd64-amd64-libvirt-qemuu-debianhvm-amd64-xsm 11 migrate-support-check fail never pass
 test-amd64-i386-libvirt-qemuu-debianhvm-amd64-xsm 11 migrate-support-check fail never pass
 test-amd64-amd64-qemuu-nested-amd 17 debian-hvm-install/l1/l2  fail never pass
 test-amd64-amd64-libvirt-vhd 12 migrate-support-check        fail   never pass
 test-amd64-i386-xl-qemut-win10-i386 17 guest-stop              fail never pass
 test-amd64-amd64-xl-qemuu-ws16-amd64 17 guest-stop             fail never pass
 test-amd64-amd64-xl-qemut-ws16-amd64 17 guest-stop             fail never pass
 test-amd64-i386-xl-qemuu-ws16-amd64 17 guest-stop              fail never pass
 test-amd64-i386-xl-qemut-ws16-amd64 17 guest-stop              fail never pass

version targeted for testing:
 linux                2f95dcc30a114dae9c0e54cdb451050e9261fdc6
baseline version:
 linux                37cdf969145fd1590b1590df5b3695245e17f01b

Last test of basis    72454  2017-11-15 20:29:08 Z    3 days
Testing same since    72465  2017-11-19 03:50:57 Z    0 days    1 attempts

------------------------------------------------------------
People who touched revisions under test:
  Alan Stern <stern@rowland.harvard.edu>
  Alexei Starovoitov <ast@kernel.org>
  Andrei Vagin <avagin@openvz.org>
  Andrey Konovalov <andreyknvl@google.com>
  Bart Van Assche <bart.vanassche@sandisk.com>
  Bilal Amarni <bilal.amarni@gmail.com>
  Cong Wang <xiyou.wangcong@gmail.com>
  Craig Gallek <kraig@google.com>
  David Howells <dhowells@redhat.com>
  David S. Miller <davem@davemloft.net>
  Dmitry Torokhov <dmitry.torokhov@gmail.com>
  Eric Dumazet <edumazet@google.com>
  Felipe Balbi <felipe.balbi@linux.intel.com>
  Greg Kroah-Hartman <gregkh@linuxfoundation.org>
  Guillaume Nault <g.nault@alphalink.fr>
  James Morris <james.l.morris@oracle.com>
  Jason A. Donenfeld <Jason@zx2c4.com>
  Johannes Berg <johannes.berg@intel.com>
  Julien Gomes <julien@arista.com>
  Marcelo Ricardo Leitner <marcelo.leitner@gmail.com>
  Neal Cardwell <ncardwell@google.com>
  Neil Horman <nhorman@tuxdriver.com>
  Nicholas Bellinger <nab@linux-iscsi.org>
  Xin Long <lucien.xin@gmail.com>
  Yuchung Cheng <ycheng@google.com>

jobs:
 build-amd64-xsm                                              pass    
 build-armhf-xsm                                              pass    
 build-i386-xsm                                               pass    
 build-amd64                                                  pass    
 build-armhf                                                  pass    
 build-i386                                                   pass    
 build-amd64-libvirt                                          pass    
 build-armhf-libvirt                                          pass    
 build-i386-libvirt                                           pass    
 build-amd64-pvops                                            pass    
 build-armhf-pvops                                            pass    
 build-i386-pvops                                             pass    
 build-amd64-rumprun                                          pass    
 build-i386-rumprun                                           pass    
 test-amd64-amd64-xl                                          pass    
 test-armhf-armhf-xl                                          pass    
 test-amd64-i386-xl                                           pass    
 test-amd64-amd64-xl-qemut-debianhvm-amd64-xsm                pass    
 test-amd64-i386-xl-qemut-debianhvm-amd64-xsm                 pass    
 test-amd64-amd64-libvirt-qemuu-debianhvm-amd64-xsm           pass    
 test-amd64-i386-libvirt-qemuu-debianhvm-amd64-xsm            pass    
 test-amd64-amd64-xl-qemuu-debianhvm-amd64-xsm                fail    
 test-amd64-i386-xl-qemuu-debianhvm-amd64-xsm                 pass    
 test-amd64-amd64-xl-qemut-stubdom-debianhvm-amd64-xsm        pass    
 test-amd64-i386-xl-qemut-stubdom-debianhvm-amd64-xsm         pass    
 test-amd64-amd64-libvirt-xsm                                 pass    
 test-armhf-armhf-libvirt-xsm                                 pass    
 test-amd64-i386-libvirt-xsm                                  pass    
 test-amd64-amd64-xl-xsm                                      pass    
 test-armhf-armhf-xl-xsm                                      pass    
 test-amd64-i386-xl-xsm                                       pass    
 test-amd64-amd64-qemuu-nested-amd                            fail    
 test-amd64-amd64-xl-pvhv2-amd                                fail    
 test-amd64-i386-qemut-rhel6hvm-amd                           pass    
 test-amd64-i386-qemuu-rhel6hvm-amd                           pass    
 test-amd64-amd64-xl-qemut-debianhvm-amd64                    pass    
 test-amd64-i386-xl-qemut-debianhvm-amd64                     pass    
 test-amd64-amd64-xl-qemuu-debianhvm-amd64                    pass    
 test-amd64-i386-xl-qemuu-debianhvm-amd64                     pass    
 test-amd64-i386-freebsd10-amd64                              fail    
 test-amd64-amd64-xl-qemuu-ovmf-amd64                         pass    
 test-amd64-i386-xl-qemuu-ovmf-amd64                          pass    
 test-amd64-amd64-rumprun-amd64                               pass    
 test-amd64-amd64-xl-qemut-win7-amd64                         fail    
 test-amd64-i386-xl-qemut-win7-amd64                          fail    
 test-amd64-amd64-xl-qemuu-win7-amd64                         fail    
 test-amd64-i386-xl-qemuu-win7-amd64                          fail    
 test-amd64-amd64-xl-qemut-ws16-amd64                         fail    
 test-amd64-i386-xl-qemut-ws16-amd64                          fail    
 test-amd64-amd64-xl-qemuu-ws16-amd64                         fail    
 test-amd64-i386-xl-qemuu-ws16-amd64                          fail    
 test-amd64-amd64-xl-credit2                                  pass    
 test-armhf-armhf-xl-credit2                                  pass    
 test-amd64-amd64-examine                                     pass    
 test-armhf-armhf-examine                                     pass    
 test-amd64-i386-examine                                      pass    
 test-amd64-i386-freebsd10-i386                               pass    
 test-amd64-i386-rumprun-i386                                 fail    
 test-amd64-amd64-xl-qemut-win10-i386                         fail    
 test-amd64-i386-xl-qemut-win10-i386                          fail    
 test-amd64-amd64-xl-qemuu-win10-i386                         fail    
 test-amd64-i386-xl-qemuu-win10-i386                          fail    
 test-amd64-amd64-qemuu-nested-intel                          fail    
 test-amd64-amd64-xl-pvhv2-intel                              fail    
 test-amd64-i386-qemut-rhel6hvm-intel                         pass    
 test-amd64-i386-qemuu-rhel6hvm-intel                         pass    
 test-amd64-amd64-libvirt                                     pass    
 test-armhf-armhf-libvirt                                     pass    
 test-amd64-i386-libvirt                                      pass    
 test-armhf-armhf-xl-midway                                   pass    
 test-amd64-amd64-xl-multivcpu                                pass    
 test-armhf-armhf-xl-multivcpu                                pass    
 test-amd64-amd64-pair                                        fail    
 test-amd64-i386-pair                                         pass    
 test-amd64-amd64-libvirt-pair                                pass    
 test-amd64-i386-libvirt-pair                                 pass    
 test-amd64-amd64-amd64-pvgrub                                pass    
 test-amd64-amd64-i386-pvgrub                                 pass    
 test-amd64-amd64-pygrub                                      pass    
 test-amd64-i386-libvirt-qcow2                                pass    
 test-amd64-amd64-xl-qcow2                                    pass    
 test-armhf-armhf-libvirt-raw                                 fail    
 test-amd64-i386-xl-raw                                       pass    
 test-amd64-amd64-xl-rtds                                     pass    
 test-armhf-armhf-xl-rtds                                     pass    
 test-amd64-amd64-libvirt-vhd                                 pass    
 test-armhf-armhf-xl-vhd                                      pass    


------------------------------------------------------------
sg-report-flight on osstest.xs.citrite.net
logs: /home/osstest/logs
images: /home/osstest/images

Logs, config files, etc. are available at
    http://osstest.xs.citrite.net/~osstest/testlogs/logs

Test harness code can be found at
    http://xenbits.xensource.com/gitweb?p=osstest.git;a=summary


Push not applicable.

(No revision log; it would be 599 lines long.)

_______________________________________________
Xen-devel mailing list
Xen-devel@lists.xen.org
https://lists.xen.org/xen-devel

^ permalink raw reply	[flat|nested] only message in thread

only message in thread, other threads:[~2017-11-19 12:06 UTC | newest]

Thread overview: (only message) (download: mbox.gz follow: Atom feed
-- links below jump to the message on this page --
2017-11-19 12:06 [linux-3.18 baseline-only test] 72465: regressions - FAIL Platform Team regression test user

This is a public inbox, see mirroring instructions
for how to clone and mirror all data and code used for this inbox;
as well as URLs for NNTP newsgroup(s).