From mboxrd@z Thu Jan 1 00:00:00 1970 From: Platform Team regression test user Subject: [qemu-mainline baseline-only test] 72488: regressions - FAIL Date: Fri, 24 Nov 2017 13:59:12 +0000 Message-ID: Mime-Version: 1.0 Content-Type: multipart/mixed; boundary="===============4976368500438940645==" Return-path: List-Unsubscribe: , List-Post: List-Help: List-Subscribe: , Errors-To: xen-devel-bounces@lists.xenproject.org Sender: "Xen-devel" To: xen-devel@lists.xensource.com, osstest-admin@xenproject.org List-Id: xen-devel@lists.xenproject.org --===============4976368500438940645== Content-Type: text/plain This run is configured for baseline tests only. flight 72488 qemu-mainline real [real] http://osstest.xs.citrite.net/~osstest/testlogs/logs/72488/ Regressions :-( Tests which did not succeed and are blocking, including tests which could not be run: test-amd64-i386-xl-qemuu-ws16-amd64 7 xen-boot fail REGR. vs. 72452 test-amd64-i386-qemuu-rhel6hvm-amd 7 xen-boot fail REGR. vs. 72452 test-amd64-i386-xl-qemuu-win10-i386 7 xen-boot fail REGR. vs. 72452 test-amd64-amd64-xl-credit2 7 xen-boot fail REGR. vs. 72452 test-amd64-amd64-amd64-pvgrub 17 guest-localmigrate/x10 fail REGR. vs. 72452 test-amd64-i386-libvirt-qcow2 20 leak-check/check fail REGR. vs. 72452 test-amd64-amd64-xl-qemuu-win7-amd64 16 guest-localmigrate/x10 fail REGR. vs. 72452 Tests which did not succeed, but are not blocking: test-amd64-amd64-qemuu-nested-intel 14 xen-boot/l1 fail blocked in 72452 test-armhf-armhf-libvirt-xsm 14 saverestore-support-check fail like 72452 test-armhf-armhf-libvirt 14 saverestore-support-check fail like 72452 test-armhf-armhf-libvirt-raw 13 saverestore-support-check fail like 72452 test-amd64-amd64-qemuu-nested-amd 14 xen-boot/l1 fail like 72452 test-amd64-i386-xl-qemuu-win7-amd64 17 guest-stop fail like 72452 test-amd64-amd64-xl-qemuu-ws16-amd64 10 windows-install fail never pass test-armhf-armhf-xl 13 migrate-support-check fail never pass test-armhf-armhf-xl 14 saverestore-support-check fail never pass test-armhf-armhf-xl-rtds 13 migrate-support-check fail never pass test-armhf-armhf-xl-rtds 14 saverestore-support-check fail never pass test-armhf-armhf-xl-credit2 13 migrate-support-check fail never pass test-armhf-armhf-xl-credit2 14 saverestore-support-check fail never pass test-amd64-amd64-libvirt 13 migrate-support-check fail never pass test-armhf-armhf-xl-midway 13 migrate-support-check fail never pass test-armhf-armhf-libvirt-xsm 13 migrate-support-check fail never pass test-armhf-armhf-xl-midway 14 saverestore-support-check fail never pass test-armhf-armhf-libvirt 13 migrate-support-check fail never pass test-armhf-armhf-xl-xsm 13 migrate-support-check fail never pass test-armhf-armhf-xl-xsm 14 saverestore-support-check fail never pass test-amd64-amd64-xl-pvhv2-intel 12 guest-start fail never pass test-armhf-armhf-xl-multivcpu 13 migrate-support-check fail never pass test-armhf-armhf-xl-multivcpu 14 saverestore-support-check fail never pass test-amd64-i386-libvirt-xsm 13 migrate-support-check fail never pass test-amd64-amd64-xl-pvhv2-amd 12 guest-start fail never pass test-amd64-i386-libvirt 13 migrate-support-check fail never pass test-amd64-amd64-libvirt-xsm 13 migrate-support-check fail never pass test-armhf-armhf-libvirt-raw 12 migrate-support-check fail never pass test-amd64-i386-libvirt-qcow2 12 migrate-support-check fail never pass test-amd64-i386-libvirt-qemuu-debianhvm-amd64-xsm 11 migrate-support-check fail never pass test-armhf-armhf-xl-vhd 12 migrate-support-check fail never pass test-armhf-armhf-xl-vhd 13 saverestore-support-check fail never pass test-amd64-amd64-libvirt-vhd 12 migrate-support-check fail never pass test-amd64-amd64-libvirt-qemuu-debianhvm-amd64-xsm 11 migrate-support-check fail never pass test-amd64-amd64-xl-qemuu-win10-i386 17 guest-stop fail never pass version targeted for testing: qemuu a15d835f00dce270fd3194e83d9910f4b5b44ac0 baseline version: qemuu 1fa0f627d03cd0d0755924247cafeb42969016bf Last test of basis 72452 2017-11-15 16:48:58 Z 8 days Testing same since 72488 2017-11-24 06:57:43 Z 0 days 1 attempts ------------------------------------------------------------ People who touched revisions under test: "Daniel P. Berrange" Alberto Garcia Alex Bennée Alexey Kardashevskiy Anton Nefedov BALATON Zoltan Christian Borntraeger Cornelia Huck Daniel Henrique Barboza Daniel P. Berrange Dariusz Stojaczyk David Gibson David Hildenbrand Dou Liyang Dr. David Alan Gilbert Ed Swierk Emilio G. Cota Eric Blake Gerd Hoffmann Greg Kurz Helge Deller James Clarke James Cowgill Jason Wang Jeff Cody Jindrich Makovicka Joel Stanley John Paul Adrian Glaubitz Kevin Wolf linzhecheng Mao Zhongyi Marc-André Lureau Marcel Apfelbaum Maria Klimushenkova Max Reitz Michael Roth Michael S. Tsirkin Mike Nawrocki Paolo Bonzini Pavel Dovgalyuk Peter Maydell Philippe Mathieu-Daudé Richard Henderson Richard Henderson Riku Voipio Stefan Berger Stefan Hajnoczi Stefan Weil Stefano Stabellini Suraj Jitindar Singh Thomas Huth Vladimir Sementsov-Ogievskiy Wang Guang Wang Yong Wanpeng Li Wei Huang Yongbok Kim ZhiPeng Lu jobs: build-amd64-xsm pass build-armhf-xsm pass build-i386-xsm pass build-amd64 pass build-armhf pass build-i386 pass build-amd64-libvirt pass build-armhf-libvirt pass build-i386-libvirt pass build-amd64-pvops pass build-armhf-pvops pass build-i386-pvops pass test-amd64-amd64-xl pass test-armhf-armhf-xl pass test-amd64-i386-xl pass test-amd64-amd64-libvirt-qemuu-debianhvm-amd64-xsm pass test-amd64-i386-libvirt-qemuu-debianhvm-amd64-xsm pass test-amd64-amd64-xl-qemuu-debianhvm-amd64-xsm pass test-amd64-i386-xl-qemuu-debianhvm-amd64-xsm pass test-amd64-amd64-libvirt-xsm pass test-armhf-armhf-libvirt-xsm pass test-amd64-i386-libvirt-xsm pass test-amd64-amd64-xl-xsm pass test-armhf-armhf-xl-xsm pass test-amd64-i386-xl-xsm pass test-amd64-amd64-qemuu-nested-amd fail test-amd64-amd64-xl-pvhv2-amd fail test-amd64-i386-qemuu-rhel6hvm-amd fail test-amd64-amd64-xl-qemuu-debianhvm-amd64 pass test-amd64-i386-xl-qemuu-debianhvm-amd64 pass test-amd64-i386-freebsd10-amd64 pass test-amd64-amd64-xl-qemuu-ovmf-amd64 pass test-amd64-i386-xl-qemuu-ovmf-amd64 pass test-amd64-amd64-xl-qemuu-win7-amd64 fail test-amd64-i386-xl-qemuu-win7-amd64 fail test-amd64-amd64-xl-qemuu-ws16-amd64 fail test-amd64-i386-xl-qemuu-ws16-amd64 fail test-amd64-amd64-xl-credit2 fail test-armhf-armhf-xl-credit2 pass test-amd64-i386-freebsd10-i386 pass test-amd64-amd64-xl-qemuu-win10-i386 fail test-amd64-i386-xl-qemuu-win10-i386 fail test-amd64-amd64-qemuu-nested-intel fail test-amd64-amd64-xl-pvhv2-intel fail test-amd64-i386-qemuu-rhel6hvm-intel pass test-amd64-amd64-libvirt pass test-armhf-armhf-libvirt pass test-amd64-i386-libvirt pass test-armhf-armhf-xl-midway pass test-amd64-amd64-xl-multivcpu pass test-armhf-armhf-xl-multivcpu pass test-amd64-amd64-pair pass test-amd64-i386-pair pass test-amd64-amd64-libvirt-pair pass test-amd64-i386-libvirt-pair pass test-amd64-amd64-amd64-pvgrub fail test-amd64-amd64-i386-pvgrub pass test-amd64-amd64-pygrub pass test-amd64-i386-libvirt-qcow2 fail test-amd64-amd64-xl-qcow2 pass test-armhf-armhf-libvirt-raw pass test-amd64-i386-xl-raw pass test-amd64-amd64-xl-rtds pass test-armhf-armhf-xl-rtds pass test-amd64-amd64-libvirt-vhd pass test-armhf-armhf-xl-vhd pass ------------------------------------------------------------ sg-report-flight on osstest.xs.citrite.net logs: /home/osstest/logs images: /home/osstest/images Logs, config files, etc. are available at http://osstest.xs.citrite.net/~osstest/testlogs/logs Test harness code can be found at http://xenbits.xensource.com/gitweb?p=osstest.git;a=summary Push not applicable. (No revision log; it would be 2653 lines long.) --===============4976368500438940645== Content-Type: text/plain; charset="utf-8" MIME-Version: 1.0 Content-Transfer-Encoding: base64 Content-Disposition: inline X19fX19fX19fX19fX19fX19fX19fX19fX19fX19fX19fX19fX19fX19fX19fX18KWGVuLWRldmVs IG1haWxpbmcgbGlzdApYZW4tZGV2ZWxAbGlzdHMueGVucHJvamVjdC5vcmcKaHR0cHM6Ly9saXN0 cy54ZW5wcm9qZWN0Lm9yZy9tYWlsbWFuL2xpc3RpbmZvL3hlbi1kZXZlbA== --===============4976368500438940645==--