* [xen-unstable baseline-only test] 72491: regressions - FAIL
@ 2017-11-25 12:32 Platform Team regression test user
0 siblings, 0 replies; only message in thread
From: Platform Team regression test user @ 2017-11-25 12:32 UTC (permalink / raw)
To: xen-devel, osstest-admin
This run is configured for baseline tests only.
flight 72491 xen-unstable real [real]
http://osstest.xs.citrite.net/~osstest/testlogs/logs/72491/
Regressions :-(
Tests which did not succeed and are blocking,
including tests which could not be run:
test-armhf-armhf-xl-xsm 7 xen-boot fail REGR. vs. 72485
test-armhf-armhf-examine 11 examine-serial/bootloader fail REGR. vs. 72485
test-armhf-armhf-examine 12 examine-serial/kernel fail REGR. vs. 72485
test-amd64-i386-xl 7 xen-boot fail REGR. vs. 72485
test-amd64-amd64-qemuu-nested-amd 7 xen-boot fail REGR. vs. 72485
test-amd64-i386-qemuu-rhel6hvm-intel 7 xen-boot fail REGR. vs. 72485
test-armhf-armhf-xl 19 leak-check/check fail REGR. vs. 72485
test-armhf-armhf-libvirt 16 guest-start/debian.repeat fail REGR. vs. 72485
test-amd64-amd64-xl-qemuu-win7-amd64 16 guest-localmigrate/x10 fail REGR. vs. 72485
Tests which did not succeed, but are not blocking:
test-amd64-amd64-xl-qemuu-win10-i386 10 windows-install fail like 72485
test-amd64-i386-xl-qemuu-win10-i386 10 windows-install fail like 72485
test-armhf-armhf-libvirt-xsm 14 saverestore-support-check fail like 72485
test-armhf-armhf-libvirt 14 saverestore-support-check fail like 72485
test-armhf-armhf-libvirt-raw 13 saverestore-support-check fail like 72485
test-amd64-amd64-qemuu-nested-intel 17 debian-hvm-install/l1/l2 fail like 72485
test-amd64-amd64-xl-qemut-ws16-amd64 16 guest-localmigrate/x10 fail like 72485
test-amd64-i386-xl-qemuu-win7-amd64 17 guest-stop fail like 72485
test-amd64-i386-xl-qemut-win7-amd64 17 guest-stop fail like 72485
test-amd64-amd64-examine 4 memdisk-try-append fail never pass
test-amd64-amd64-xl-pvhv2-intel 12 guest-start fail never pass
test-armhf-armhf-xl-midway 13 migrate-support-check fail never pass
test-armhf-armhf-xl-midway 14 saverestore-support-check fail never pass
test-armhf-armhf-libvirt-xsm 13 migrate-support-check fail never pass
test-armhf-armhf-xl-multivcpu 13 migrate-support-check fail never pass
test-armhf-armhf-xl-multivcpu 14 saverestore-support-check fail never pass
test-armhf-armhf-xl-rtds 13 migrate-support-check fail never pass
test-armhf-armhf-xl-rtds 14 saverestore-support-check fail never pass
test-armhf-armhf-xl-credit2 13 migrate-support-check fail never pass
test-armhf-armhf-xl-credit2 14 saverestore-support-check fail never pass
test-armhf-armhf-libvirt 13 migrate-support-check fail never pass
test-armhf-armhf-xl 13 migrate-support-check fail never pass
test-armhf-armhf-xl 14 saverestore-support-check fail never pass
test-amd64-i386-libvirt-xsm 13 migrate-support-check fail never pass
test-amd64-amd64-xl-pvhv2-amd 12 guest-start fail never pass
test-amd64-amd64-libvirt-xsm 13 migrate-support-check fail never pass
test-amd64-amd64-libvirt 13 migrate-support-check fail never pass
test-amd64-i386-xl-qemut-ws16-amd64 10 windows-install fail never pass
test-amd64-i386-libvirt 13 migrate-support-check fail never pass
test-armhf-armhf-libvirt-raw 12 migrate-support-check fail never pass
test-amd64-i386-libvirt-qcow2 12 migrate-support-check fail never pass
test-armhf-armhf-xl-vhd 12 migrate-support-check fail never pass
test-armhf-armhf-xl-vhd 13 saverestore-support-check fail never pass
test-amd64-amd64-libvirt-qemuu-debianhvm-amd64-xsm 11 migrate-support-check fail never pass
test-amd64-i386-libvirt-qemuu-debianhvm-amd64-xsm 11 migrate-support-check fail never pass
test-amd64-amd64-libvirt-vhd 12 migrate-support-check fail never pass
test-amd64-i386-xl-qemut-win10-i386 17 guest-stop fail never pass
test-amd64-i386-xl-qemuu-ws16-amd64 17 guest-stop fail never pass
test-amd64-amd64-xl-qemut-win7-amd64 17 guest-stop fail never pass
test-amd64-amd64-xl-qemuu-ws16-amd64 17 guest-stop fail never pass
test-amd64-amd64-xl-qemut-win10-i386 17 guest-stop fail never pass
version targeted for testing:
xen bf87b7f7d91a25404216e0a0f3e628ce9bf1f82e
baseline version:
xen d2f86bf604698806d311cc251c1b66fbb752673c
Last test of basis 72485 2017-11-23 12:16:24 Z 2 days
Testing same since 72491 2017-11-25 02:20:34 Z 0 days 1 attempts
------------------------------------------------------------
People who touched revisions under test:
Andrew Cooper <andrew.cooper3@citrix.com>
George Dunlap <george.dunlap@citrix.com>
Ian Jackson <ian.jackson@citrix.com>
Jan Beulich <jbeulich@suse.com>
Julien Grall <julien.grall@linaro.org>
jobs:
build-amd64-xsm pass
build-armhf-xsm pass
build-i386-xsm pass
build-amd64-xtf pass
build-amd64 pass
build-armhf pass
build-i386 pass
build-amd64-libvirt pass
build-armhf-libvirt pass
build-i386-libvirt pass
build-amd64-prev pass
build-i386-prev pass
build-amd64-pvops pass
build-armhf-pvops pass
build-i386-pvops pass
build-amd64-rumprun pass
build-i386-rumprun pass
test-xtf-amd64-amd64-1 pass
test-xtf-amd64-amd64-2 pass
test-xtf-amd64-amd64-3 pass
test-xtf-amd64-amd64-4 pass
test-xtf-amd64-amd64-5 pass
test-amd64-amd64-xl pass
test-armhf-armhf-xl fail
test-amd64-i386-xl fail
test-amd64-amd64-xl-qemut-debianhvm-amd64-xsm pass
test-amd64-i386-xl-qemut-debianhvm-amd64-xsm pass
test-amd64-amd64-libvirt-qemuu-debianhvm-amd64-xsm pass
test-amd64-i386-libvirt-qemuu-debianhvm-amd64-xsm pass
test-amd64-amd64-xl-qemuu-debianhvm-amd64-xsm pass
test-amd64-i386-xl-qemuu-debianhvm-amd64-xsm pass
test-amd64-amd64-xl-qemut-stubdom-debianhvm-amd64-xsm pass
test-amd64-i386-xl-qemut-stubdom-debianhvm-amd64-xsm pass
test-amd64-amd64-libvirt-xsm pass
test-armhf-armhf-libvirt-xsm pass
test-amd64-i386-libvirt-xsm pass
test-amd64-amd64-xl-xsm pass
test-armhf-armhf-xl-xsm fail
test-amd64-i386-xl-xsm pass
test-amd64-amd64-qemuu-nested-amd fail
test-amd64-amd64-xl-pvhv2-amd fail
test-amd64-i386-qemut-rhel6hvm-amd pass
test-amd64-i386-qemuu-rhel6hvm-amd pass
test-amd64-amd64-xl-qemut-debianhvm-amd64 pass
test-amd64-i386-xl-qemut-debianhvm-amd64 pass
test-amd64-amd64-xl-qemuu-debianhvm-amd64 pass
test-amd64-i386-xl-qemuu-debianhvm-amd64 pass
test-amd64-i386-freebsd10-amd64 pass
test-amd64-amd64-xl-qemuu-ovmf-amd64 pass
test-amd64-i386-xl-qemuu-ovmf-amd64 pass
test-amd64-amd64-rumprun-amd64 pass
test-amd64-amd64-xl-qemut-win7-amd64 fail
test-amd64-i386-xl-qemut-win7-amd64 fail
test-amd64-amd64-xl-qemuu-win7-amd64 fail
test-amd64-i386-xl-qemuu-win7-amd64 fail
test-amd64-amd64-xl-qemut-ws16-amd64 fail
test-amd64-i386-xl-qemut-ws16-amd64 fail
test-amd64-amd64-xl-qemuu-ws16-amd64 fail
test-amd64-i386-xl-qemuu-ws16-amd64 fail
test-amd64-amd64-xl-credit2 pass
test-armhf-armhf-xl-credit2 pass
test-amd64-amd64-examine pass
test-armhf-armhf-examine pass
test-amd64-i386-examine pass
test-amd64-i386-freebsd10-i386 pass
test-amd64-i386-rumprun-i386 pass
test-amd64-amd64-xl-qemut-win10-i386 fail
test-amd64-i386-xl-qemut-win10-i386 fail
test-amd64-amd64-xl-qemuu-win10-i386 fail
test-amd64-i386-xl-qemuu-win10-i386 fail
test-amd64-amd64-qemuu-nested-intel fail
test-amd64-amd64-xl-pvhv2-intel fail
test-amd64-i386-qemut-rhel6hvm-intel pass
test-amd64-i386-qemuu-rhel6hvm-intel fail
test-amd64-amd64-libvirt pass
test-armhf-armhf-libvirt fail
test-amd64-i386-libvirt pass
test-amd64-amd64-livepatch pass
test-amd64-i386-livepatch pass
test-armhf-armhf-xl-midway pass
test-amd64-amd64-migrupgrade pass
test-amd64-i386-migrupgrade pass
test-amd64-amd64-xl-multivcpu pass
test-armhf-armhf-xl-multivcpu pass
test-amd64-amd64-pair pass
test-amd64-i386-pair pass
test-amd64-amd64-libvirt-pair pass
test-amd64-i386-libvirt-pair pass
test-amd64-amd64-amd64-pvgrub pass
test-amd64-amd64-i386-pvgrub pass
test-amd64-amd64-pygrub pass
test-amd64-i386-libvirt-qcow2 pass
test-amd64-amd64-xl-qcow2 pass
test-armhf-armhf-libvirt-raw pass
test-amd64-i386-xl-raw pass
test-amd64-amd64-xl-rtds pass
test-armhf-armhf-xl-rtds pass
test-amd64-amd64-libvirt-vhd pass
test-armhf-armhf-xl-vhd pass
------------------------------------------------------------
sg-report-flight on osstest.xs.citrite.net
logs: /home/osstest/logs
images: /home/osstest/images
Logs, config files, etc. are available at
http://osstest.xs.citrite.net/~osstest/testlogs/logs
Test harness code can be found at
http://xenbits.xensource.com/gitweb?p=osstest.git;a=summary
Push not applicable.
------------------------------------------------------------
commit bf87b7f7d91a25404216e0a0f3e628ce9bf1f82e
Author: George Dunlap <george.dunlap@citrix.com>
Date: Wed Nov 22 19:19:01 2017 +0000
SUPPORT.md: Add scalability features
Superpage support and PVHVM.
Signed-off-by: George Dunlap <george.dunlap@citrix.com>
Acked-by: Jan Beulich <jbeulich@suse.com>
Acked-by: Julien Grall <julien.gralL@linaro.org>
commit 23cb13ade9f7d0404c1019d146da8733acd54472
Author: George Dunlap <george.dunlap@citrix.com>
Date: Thu Nov 23 17:32:16 2017 +0000
SUPPORT.md: Add core ARM features
Hardware support and guest type.
Signed-off-by: George Dunlap <george.dunlap@citrix.com>
Acked-by: Julien Grall <julien.grall@linaro.org>
commit 2d8b91749e1bba887021adf81e6fd72b4d0d06df
Author: George Dunlap <george.dunlap@citrix.com>
Date: Thu Nov 23 17:32:16 2017 +0000
SUPPORT.md: Add some x86 features
Including host architecture support and guest types.
Signed-off-by: George Dunlap <george.dunlap@citrix.com>
Acked-by: Jan Beulich <jbeulich@suse.com>
commit 94933806dba956686fefbb3f2481bc0175e12c75
Author: George Dunlap <george.dunlap@citrix.com>
Date: Thu Nov 23 17:32:15 2017 +0000
SUPPORT.md: Add core functionality
Core memory management and scheduling.
Signed-off-by: George Dunlap <george.dunlap@citrix.com>
Acked-by: Jan Beulich <jbeulich@suse.com>
commit 066f34a52d3b98fee99b96a49856ef679795ff79
Author: George Dunlap <george.dunlap@citrix.com>
Date: Thu Nov 23 17:32:14 2017 +0000
Introduce skeleton SUPPORT.md
Add a machine-readable file to describe what features are in what
state of being 'supported', as well as information about how long this
release will be supported, and so on.
The document should be formatted using "semantic newlines" [1], to make
changes easier.
Begin with the basic framework.
Signed-off-by: Ian Jackson <ian.jackson@citrix.com>
Signed-off-by: George Dunlap <george.dunlap@citrix.com>
Acked-by: Jan Beulich <jbeulich@suse.com>
[1] http://rhodesmill.org/brandon/2012/one-sentence-per-line/
commit 79136f2673b52db7b4bbd6cb5da194f2f4c39a9d
Author: Jan Beulich <jbeulich@suse.com>
Date: Thu Nov 23 11:40:31 2017 +0100
x86emul/test: keep compiler from using {x,y,z}mm registers itself
Since the emulator acts on the live hardware registers, we need to
prevent the compiler from using them e.g. for inlined memcpy() /
memset() (as gcc7 does). We can't, however, set this from the command
line, as otherwise the 64-bit build would face issues with functions
returning floating point values and being declared in standard headers.
As the pragma isn't available prior to gcc6, we need to invoke it
conditionally. Luckily up to gcc6 we haven't seen generated code access
SIMD registers beyond what our asm()s do.
Reported-by: George Dunlap <george.dunlap@citrix.com>
Signed-off-by: Jan Beulich <jbeulich@suse.com>
Acked-by: Andrew Cooper <andrew.cooper3@citrix.com>
Release-acked-by: Julien Grall <julien.grall@linaro.org>
commit 24246e1fb7496b830aca8a6a1fd3064ca1e3ebf9
Author: Jan Beulich <jbeulich@suse.com>
Date: Thu Nov 23 11:38:22 2017 +0100
sync CPU state upon final domain destruction
See the code comment being added for why we need this.
This is being placed here to balance between the desire to prevent
future similar issues (the risk of which would grow if it was put
further down the call stack, e.g. in vmx_vcpu_destroy()) and the
intention to limit the performance impact (otherwise it could also go
into rcu_do_batch(), paralleling the use in do_tasklet_work()).
Reported-by: Igor Druzhinin <igor.druzhinin@citrix.com>
Signed-off-by: Jan Beulich <jbeulich@suse.com>
Acked-by: Andrew Cooper <andrew.cooper3@citrix.com>
Release-acked-by: Julien Grall <julien.grall@linaro.org>
(qemu changes not included)
_______________________________________________
Xen-devel mailing list
Xen-devel@lists.xenproject.org
https://lists.xenproject.org/mailman/listinfo/xen-devel
^ permalink raw reply [flat|nested] only message in thread
only message in thread, other threads:[~2017-11-25 12:32 UTC | newest]
Thread overview: (only message) (download: mbox.gz follow: Atom feed
-- links below jump to the message on this page --
2017-11-25 12:32 [xen-unstable baseline-only test] 72491: regressions - FAIL Platform Team regression test user
This is a public inbox, see mirroring instructions
for how to clone and mirror all data and code used for this inbox;
as well as URLs for NNTP newsgroup(s).