* [linux-3.18 baseline-only test] 72492: regressions - FAIL
@ 2017-11-25 19:06 Platform Team regression test user
0 siblings, 0 replies; only message in thread
From: Platform Team regression test user @ 2017-11-25 19:06 UTC (permalink / raw)
To: xen-devel, osstest-admin
[-- Attachment #1: Type: text/plain, Size: 14148 bytes --]
This run is configured for baseline tests only.
flight 72492 linux-3.18 real [real]
http://osstest.xs.citrite.net/~osstest/testlogs/logs/72492/
Regressions :-(
Tests which did not succeed and are blocking,
including tests which could not be run:
test-armhf-armhf-examine 6 xen-install fail REGR. vs. 72465
test-amd64-amd64-xl-xsm 7 xen-boot fail REGR. vs. 72465
Tests which did not succeed, but are not blocking:
test-amd64-amd64-qemuu-nested-intel 17 debian-hvm-install/l1/l2 fail blocked in 72465
test-amd64-amd64-xl-qemuu-win10-i386 10 windows-install fail like 72465
test-armhf-armhf-libvirt-xsm 14 saverestore-support-check fail like 72465
test-armhf-armhf-libvirt 14 saverestore-support-check fail like 72465
test-armhf-armhf-libvirt-raw 13 saverestore-support-check fail like 72465
test-amd64-i386-xl-qemuu-win7-amd64 17 guest-stop fail like 72465
test-amd64-amd64-xl-qemuu-win7-amd64 17 guest-stop fail like 72465
test-amd64-i386-xl-qemut-win7-amd64 17 guest-stop fail like 72465
test-amd64-amd64-xl-qemut-win7-amd64 17 guest-stop fail like 72465
test-amd64-amd64-examine 4 memdisk-try-append fail never pass
test-amd64-amd64-xl-qemut-win10-i386 10 windows-install fail never pass
test-amd64-i386-xl-qemuu-win10-i386 10 windows-install fail never pass
test-amd64-amd64-xl-pvhv2-intel 12 guest-start fail never pass
test-armhf-armhf-xl 13 migrate-support-check fail never pass
test-armhf-armhf-xl 14 saverestore-support-check fail never pass
test-armhf-armhf-xl-rtds 13 migrate-support-check fail never pass
test-armhf-armhf-xl-rtds 14 saverestore-support-check fail never pass
test-armhf-armhf-libvirt-xsm 13 migrate-support-check fail never pass
test-armhf-armhf-xl-credit2 13 migrate-support-check fail never pass
test-armhf-armhf-xl-credit2 14 saverestore-support-check fail never pass
test-armhf-armhf-libvirt 13 migrate-support-check fail never pass
test-armhf-armhf-xl-midway 13 migrate-support-check fail never pass
test-armhf-armhf-xl-midway 14 saverestore-support-check fail never pass
test-armhf-armhf-xl-xsm 13 migrate-support-check fail never pass
test-armhf-armhf-xl-xsm 14 saverestore-support-check fail never pass
test-armhf-armhf-xl-multivcpu 13 migrate-support-check fail never pass
test-armhf-armhf-xl-multivcpu 14 saverestore-support-check fail never pass
test-amd64-amd64-xl-pvhv2-amd 12 guest-start fail never pass
test-amd64-i386-libvirt 13 migrate-support-check fail never pass
test-amd64-amd64-libvirt 13 migrate-support-check fail never pass
test-amd64-i386-libvirt-xsm 13 migrate-support-check fail never pass
test-amd64-amd64-libvirt-xsm 13 migrate-support-check fail never pass
test-armhf-armhf-libvirt-raw 12 migrate-support-check fail never pass
test-amd64-i386-libvirt-qcow2 12 migrate-support-check fail never pass
test-armhf-armhf-xl-vhd 12 migrate-support-check fail never pass
test-armhf-armhf-xl-vhd 13 saverestore-support-check fail never pass
test-amd64-amd64-libvirt-qemuu-debianhvm-amd64-xsm 11 migrate-support-check fail never pass
test-amd64-i386-libvirt-qemuu-debianhvm-amd64-xsm 11 migrate-support-check fail never pass
test-amd64-amd64-qemuu-nested-amd 17 debian-hvm-install/l1/l2 fail never pass
test-amd64-amd64-libvirt-vhd 12 migrate-support-check fail never pass
test-amd64-i386-xl-qemut-win10-i386 17 guest-stop fail never pass
test-amd64-amd64-xl-qemuu-ws16-amd64 17 guest-stop fail never pass
test-amd64-amd64-xl-qemut-ws16-amd64 17 guest-stop fail never pass
test-amd64-i386-xl-qemuu-ws16-amd64 17 guest-stop fail never pass
test-amd64-i386-xl-qemut-ws16-amd64 17 guest-stop fail never pass
version targeted for testing:
linux 7166ceea0a4eba3f8c86925ad60e6f0543db6234
baseline version:
linux 2f95dcc30a114dae9c0e54cdb451050e9261fdc6
Last test of basis 72465 2017-11-19 03:50:57 Z 6 days
Testing same since 72492 2017-11-25 05:20:49 Z 0 days 1 attempts
------------------------------------------------------------
People who touched revisions under test:
"Eric W. Biederman" <ebiederm@xmission.com>
Aaron Brown <aaron.f.brown@intel.com>
Aaron Sierra <asierra@xes-inc.com>
Al Viro <viro@zeniv.linux.org.uk>
Alan Stern <stern@rowland.harvard.edu>
Alex Chen <alex.chen@huawei.com>
Alexander Duyck <alexander.h.duyck@intel.com>
Alexander Potapenko <glider@google.com>
Alexey Khoroshilov <khoroshilov@ispras.ru>
Amit Pundir <amit.pundir@linaro.org>
Andrew Bowers <andrewx.bowers@intel.com>
Andrew Morton <akpm@linux-foundation.org>
Andrey Konovalov <andreyknvl@google.com>
Arvind Yadav <arvind.yadav.cs@gmail.com>
Bernhard Rosenkraenzer <Bernhard.Rosenkranzer@linaro.org>
Changwei Ge <ge.changwei@h3c.com>
Chanwoo Choi <cw00.choi@samsung.com>
Chris J Arges <christopherarges@gmail.com>
Cong Wang <xiyou.wangcong@gmail.com>
Connor O'Brien <connoro@google.com>
Corey Minyard <cminyard@mvista.com>
Daniel Vetter <daniel.vetter@ffwll.ch>
David S. Miller <davem@davemloft.net>
Dick Kennedy <dick.kennedy@broadcom.com>
Dmitry V. Levin <ldv@altlinux.org>
Douglas Fischer <douglas.fischer@outlook.com>
Emil Tantilov <emil.s.tantilov@intel.com>
Eric Dumazet <edumazet@google.com>
Eric W. Biederman <ebiederm@xmission.com>
Fengguang Wu <fengguang.wu@intel.com>
Galo Navarro <anglorvaroa@gmail.com>
Gary Guo <ghg@datera.io>
Geert Uytterhoeven <geert@linux-m68k.org>
Greg Kroah-Hartman <gregkh@linuxfoundation.org>
Hannu Lounento <hannu.lounento@ge.com>
Huacai Chen <chenhc@lemote.com>
James Morris <james.l.morris@oracle.com>
James Smart <james.smart@broadcom.com>
Jan Harkes <jaharkes@cs.cmu.edu>
Jason A. Donenfeld <Jason@zx2c4.com>
Jeff Kirsher <jeffrey.t.kirsher@intel.com>
Johan Hovold <johan@kernel.org>
Julian Anastasov <ja@ssi.bg>
Lee Jones <lee.jones@linaro.org>
Linus Torvalds <torvalds@linux-foundation.org>
Marcelo Ricardo Leitner <marcelo.leitner@gmail.com>
Marcin Nowakowski <marcin.nowakowski@imgtec.com>
Martin K. Petersen <martin.petersen@oracle.com>
Matwey V. Kornilov <matwey@sai.msu.ru>
Mauro Carvalho Chehab <mchehab@osg.samsung.com>
Mauro Carvalho Chehab <mchehab@s-opensource.com>
Michael Hennerich <michael.hennerich@analog.com>
Mimi Zohar <zohar@linux.vnet.ibm.com>
Neil Horman <nhorman@tuxdriver.com>
Nicholas Bellinger <nab@linux-iscsi.org>
Paul Burton <paul.burton@imgtec.com>
Peter Senna Tschudin <peter.senna@collabora.com>
Ralf Baechle <ralf@linux-mips.org>
Roberto Sassu <roberto.sassu@huawei.com>
Roger Quadros <rogerq@ti.com>
Sasha Levin <alexander.levin@verizon.com>
Sean Young <sean@mess.org>
Simon Horman <horms@verge.net.au>
Takashi Iwai <tiwai@suse.de>
Tejun Heo <tj@kernel.org>
Todd Fujinaka <todd.fujinaka@intel.com>
Tony Lindgren <tony@atomide.com>
Uwe Kleine-König <u.kleine-koenig@pengutronix.de>
Vincent Abriou <vincent.abriou@st.com>
WANG Cong <xiyou.wangcong@gmail.com>
Wei Zhou <chouryzhou@gmail.com>
Weilong Chen <chenweilong@huawei.com>
Xin Long <lucien.xin@gmail.com>
Ye Yin <hustcat@gmail.com>
jobs:
build-amd64-xsm pass
build-armhf-xsm pass
build-i386-xsm pass
build-amd64 pass
build-armhf pass
build-i386 pass
build-amd64-libvirt pass
build-armhf-libvirt pass
build-i386-libvirt pass
build-amd64-pvops pass
build-armhf-pvops pass
build-i386-pvops pass
build-amd64-rumprun pass
build-i386-rumprun pass
test-amd64-amd64-xl pass
test-armhf-armhf-xl pass
test-amd64-i386-xl pass
test-amd64-amd64-xl-qemut-debianhvm-amd64-xsm pass
test-amd64-i386-xl-qemut-debianhvm-amd64-xsm pass
test-amd64-amd64-libvirt-qemuu-debianhvm-amd64-xsm pass
test-amd64-i386-libvirt-qemuu-debianhvm-amd64-xsm pass
test-amd64-amd64-xl-qemuu-debianhvm-amd64-xsm pass
test-amd64-i386-xl-qemuu-debianhvm-amd64-xsm pass
test-amd64-amd64-xl-qemut-stubdom-debianhvm-amd64-xsm pass
test-amd64-i386-xl-qemut-stubdom-debianhvm-amd64-xsm pass
test-amd64-amd64-libvirt-xsm pass
test-armhf-armhf-libvirt-xsm pass
test-amd64-i386-libvirt-xsm pass
test-amd64-amd64-xl-xsm fail
test-armhf-armhf-xl-xsm pass
test-amd64-i386-xl-xsm pass
test-amd64-amd64-qemuu-nested-amd fail
test-amd64-amd64-xl-pvhv2-amd fail
test-amd64-i386-qemut-rhel6hvm-amd pass
test-amd64-i386-qemuu-rhel6hvm-amd pass
test-amd64-amd64-xl-qemut-debianhvm-amd64 pass
test-amd64-i386-xl-qemut-debianhvm-amd64 pass
test-amd64-amd64-xl-qemuu-debianhvm-amd64 pass
test-amd64-i386-xl-qemuu-debianhvm-amd64 pass
test-amd64-i386-freebsd10-amd64 pass
test-amd64-amd64-xl-qemuu-ovmf-amd64 pass
test-amd64-i386-xl-qemuu-ovmf-amd64 pass
test-amd64-amd64-rumprun-amd64 pass
test-amd64-amd64-xl-qemut-win7-amd64 fail
test-amd64-i386-xl-qemut-win7-amd64 fail
test-amd64-amd64-xl-qemuu-win7-amd64 fail
test-amd64-i386-xl-qemuu-win7-amd64 fail
test-amd64-amd64-xl-qemut-ws16-amd64 fail
test-amd64-i386-xl-qemut-ws16-amd64 fail
test-amd64-amd64-xl-qemuu-ws16-amd64 fail
test-amd64-i386-xl-qemuu-ws16-amd64 fail
test-amd64-amd64-xl-credit2 pass
test-armhf-armhf-xl-credit2 pass
test-amd64-amd64-examine pass
test-armhf-armhf-examine fail
test-amd64-i386-examine pass
test-amd64-i386-freebsd10-i386 pass
test-amd64-i386-rumprun-i386 pass
test-amd64-amd64-xl-qemut-win10-i386 fail
test-amd64-i386-xl-qemut-win10-i386 fail
test-amd64-amd64-xl-qemuu-win10-i386 fail
test-amd64-i386-xl-qemuu-win10-i386 fail
test-amd64-amd64-qemuu-nested-intel fail
test-amd64-amd64-xl-pvhv2-intel fail
test-amd64-i386-qemut-rhel6hvm-intel pass
test-amd64-i386-qemuu-rhel6hvm-intel pass
test-amd64-amd64-libvirt pass
test-armhf-armhf-libvirt pass
test-amd64-i386-libvirt pass
test-armhf-armhf-xl-midway pass
test-amd64-amd64-xl-multivcpu pass
test-armhf-armhf-xl-multivcpu pass
test-amd64-amd64-pair pass
test-amd64-i386-pair pass
test-amd64-amd64-libvirt-pair pass
test-amd64-i386-libvirt-pair pass
test-amd64-amd64-amd64-pvgrub pass
test-amd64-amd64-i386-pvgrub pass
test-amd64-amd64-pygrub pass
test-amd64-i386-libvirt-qcow2 pass
test-amd64-amd64-xl-qcow2 pass
test-armhf-armhf-libvirt-raw pass
test-amd64-i386-xl-raw pass
test-amd64-amd64-xl-rtds pass
test-armhf-armhf-xl-rtds pass
test-amd64-amd64-libvirt-vhd pass
test-armhf-armhf-xl-vhd pass
------------------------------------------------------------
sg-report-flight on osstest.xs.citrite.net
logs: /home/osstest/logs
images: /home/osstest/images
Logs, config files, etc. are available at
http://osstest.xs.citrite.net/~osstest/testlogs/logs
Test harness code can be found at
http://xenbits.xensource.com/gitweb?p=osstest.git;a=summary
Push not applicable.
(No revision log; it would be 1443 lines long.)
[-- Attachment #2: Type: text/plain, Size: 157 bytes --]
_______________________________________________
Xen-devel mailing list
Xen-devel@lists.xenproject.org
https://lists.xenproject.org/mailman/listinfo/xen-devel
^ permalink raw reply [flat|nested] only message in thread
only message in thread, other threads:[~2017-11-25 19:06 UTC | newest]
Thread overview: (only message) (download: mbox.gz follow: Atom feed
-- links below jump to the message on this page --
2017-11-25 19:06 [linux-3.18 baseline-only test] 72492: regressions - FAIL Platform Team regression test user
This is a public inbox, see mirroring instructions
for how to clone and mirror all data and code used for this inbox;
as well as URLs for NNTP newsgroup(s).