xen-devel.lists.xenproject.org archive mirror
 help / color / mirror / Atom feed
From: xen.org <ian.jackson@eu.citrix.com>
To: xen-devel@lists.xensource.com
Cc: ian.jackson@eu.citrix.com
Subject: [linux test] 7309: regressions - FAIL
Date: Tue, 24 May 2011 12:05:07 +0100	[thread overview]
Message-ID: <osstest-7309-mainreport@xen.org> (raw)

flight 7309 linux real [real]
http://www.chiark.greenend.org.uk/~xensrcts/logs/7309/

Regressions :-(

Tests which did not succeed and are blocking:
 test-amd64-i386-pair         16 guest-start                fail REGR. vs. 7062
 test-amd64-i386-pv            9 guest-start                fail REGR. vs. 7062
 test-amd64-i386-xl-credit2    9 guest-start                fail REGR. vs. 7062
 test-amd64-i386-xl-multivcpu  9 guest-start                fail REGR. vs. 7062
 test-amd64-i386-xl            9 guest-start                fail REGR. vs. 7062
 test-i386-i386-pair          16 guest-start                fail REGR. vs. 7062
 test-i386-i386-pv             9 guest-start                fail REGR. vs. 7062
 test-i386-i386-xl             9 guest-start                fail REGR. vs. 7062

Tests which did not succeed, but are not blocking,
including regressions (tests previously passed) regarded as allowable:
 test-amd64-amd64-win         16 leak-check/check             fail   never pass
 test-amd64-amd64-xl-win      13 guest-stop                   fail   never pass
 test-amd64-i386-rhel6hvm-amd  8 guest-saverestore            fail   never pass
 test-amd64-i386-rhel6hvm-intel  8 guest-saverestore            fail never pass
 test-amd64-i386-win-vcpus1   16 leak-check/check             fail   never pass
 test-amd64-i386-win          16 leak-check/check             fail   never pass
 test-amd64-i386-xl-win-vcpus1 13 guest-stop                   fail  never pass
 test-i386-i386-win           16 leak-check/check             fail   never pass
 test-i386-i386-xl-win        13 guest-stop                   fail   never pass

version targeted for testing:
 linux                7ecd5deb6cda2dec650bbd0a75234568ee2a57e3
baseline version:
 linux                2b494f184d3337d10d59226e3632af56ea66629a

------------------------------------------------------------
People who touched revisions under test:
------------------------------------------------------------

jobs:
 build-amd64                                                  pass     
 build-i386                                                   pass     
 build-amd64-pvops                                            pass     
 build-i386-pvops                                             pass     
 test-amd64-amd64-xl                                          pass     
 test-amd64-i386-xl                                           fail     
 test-i386-i386-xl                                            fail     
 test-amd64-i386-rhel6hvm-amd                                 fail     
 test-amd64-i386-xl-credit2                                   fail     
 test-amd64-i386-rhel6hvm-intel                               fail     
 test-amd64-i386-xl-multivcpu                                 fail     
 test-amd64-amd64-pair                                        pass     
 test-amd64-i386-pair                                         fail     
 test-i386-i386-pair                                          fail     
 test-amd64-amd64-pv                                          pass     
 test-amd64-i386-pv                                           fail     
 test-i386-i386-pv                                            fail     
 test-amd64-i386-win-vcpus1                                   fail     
 test-amd64-i386-xl-win-vcpus1                                fail     
 test-amd64-amd64-win                                         fail     
 test-amd64-i386-win                                          fail     
 test-i386-i386-win                                           fail     
 test-amd64-amd64-xl-win                                      fail     
 test-i386-i386-xl-win                                        fail     


------------------------------------------------------------
sg-report-flight on woking.cam.xci-test.com
logs: /home/xc_osstest/logs
images: /home/xc_osstest/images

Logs, config files, etc. are available at
    http://www.chiark.greenend.org.uk/~xensrcts/logs

Test harness code can be found at
    http://xenbits.xensource.com/gitweb?p=osstest.git;a=summary


Not pushing.

------------------------------------------------------------
commit 7ecd5deb6cda2dec650bbd0a75234568ee2a57e3
Merge: 78e7a0c... f9a11ed...
Author: Jeremy Fitzhardinge <jeremy.fitzhardinge@citrix.com>
Date:   Mon May 23 18:38:44 2011 -0700

    Merge commit 'v2.6.32.41' into xen/next-2.6.32
    
    * commit 'v2.6.32.41': (22 commits)
      Linux 2.6.32.41
      netxen: Remove references to unified firmware file
      vmxnet3: Fix inconsistent LRO state after initialization
      megaraid_sas: Sanity check user supplied length before passing it to dma_alloc_coherent()
      x86, mce, AMD: Fix leaving freed data in a list
      x86, apic: Fix spurious error interrupts triggering on all non-boot APs
      tick: Clear broadcast active bit when switching to oneshot
      clocksource: Install completely before selecting
      x86, AMD: Fix ARAT feature setting again
      Revert "x86, AMD: Fix APIC timer erratum 400 affecting K8 Rev.A-E processors"
      cifs: add fallback in is_path_accessible for old servers
      zorro8390: Fix regression caused during net_device_ops conversion
      libertas: fix cmdpendingq locking
      hydra: Fix regression caused during net_device_ops conversion
      ne-h8300: Fix regression caused during net_device_ops conversion
      NET: slip, fix ldisc->open retval
      ehea: fix wrongly reported speed and port
      Fix time() inconsistencies caused by intermediate xtime_cache values being read
      CIFS: Fix memory over bound bug in cifs_parse_mount_options
      dccp: handle invalid feature options length
      ...

                 reply	other threads:[~2011-05-24 11:05 UTC|newest]

Thread overview: [no followups] expand[flat|nested]  mbox.gz  Atom feed

Reply instructions:

You may reply publicly to this message via plain-text email
using any one of the following methods:

* Save the following mbox file, import it into your mail client,
  and reply-to-all from there: mbox

  Avoid top-posting and favor interleaved quoting:
  https://en.wikipedia.org/wiki/Posting_style#Interleaved_style

* Reply using the --to, --cc, and --in-reply-to
  switches of git-send-email(1):

  git send-email \
    --in-reply-to=osstest-7309-mainreport@xen.org \
    --to=ian.jackson@eu.citrix.com \
    --cc=xen-devel@lists.xensource.com \
    /path/to/YOUR_REPLY

  https://kernel.org/pub/software/scm/git/docs/git-send-email.html

* If your mail client supports setting the In-Reply-To header
  via mailto: links, try the mailto: link
Be sure your reply has a Subject: header at the top and a blank line before the message body.
This is a public inbox, see mirroring instructions
for how to clone and mirror all data and code used for this inbox;
as well as URLs for NNTP newsgroup(s).