xen-devel.lists.xenproject.org archive mirror
 help / color / mirror / Atom feed
* [linux test] 7330: tolerable FAIL - PUSHED
@ 2011-05-25 19:32 xen.org
  2011-05-31 11:27 ` Ian Jackson
  0 siblings, 1 reply; 4+ messages in thread
From: xen.org @ 2011-05-25 19:32 UTC (permalink / raw)
  To: xen-devel; +Cc: ian.jackson

flight 7330 linux real [real]
http://www.chiark.greenend.org.uk/~xensrcts/logs/7330/

Failures :-/ but no regressions.

Tests which are failing intermittently (not blocking):
 build-amd64                   4 xen-build                    fail pass in 7319
 build-i386                    4 xen-build                    fail pass in 7319

Tests which did not succeed, but are not blocking,
including regressions (tests previously passed) regarded as allowable:
 test-amd64-amd64-pair         1 xen-build-check(1)           blocked  n/a
 test-amd64-amd64-pv           1 xen-build-check(1)           blocked  n/a
 test-amd64-amd64-win          1 xen-build-check(1)           blocked  n/a
 test-amd64-amd64-xl-win       1 xen-build-check(1)           blocked  n/a
 test-amd64-amd64-xl           1 xen-build-check(1)           blocked  n/a
 test-amd64-i386-pair          1 xen-build-check(1)           blocked  n/a
 test-amd64-i386-pv            1 xen-build-check(1)           blocked  n/a
 test-amd64-i386-rhel6hvm-amd  1 xen-build-check(1)           blocked  n/a
 test-amd64-i386-rhel6hvm-intel  1 xen-build-check(1)           blocked  n/a
 test-amd64-i386-win-vcpus1    1 xen-build-check(1)           blocked  n/a
 test-amd64-i386-win           1 xen-build-check(1)           blocked  n/a
 test-amd64-i386-xl-credit2    1 xen-build-check(1)           blocked  n/a
 test-amd64-i386-xl-multivcpu  1 xen-build-check(1)           blocked  n/a
 test-amd64-i386-xl-win-vcpus1  1 xen-build-check(1)           blocked  n/a
 test-amd64-i386-xl            1 xen-build-check(1)           blocked  n/a
 test-i386-i386-pair           1 xen-build-check(1)           blocked  n/a
 test-i386-i386-pv             1 xen-build-check(1)           blocked  n/a
 test-i386-i386-win            1 xen-build-check(1)           blocked  n/a
 test-i386-i386-xl-win         1 xen-build-check(1)           blocked  n/a
 test-i386-i386-xl             1 xen-build-check(1)           blocked  n/a

version targeted for testing:
 linux                7ecd5deb6cda2dec650bbd0a75234568ee2a57e3
baseline version:
 linux                2b494f184d3337d10d59226e3632af56ea66629a

------------------------------------------------------------
People who touched revisions under test:
------------------------------------------------------------

jobs:
 build-amd64                                                  fail     
 build-i386                                                   fail     
 build-amd64-pvops                                            pass     
 build-i386-pvops                                             pass     
 test-amd64-amd64-xl                                          blocked  
 test-amd64-i386-xl                                           blocked  
 test-i386-i386-xl                                            blocked  
 test-amd64-i386-rhel6hvm-amd                                 blocked  
 test-amd64-i386-xl-credit2                                   blocked  
 test-amd64-i386-rhel6hvm-intel                               blocked  
 test-amd64-i386-xl-multivcpu                                 blocked  
 test-amd64-amd64-pair                                        blocked  
 test-amd64-i386-pair                                         blocked  
 test-i386-i386-pair                                          blocked  
 test-amd64-amd64-pv                                          blocked  
 test-amd64-i386-pv                                           blocked  
 test-i386-i386-pv                                            blocked  
 test-amd64-i386-win-vcpus1                                   blocked  
 test-amd64-i386-xl-win-vcpus1                                blocked  
 test-amd64-amd64-win                                         blocked  
 test-amd64-i386-win                                          blocked  
 test-i386-i386-win                                           blocked  
 test-amd64-amd64-xl-win                                      blocked  
 test-i386-i386-xl-win                                        blocked  


------------------------------------------------------------
sg-report-flight on woking.cam.xci-test.com
logs: /home/xc_osstest/logs
images: /home/xc_osstest/images

Logs, config files, etc. are available at
    http://www.chiark.greenend.org.uk/~xensrcts/logs

Test harness code can be found at
    http://xenbits.xensource.com/gitweb?p=osstest.git;a=summary


Pushing revision :

+ branch=linux
+ revision=7ecd5deb6cda2dec650bbd0a75234568ee2a57e3
+ . cri-lock-repos
++ . cri-common
+++ umask 002
+++ getconfig Repos
+++ perl -e '
                use Osstest;
                readconfigonly();
                print $c{Repos} or die $!;
        '
++ repos=/export/home/osstest/repos
++ repos_lock=/export/home/osstest/repos/lock
++ '[' x '!=' x/export/home/osstest/repos/lock ']'
++ OSSTEST_REPOS_LOCK_LOCKED=/export/home/osstest/repos/lock
++ exec with-lock-ex -w /export/home/osstest/repos/lock ./ap-push linux 7ecd5deb6cda2dec650bbd0a75234568ee2a57e3
+ branch=linux
+ revision=7ecd5deb6cda2dec650bbd0a75234568ee2a57e3
+ . cri-lock-repos
++ . cri-common
+++ umask 002
+++ getconfig Repos
+++ perl -e '
                use Osstest;
                readconfigonly();
                print $c{Repos} or die $!;
        '
++ repos=/export/home/osstest/repos
++ repos_lock=/export/home/osstest/repos/lock
++ '[' x/export/home/osstest/repos/lock '!=' x/export/home/osstest/repos/lock ']'
+ : xen@xenbits.xensource.com
+ : xen@xenbits.xensource.com:git/linux-pvops
+ : master
+ case "$branch" in
+ cd /export/home/osstest/repos/xen
+ git push xen@xenbits.xensource.com:git/linux-pvops 7ecd5deb6cda2dec650bbd0a75234568ee2a57e3:master
Counting objects: 1   
Counting objects: 14   
Counting objects: 273, done.
Compressing objects:   3% (1/32)   
Compressing objects:   6% (2/32)   
Compressing objects:   9% (3/32)   
Compressing objects:  12% (4/32)   
Compressing objects:  15% (5/32)   
Compressing objects:  18% (6/32)   
Compressing objects:  21% (7/32)   
Compressing objects:  25% (8/32)   
Compressing objects:  28% (9/32)   
Compressing objects:  31% (10/32)   
Compressing objects:  34% (11/32)   
Compressing objects:  37% (12/32)   
Compressing objects:  40% (13/32)   
Compressing objects:  43% (14/32)   
Compressing objects:  46% (15/32)   
Compressing objects:  50% (16/32)   
Compressing objects:  53% (17/32)   
Compressing objects:  56% (18/32)   
Compressing objects:  59% (19/32)   
Compressing objects:  62% (20/32)   
Compressing objects:  65% (21/32)   
Compressing objects:  68% (22/32)   
Compressing objects:  71% (23/32)   
Compressing objects:  75% (24/32)   
Compressing objects:  78% (25/32)   
Compressing objects:  81% (26/32)   
Compressing objects:  84% (27/32)   
Compressing objects:  87% (28/32)   
Compressing objects:  90% (29/32)   
Compressing objects:  93% (30/32)   
Compressing objects:  96% (31/32)   
Compressing objects: 100% (32/32)   
Compressing objects: 100% (32/32), done.
Writing objects:   0% (1/171)   
Writing objects:   1% (2/171)   
Writing objects:   2% (4/171)   
Writing objects:   3% (6/171)   
Writing objects:   4% (7/171)   
Writing objects:   5% (9/171)   
Writing objects:   6% (11/171)   
Writing objects:   7% (12/171)   
Writing objects:   8% (14/171)   
Writing objects:   9% (16/171)   
Writing objects:  10% (18/171)   
Writing objects:  11% (19/171)   
Writing objects:  12% (21/171)   
Writing objects:  13% (23/171)   
Writing objects:  14% (24/171)   
Writing objects:  15% (26/171)   
Writing objects:  16% (28/171)   
Writing objects:  18% (31/171)   
Writing objects:  19% (33/171)   
Writing objects:  20% (35/171)   
Writing objects:  21% (36/171)   
Writing objects:  22% (38/171)   
Writing objects:  23% (40/171)   
Writing objects:  24% (42/171)   
Writing objects:  25% (43/171)   
Writing objects:  26% (45/171)   
Writing objects:  27% (47/171)   
Writing objects:  28% (48/171)   
Writing objects:  29% (50/171)   
Writing objects:  30% (52/171)   
Writing objects:  32% (56/171)   
Writing objects:  33% (57/171)   
Writing objects:  34% (59/171)   
Writing objects:  35% (60/171)   
Writing objects:  36% (62/171)   
Writing objects:  37% (64/171)   
Writing objects:  38% (65/171)   
Writing objects:  39% (67/171)   
Writing objects:  40% (69/171)   
Writing objects:  41% (71/171)   
Writing objects:  42% (72/171)   
Writing objects:  43% (74/171)   
Writing objects:  44% (76/171)   
Writing objects:  45% (77/171)   
Writing objects:  46% (79/171)   
Writing objects:  47% (81/171)   
Writing objects:  48% (83/171)   
Writing objects:  49% (84/171)   
Writing objects:  50% (86/171)   
Writing objects:  51% (88/171)   
Writing objects:  52% (89/171)   
Writing objects:  53% (91/171)   
Writing objects:  54% (93/171)   
Writing objects:  55% (95/171)   
Writing objects:  56% (96/171)   
Writing objects:  57% (98/171)   
Writing objects:  58% (100/171)   
Writing objects:  59% (101/171)   
Writing objects:  60% (103/171)   
Writing objects:  61% (105/171)   
Writing objects:  62% (107/171)   
Writing objects:  63% (108/171)   
Writing objects:  64% (110/171)   
Writing objects:  65% (112/171)   
Writing objects:  66% (113/171)   
Writing objects:  67% (115/171)   
Writing objects:  68% (117/171)   
Writing objects:  69% (118/171)   
Writing objects:  70% (120/171)   
Writing objects:  71% (122/171)   
Writing objects:  72% (124/171)   
Writing objects:  73% (125/171)   
Writing objects:  74% (127/171)   
Writing objects:  75% (129/171)   
Writing objects:  76% (130/171)   
Writing objects:  77% (132/171)   
Writing objects:  78% (134/171)   
Writing objects:  79% (136/171)   
Writing objects:  80% (137/171)   
Writing objects:  81% (139/171)   
Writing objects:  82% (141/171)   
Writing objects:  83% (142/171)   
Writing objects:  84% (144/171)   
Writing objects:  85% (146/171)   
Writing objects:  86% (148/171)   
Writing objects:  87% (149/171)   
Writing objects:  88% (151/171)   
Writing objects:  89% (153/171)   
Writing objects:  90% (154/171)   
Writing objects:  91% (156/171)   
Writing objects:  92% (158/171)   
Writing objects:  93% (160/171)   
Writing objects:  94% (161/171)   
Writing objects:  95% (163/171)   
Writing objects:  96% (165/171)   
Writing objects:  97% (166/171)   
Writing objects:  98% (168/171)   
Writing objects:  99% (170/171)   
Writing objects: 100% (171/171)   
Writing objects: 100% (171/171), 30.29 KiB, done.
Total 171 (delta 145), reused 163 (delta 137)
To xen@xenbits.xensource.com:git/linux-pvops
   2b494f1..7ecd5de  7ecd5deb6cda2dec650bbd0a75234568ee2a57e3 -> master

^ permalink raw reply	[flat|nested] 4+ messages in thread

* Re: [linux test] 7330: tolerable FAIL - PUSHED
  2011-05-25 19:32 [linux test] 7330: tolerable FAIL - PUSHED xen.org
@ 2011-05-31 11:27 ` Ian Jackson
  2011-06-06 13:19   ` Ian Campbell
  0 siblings, 1 reply; 4+ messages in thread
From: Ian Jackson @ 2011-05-31 11:27 UTC (permalink / raw)
  To: xen-devel@lists.xensource.com

Ian Jackson writes ("[linux test] 7330: tolerable FAIL - PUSHED"):
> flight 7330 linux real [real]
> http://www.chiark.greenend.org.uk/~xensrcts/logs/7330/
> 
> Failures :-/ but no regressions.
> 
> Tests which are failing intermittently (not blocking):
>  build-amd64                   4 xen-build                 fail pass in 7319

This was a heisenbug.  However, the guest start fail bug is still in
this tree, so this push:

> version targeted for testing:
>  linux                7ecd5deb6cda2dec650bbd0a75234568ee2a57e3
> baseline version:
>  linux                2b494f184d3337d10d59226e3632af56ea66629a

was a mistake.

I have forcibly reset the "tested" branch on xenbits back to 2b494f18
and disabled the automatic tester for the linux trees while I adjust
the heisenbug compensator to correctly block pushes under these
circumstances.

This should allow the /other/ trees (4.0, 4.1, unstable) to push.

Ian.

^ permalink raw reply	[flat|nested] 4+ messages in thread

* Re: Re: [linux test] 7330: tolerable FAIL - PUSHED
  2011-05-31 11:27 ` Ian Jackson
@ 2011-06-06 13:19   ` Ian Campbell
  2011-06-13 15:03     ` Ian Jackson
  0 siblings, 1 reply; 4+ messages in thread
From: Ian Campbell @ 2011-06-06 13:19 UTC (permalink / raw)
  To: Ian Jackson; +Cc: xen-devel@lists.xensource.com

On Tue, 2011-05-31 at 12:27 +0100, Ian Jackson wrote:
> Ian Jackson writes ("[linux test] 7330: tolerable FAIL - PUSHED"):
> > flight 7330 linux real [real]
> > http://www.chiark.greenend.org.uk/~xensrcts/logs/7330/
> > 
> > Failures :-/ but no regressions.
> > 
> > Tests which are failing intermittently (not blocking):
> >  build-amd64                   4 xen-build                 fail pass in 7319
> 
> This was a heisenbug.  However, the guest start fail bug is still in
> this tree, so this push:
> 
> > version targeted for testing:
> >  linux                7ecd5deb6cda2dec650bbd0a75234568ee2a57e3
> > baseline version:
> >  linux                2b494f184d3337d10d59226e3632af56ea66629a
> 
> was a mistake.
> 
> I have forcibly reset the "tested" branch on xenbits back to 2b494f18
> and disabled the automatic tester for the linux trees while I adjust
> the heisenbug compensator to correctly block pushes under these
> circumstances.

Did you re-enable the linux tree once the heisen bug compensator was
updated?

I haven't seen a Linux test since this one and we believe the problem
with Linux guests has been fixed with 6d94b752e13637 "xen/apic: use
xen_apic for all pv guests, not just dom0." in Jeremy's tree.

(@xen-devel: Ian Jackson is away all week so I expect this issue not to
be resolved until he returns)

Ian.

^ permalink raw reply	[flat|nested] 4+ messages in thread

* Re: Re: [linux test] 7330: tolerable FAIL - PUSHED
  2011-06-06 13:19   ` Ian Campbell
@ 2011-06-13 15:03     ` Ian Jackson
  0 siblings, 0 replies; 4+ messages in thread
From: Ian Jackson @ 2011-06-13 15:03 UTC (permalink / raw)
  To: Ian Campbell; +Cc: xen-devel@lists.xensource.com

Ian Campbell writes ("Re: [Xen-devel] Re: [linux test] 7330: tolerable FAIL - PUSHED"):
> Did you re-enable the linux tree once the heisen bug compensator was
> updated?

No, damn.

> I haven't seen a Linux test since this one and we believe the problem
> with Linux guests has been fixed with 6d94b752e13637 "xen/apic: use
> xen_apic for all pv guests, not just dom0." in Jeremy's tree.
> 
> (@xen-devel: Ian Jackson is away all week so I expect this issue not to
> be resolved until he returns)

Sorry.  Now done.

Also something broke on Saturday (probably due to power work) and
exposed a bug which wedged everything until I fixed it today.

Ian.

^ permalink raw reply	[flat|nested] 4+ messages in thread

end of thread, other threads:[~2011-06-13 15:03 UTC | newest]

Thread overview: 4+ messages (download: mbox.gz follow: Atom feed
-- links below jump to the message on this page --
2011-05-25 19:32 [linux test] 7330: tolerable FAIL - PUSHED xen.org
2011-05-31 11:27 ` Ian Jackson
2011-06-06 13:19   ` Ian Campbell
2011-06-13 15:03     ` Ian Jackson

This is a public inbox, see mirroring instructions
for how to clone and mirror all data and code used for this inbox;
as well as URLs for NNTP newsgroup(s).