xen-devel.lists.xenproject.org archive mirror
 help / color / mirror / Atom feed
From: xen.org <ian.jackson@eu.citrix.com>
To: xen-devel@lists.xensource.com
Cc: ian.jackson@eu.citrix.com
Subject: [xen-unstable test] 7337: regressions - FAIL
Date: Thu, 26 May 2011 02:40:16 +0100	[thread overview]
Message-ID: <osstest-7337-mainreport@xen.org> (raw)

flight 7337 xen-unstable real [real]
http://www.chiark.greenend.org.uk/~xensrcts/logs/7337/

Regressions :-(

Tests which did not succeed and are blocking:
 build-amd64-oldkern           4 xen-build                  fail REGR. vs. 7285
 build-amd64                   4 xen-build                  fail REGR. vs. 7285
 build-i386-oldkern            4 xen-build                  fail REGR. vs. 7285
 build-i386                    4 xen-build                  fail REGR. vs. 7285

Tests which did not succeed, but are not blocking,
including regressions (tests previously passed) regarded as allowable:
 test-amd64-amd64-pair         1 xen-build-check(1)           blocked  n/a
 test-amd64-amd64-pv           1 xen-build-check(1)           blocked  n/a
 test-amd64-amd64-win          1 xen-build-check(1)           blocked  n/a
 test-amd64-amd64-xl-win       1 xen-build-check(1)           blocked  n/a
 test-amd64-amd64-xl           1 xen-build-check(1)           blocked  n/a
 test-amd64-i386-pair          1 xen-build-check(1)           blocked  n/a
 test-amd64-i386-pv            1 xen-build-check(1)           blocked  n/a
 test-amd64-i386-rhel6hvm-amd  1 xen-build-check(1)           blocked  n/a
 test-amd64-i386-rhel6hvm-intel  1 xen-build-check(1)           blocked  n/a
 test-amd64-i386-win-vcpus1    1 xen-build-check(1)           blocked  n/a
 test-amd64-i386-win           1 xen-build-check(1)           blocked  n/a
 test-amd64-i386-xl-credit2    1 xen-build-check(1)           blocked  n/a
 test-amd64-i386-xl-multivcpu  1 xen-build-check(1)           blocked  n/a
 test-amd64-i386-xl-win-vcpus1  1 xen-build-check(1)           blocked  n/a
 test-amd64-i386-xl            1 xen-build-check(1)           blocked  n/a
 test-amd64-xcpkern-i386-pair  1 xen-build-check(1)           blocked  n/a
 test-amd64-xcpkern-i386-pv    1 xen-build-check(1)           blocked  n/a
 test-amd64-xcpkern-i386-rhel6hvm-amd  1 xen-build-check(1)         blocked n/a
 test-amd64-xcpkern-i386-rhel6hvm-intel  1 xen-build-check(1)       blocked n/a
 test-amd64-xcpkern-i386-win   1 xen-build-check(1)           blocked  n/a
 test-amd64-xcpkern-i386-xl-credit2  1 xen-build-check(1)           blocked n/a
 test-amd64-xcpkern-i386-xl-multivcpu  1 xen-build-check(1)         blocked n/a
 test-amd64-xcpkern-i386-xl-win  1 xen-build-check(1)           blocked  n/a
 test-amd64-xcpkern-i386-xl    1 xen-build-check(1)           blocked  n/a
 test-i386-i386-pair           1 xen-build-check(1)           blocked  n/a
 test-i386-i386-pv             1 xen-build-check(1)           blocked  n/a
 test-i386-i386-win            1 xen-build-check(1)           blocked  n/a
 test-i386-i386-xl-win         1 xen-build-check(1)           blocked  n/a
 test-i386-i386-xl             1 xen-build-check(1)           blocked  n/a
 test-i386-xcpkern-i386-pair   1 xen-build-check(1)           blocked  n/a
 test-i386-xcpkern-i386-pv     1 xen-build-check(1)           blocked  n/a
 test-i386-xcpkern-i386-win    1 xen-build-check(1)           blocked  n/a
 test-i386-xcpkern-i386-xl     1 xen-build-check(1)           blocked  n/a

version targeted for testing:
 xen                  a44b12ee2fd3
baseline version:
 xen                  37c77bacb52a

------------------------------------------------------------
People who touched revisions under test:
  Christoph Egger <Christoph.Egger@amd.com>
  Ian Campbell <Ian.Campbell@citrix.com>
  Ian Campbell <ian.campbell@citrix.com>:
  Ian Campbell <Ian.Campbell@eu.citrix.com>
  Ian Jackson <ian.jackson.citrix.com>
  Ian Jackson <ian.jackson@eu.citrix.com>
  Jim Fehlig <jfehlig@novell.com>
  Keir Fraser <keir@xen.org>
  Liu, Jinsong <jinsong.liu@intel.com>
  Marco Nenciarini <marco.nenciarini@devise.it>
  Shriram Rajagopalan <rshriram@cs.ubc.ca>
  Stefano Stabellini <stefano.stabellini@eu.citrix.com>
  Tim Deegan <Tim.Deegan@citrix.com>
  Vincent Hanquez <vincent.hanquez@eu.citrix.com>
------------------------------------------------------------

jobs:
 build-i386-xcpkern                                           pass     
 build-amd64                                                  fail     
 build-i386                                                   fail     
 build-amd64-oldkern                                          fail     
 build-i386-oldkern                                           fail     
 build-amd64-pvops                                            pass     
 build-i386-pvops                                             pass     
 test-amd64-amd64-xl                                          blocked  
 test-amd64-i386-xl                                           blocked  
 test-i386-i386-xl                                            blocked  
 test-amd64-xcpkern-i386-xl                                   blocked  
 test-i386-xcpkern-i386-xl                                    blocked  
 test-amd64-i386-rhel6hvm-amd                                 blocked  
 test-amd64-xcpkern-i386-rhel6hvm-amd                         blocked  
 test-amd64-i386-xl-credit2                                   blocked  
 test-amd64-xcpkern-i386-xl-credit2                           blocked  
 test-amd64-i386-rhel6hvm-intel                               blocked  
 test-amd64-xcpkern-i386-rhel6hvm-intel                       blocked  
 test-amd64-i386-xl-multivcpu                                 blocked  
 test-amd64-xcpkern-i386-xl-multivcpu                         blocked  
 test-amd64-amd64-pair                                        blocked  
 test-amd64-i386-pair                                         blocked  
 test-i386-i386-pair                                          blocked  
 test-amd64-xcpkern-i386-pair                                 blocked  
 test-i386-xcpkern-i386-pair                                  blocked  
 test-amd64-amd64-pv                                          blocked  
 test-amd64-i386-pv                                           blocked  
 test-i386-i386-pv                                            blocked  
 test-amd64-xcpkern-i386-pv                                   blocked  
 test-i386-xcpkern-i386-pv                                    blocked  
 test-amd64-i386-win-vcpus1                                   blocked  
 test-amd64-i386-xl-win-vcpus1                                blocked  
 test-amd64-amd64-win                                         blocked  
 test-amd64-i386-win                                          blocked  
 test-i386-i386-win                                           blocked  
 test-amd64-xcpkern-i386-win                                  blocked  
 test-i386-xcpkern-i386-win                                   blocked  
 test-amd64-amd64-xl-win                                      blocked  
 test-i386-i386-xl-win                                        blocked  
 test-amd64-xcpkern-i386-xl-win                               blocked  


------------------------------------------------------------
sg-report-flight on woking.cam.xci-test.com
logs: /home/xc_osstest/logs
images: /home/xc_osstest/images

Logs, config files, etc. are available at
    http://www.chiark.greenend.org.uk/~xensrcts/logs

Test harness code can be found at
    http://xenbits.xensource.com/gitweb?p=osstest.git;a=summary


Not pushing.

(No revision log; it would be 565 lines long.)

                 reply	other threads:[~2011-05-26  1:40 UTC|newest]

Thread overview: [no followups] expand[flat|nested]  mbox.gz  Atom feed

Reply instructions:

You may reply publicly to this message via plain-text email
using any one of the following methods:

* Save the following mbox file, import it into your mail client,
  and reply-to-all from there: mbox

  Avoid top-posting and favor interleaved quoting:
  https://en.wikipedia.org/wiki/Posting_style#Interleaved_style

* Reply using the --to, --cc, and --in-reply-to
  switches of git-send-email(1):

  git send-email \
    --in-reply-to=osstest-7337-mainreport@xen.org \
    --to=ian.jackson@eu.citrix.com \
    --cc=xen-devel@lists.xensource.com \
    /path/to/YOUR_REPLY

  https://kernel.org/pub/software/scm/git/docs/git-send-email.html

* If your mail client supports setting the In-Reply-To header
  via mailto: links, try the mailto: link
Be sure your reply has a Subject: header at the top and a blank line before the message body.
This is a public inbox, see mirroring instructions
for how to clone and mirror all data and code used for this inbox;
as well as URLs for NNTP newsgroup(s).