xen-devel.lists.xenproject.org archive mirror
 help / color / mirror / Atom feed
From: xen.org <ian.jackson@eu.citrix.com>
To: xen-devel@lists.xensource.com
Cc: ian.jackson@eu.citrix.com
Subject: [xen-unstable test] 7343: regressions - FAIL
Date: Thu, 26 May 2011 15:06:53 +0100	[thread overview]
Message-ID: <osstest-7343-mainreport@xen.org> (raw)

flight 7343 xen-unstable real [real]
http://www.chiark.greenend.org.uk/~xensrcts/logs/7343/

Regressions :-(

Tests which did not succeed and are blocking:
 test-amd64-amd64-pair        16 guest-start                fail REGR. vs. 7285
 test-amd64-amd64-pv           9 guest-start                fail REGR. vs. 7285
 test-amd64-amd64-win          7 windows-install            fail REGR. vs. 7285
 test-amd64-i386-pair         16 guest-start                fail REGR. vs. 7285
 test-amd64-i386-pv            9 guest-start                fail REGR. vs. 7285
 test-amd64-i386-win-vcpus1    7 windows-install            fail REGR. vs. 7285
 test-amd64-i386-win           7 windows-install            fail REGR. vs. 7285
 test-amd64-i386-xl-credit2    9 guest-start                fail REGR. vs. 7285
 test-amd64-i386-xl-multivcpu  9 guest-start                fail REGR. vs. 7285
 test-amd64-i386-xl            9 guest-start                fail REGR. vs. 7285
 test-amd64-xcpkern-i386-pair 16 guest-start                fail REGR. vs. 7285
 test-amd64-xcpkern-i386-pv    9 guest-start                fail REGR. vs. 7285
 test-amd64-xcpkern-i386-win   7 windows-install            fail REGR. vs. 7285
 test-i386-i386-pair          16 guest-start                fail REGR. vs. 7285
 test-i386-i386-pv             9 guest-start                fail REGR. vs. 7285
 test-i386-i386-win            7 windows-install            fail REGR. vs. 7285
 test-i386-i386-xl             9 guest-start                fail REGR. vs. 7285
 test-i386-xcpkern-i386-pair  16 guest-start                fail REGR. vs. 7285
 test-i386-xcpkern-i386-pv     9 guest-start                fail REGR. vs. 7285
 test-i386-xcpkern-i386-win    7 windows-install            fail REGR. vs. 7285

Tests which did not succeed, but are not blocking,
including regressions (tests previously passed) regarded as allowable:
 test-amd64-amd64-xl-win      13 guest-stop                   fail   never pass
 test-amd64-i386-rhel6hvm-amd  8 guest-saverestore            fail   never pass
 test-amd64-i386-rhel6hvm-intel  8 guest-saverestore            fail never pass
 test-amd64-i386-xl-win-vcpus1 13 guest-stop                   fail  never pass
 test-amd64-xcpkern-i386-rhel6hvm-amd  8 guest-saverestore      fail never pass
 test-amd64-xcpkern-i386-rhel6hvm-intel  8 guest-saverestore    fail never pass
 test-amd64-xcpkern-i386-xl-win 13 guest-stop                   fail never pass
 test-i386-i386-xl-win        13 guest-stop                   fail   never pass

version targeted for testing:
 xen                  08a17b468c17
baseline version:
 xen                  37c77bacb52a

------------------------------------------------------------
People who touched revisions under test:
  Christoph Egger <Christoph.Egger@amd.com>
  Ian Campbell <Ian.Campbell@citrix.com>
  Ian Campbell <ian.campbell@citrix.com>:
  Ian Campbell <Ian.Campbell@eu.citrix.com>
  Ian Jackson <ian.jackson.citrix.com>
  Ian Jackson <ian.jackson@eu.citrix.com>
  Jim Fehlig <jfehlig@novell.com>
  Keir Fraser <keir@xen.org>
  Liu, Jinsong <jinsong.liu@intel.com>
  Marco Nenciarini <marco.nenciarini@devise.it>
  Shriram Rajagopalan <rshriram@cs.ubc.ca>
  Stefano Stabellini <stefano.stabellini@eu.citrix.com>
  Tim Deegan <Tim.Deegan@citrix.com>
  Vincent Hanquez <vincent.hanquez@eu.citrix.com>
  Wei Liu <liuw@liuw.name>
------------------------------------------------------------

jobs:
 build-i386-xcpkern                                           pass     
 build-amd64                                                  pass     
 build-i386                                                   pass     
 build-amd64-oldkern                                          pass     
 build-i386-oldkern                                           pass     
 build-amd64-pvops                                            pass     
 build-i386-pvops                                             pass     
 test-amd64-amd64-xl                                          pass     
 test-amd64-i386-xl                                           fail     
 test-i386-i386-xl                                            fail     
 test-amd64-xcpkern-i386-xl                                   pass     
 test-i386-xcpkern-i386-xl                                    pass     
 test-amd64-i386-rhel6hvm-amd                                 fail     
 test-amd64-xcpkern-i386-rhel6hvm-amd                         fail     
 test-amd64-i386-xl-credit2                                   fail     
 test-amd64-xcpkern-i386-xl-credit2                           pass     
 test-amd64-i386-rhel6hvm-intel                               fail     
 test-amd64-xcpkern-i386-rhel6hvm-intel                       fail     
 test-amd64-i386-xl-multivcpu                                 fail     
 test-amd64-xcpkern-i386-xl-multivcpu                         pass     
 test-amd64-amd64-pair                                        fail     
 test-amd64-i386-pair                                         fail     
 test-i386-i386-pair                                          fail     
 test-amd64-xcpkern-i386-pair                                 fail     
 test-i386-xcpkern-i386-pair                                  fail     
 test-amd64-amd64-pv                                          fail     
 test-amd64-i386-pv                                           fail     
 test-i386-i386-pv                                            fail     
 test-amd64-xcpkern-i386-pv                                   fail     
 test-i386-xcpkern-i386-pv                                    fail     
 test-amd64-i386-win-vcpus1                                   fail     
 test-amd64-i386-xl-win-vcpus1                                fail     
 test-amd64-amd64-win                                         fail     
 test-amd64-i386-win                                          fail     
 test-i386-i386-win                                           fail     
 test-amd64-xcpkern-i386-win                                  fail     
 test-i386-xcpkern-i386-win                                   fail     
 test-amd64-amd64-xl-win                                      fail     
 test-i386-i386-xl-win                                        fail     
 test-amd64-xcpkern-i386-xl-win                               fail     


------------------------------------------------------------
sg-report-flight on woking.cam.xci-test.com
logs: /home/xc_osstest/logs
images: /home/xc_osstest/images

Logs, config files, etc. are available at
    http://www.chiark.greenend.org.uk/~xensrcts/logs

Test harness code can be found at
    http://xenbits.xensource.com/gitweb?p=osstest.git;a=summary


Not pushing.

(No revision log; it would be 588 lines long.)

                 reply	other threads:[~2011-05-26 14:06 UTC|newest]

Thread overview: [no followups] expand[flat|nested]  mbox.gz  Atom feed

Reply instructions:

You may reply publicly to this message via plain-text email
using any one of the following methods:

* Save the following mbox file, import it into your mail client,
  and reply-to-all from there: mbox

  Avoid top-posting and favor interleaved quoting:
  https://en.wikipedia.org/wiki/Posting_style#Interleaved_style

* Reply using the --to, --cc, and --in-reply-to
  switches of git-send-email(1):

  git send-email \
    --in-reply-to=osstest-7343-mainreport@xen.org \
    --to=ian.jackson@eu.citrix.com \
    --cc=xen-devel@lists.xensource.com \
    /path/to/YOUR_REPLY

  https://kernel.org/pub/software/scm/git/docs/git-send-email.html

* If your mail client supports setting the In-Reply-To header
  via mailto: links, try the mailto: link
Be sure your reply has a Subject: header at the top and a blank line before the message body.
This is a public inbox, see mirroring instructions
for how to clone and mirror all data and code used for this inbox;
as well as URLs for NNTP newsgroup(s).