From mboxrd@z Thu Jan 1 00:00:00 1970 From: xen.org Subject: [xen-unstable test] 7346: regressions - FAIL Date: Thu, 26 May 2011 22:32:30 +0100 Message-ID: Mime-Version: 1.0 Content-Type: text/plain Return-path: List-Unsubscribe: , List-Post: List-Help: List-Subscribe: , Sender: xen-devel-bounces@lists.xensource.com Errors-To: xen-devel-bounces@lists.xensource.com To: xen-devel@lists.xensource.com Cc: ian.jackson@eu.citrix.com List-Id: xen-devel@lists.xenproject.org flight 7346 xen-unstable real [real] http://www.chiark.greenend.org.uk/~xensrcts/logs/7346/ Regressions :-( Tests which did not succeed and are blocking: test-amd64-amd64-pair 16 guest-start fail REGR. vs. 7285 test-amd64-amd64-pv 9 guest-start fail REGR. vs. 7285 test-amd64-amd64-win 7 windows-install fail REGR. vs. 7285 test-amd64-i386-pair 16 guest-start fail REGR. vs. 7285 test-amd64-i386-pv 9 guest-start fail REGR. vs. 7285 test-amd64-i386-rhel6hvm-amd 7 redhat-install fail REGR. vs. 7285 test-amd64-i386-win-vcpus1 7 windows-install fail REGR. vs. 7285 test-amd64-i386-win 7 windows-install fail REGR. vs. 7285 test-amd64-i386-xl-credit2 9 guest-start fail REGR. vs. 7285 test-amd64-i386-xl-multivcpu 9 guest-start fail REGR. vs. 7285 test-amd64-i386-xl 9 guest-start fail REGR. vs. 7285 test-amd64-xcpkern-i386-pair 16 guest-start fail REGR. vs. 7285 test-amd64-xcpkern-i386-pv 9 guest-start fail REGR. vs. 7285 test-amd64-xcpkern-i386-win 7 windows-install fail REGR. vs. 7285 test-i386-i386-pair 16 guest-start fail REGR. vs. 7285 test-i386-i386-pv 9 guest-start fail REGR. vs. 7285 test-i386-i386-win 7 windows-install fail REGR. vs. 7285 test-i386-i386-xl 9 guest-start fail REGR. vs. 7285 test-i386-xcpkern-i386-pair 16 guest-start fail REGR. vs. 7285 test-i386-xcpkern-i386-pv 9 guest-start fail REGR. vs. 7285 test-i386-xcpkern-i386-win 7 windows-install fail REGR. vs. 7285 Tests which did not succeed, but are not blocking, including regressions (tests previously passed) regarded as allowable: test-amd64-amd64-xl-win 13 guest-stop fail never pass test-amd64-i386-rhel6hvm-intel 8 guest-saverestore fail never pass test-amd64-i386-xl-win-vcpus1 13 guest-stop fail never pass test-amd64-xcpkern-i386-rhel6hvm-amd 8 guest-saverestore fail never pass test-amd64-xcpkern-i386-rhel6hvm-intel 8 guest-saverestore fail never pass test-amd64-xcpkern-i386-xl-win 13 guest-stop fail never pass test-i386-i386-xl-win 13 guest-stop fail never pass version targeted for testing: xen 9672195337ae baseline version: xen 37c77bacb52a ------------------------------------------------------------ People who touched revisions under test: Christoph Egger Fabio Fantoni George Dunlap Ian Campbell Ian Campbell : Ian Campbell Ian Jackson Ian Jackson Jim Fehlig Keir Fraser Konrad Rzeszutek Wilk Liu, Jinsong Marco Nenciarini Olaf Hering Shriram Rajagopalan Stefano Stabellini Tim Deegan Vincent Hanquez Wei Liu Zhou Peng ------------------------------------------------------------ jobs: build-i386-xcpkern pass build-amd64 pass build-i386 pass build-amd64-oldkern pass build-i386-oldkern pass build-amd64-pvops pass build-i386-pvops pass test-amd64-amd64-xl pass test-amd64-i386-xl fail test-i386-i386-xl fail test-amd64-xcpkern-i386-xl pass test-i386-xcpkern-i386-xl pass test-amd64-i386-rhel6hvm-amd fail test-amd64-xcpkern-i386-rhel6hvm-amd fail test-amd64-i386-xl-credit2 fail test-amd64-xcpkern-i386-xl-credit2 pass test-amd64-i386-rhel6hvm-intel fail test-amd64-xcpkern-i386-rhel6hvm-intel fail test-amd64-i386-xl-multivcpu fail test-amd64-xcpkern-i386-xl-multivcpu pass test-amd64-amd64-pair fail test-amd64-i386-pair fail test-i386-i386-pair fail test-amd64-xcpkern-i386-pair fail test-i386-xcpkern-i386-pair fail test-amd64-amd64-pv fail test-amd64-i386-pv fail test-i386-i386-pv fail test-amd64-xcpkern-i386-pv fail test-i386-xcpkern-i386-pv fail test-amd64-i386-win-vcpus1 fail test-amd64-i386-xl-win-vcpus1 fail test-amd64-amd64-win fail test-amd64-i386-win fail test-i386-i386-win fail test-amd64-xcpkern-i386-win fail test-i386-xcpkern-i386-win fail test-amd64-amd64-xl-win fail test-i386-i386-xl-win fail test-amd64-xcpkern-i386-xl-win fail ------------------------------------------------------------ sg-report-flight on woking.cam.xci-test.com logs: /home/xc_osstest/logs images: /home/xc_osstest/images Logs, config files, etc. are available at http://www.chiark.greenend.org.uk/~xensrcts/logs Test harness code can be found at http://xenbits.xensource.com/gitweb?p=osstest.git;a=summary Not pushing. (No revision log; it would be 764 lines long.)