From mboxrd@z Thu Jan 1 00:00:00 1970 From: xen.org Subject: [xen-unstable test] 7375: regressions - FAIL Date: Sat, 28 May 2011 10:15:47 +0100 Message-ID: Mime-Version: 1.0 Content-Type: text/plain Return-path: List-Unsubscribe: , List-Post: List-Help: List-Subscribe: , Sender: xen-devel-bounces@lists.xensource.com Errors-To: xen-devel-bounces@lists.xensource.com To: xen-devel@lists.xensource.com Cc: ian.jackson@eu.citrix.com List-Id: xen-devel@lists.xenproject.org flight 7375 xen-unstable real [real] http://www.chiark.greenend.org.uk/~xensrcts/logs/7375/ Regressions :-( Tests which did not succeed and are blocking: build-i386-oldkern 4 xen-build fail REGR. vs. 7285 build-i386 4 xen-build fail REGR. vs. 7285 test-amd64-amd64-pair 16 guest-start fail REGR. vs. 7285 test-amd64-amd64-pv 9 guest-start fail REGR. vs. 7285 test-amd64-amd64-win 7 windows-install fail REGR. vs. 7285 test-amd64-i386-pair 6 xen-install/dst_host fail REGR. vs. 7285 test-amd64-i386-pair 5 xen-install/src_host fail REGR. vs. 7285 test-amd64-i386-pv 4 xen-install fail REGR. vs. 7285 test-amd64-i386-rhel6hvm-amd 4 xen-install fail REGR. vs. 7285 test-amd64-i386-rhel6hvm-intel 4 xen-install fail REGR. vs. 7285 test-amd64-i386-win-vcpus1 4 xen-install fail REGR. vs. 7285 test-amd64-i386-win 4 xen-install fail REGR. vs. 7285 test-amd64-i386-xl-credit2 4 xen-install fail REGR. vs. 7285 test-amd64-i386-xl-multivcpu 4 xen-install fail REGR. vs. 7285 test-amd64-i386-xl-win-vcpus1 4 xen-install fail REGR. vs. 7285 test-amd64-i386-xl 4 xen-install fail REGR. vs. 7285 test-amd64-xcpkern-i386-pair 6 xen-install/dst_host fail REGR. vs. 7285 test-amd64-xcpkern-i386-pair 5 xen-install/src_host fail REGR. vs. 7285 test-amd64-xcpkern-i386-pv 4 xen-install fail REGR. vs. 7285 test-amd64-xcpkern-i386-rhel6hvm-amd 4 xen-install fail REGR. vs. 7285 test-amd64-xcpkern-i386-rhel6hvm-intel 4 xen-install fail REGR. vs. 7285 test-amd64-xcpkern-i386-win 4 xen-install fail REGR. vs. 7285 test-amd64-xcpkern-i386-xl-credit2 4 xen-install fail REGR. vs. 7285 test-amd64-xcpkern-i386-xl-multivcpu 4 xen-install fail REGR. vs. 7285 test-amd64-xcpkern-i386-xl-win 4 xen-install fail REGR. vs. 7285 test-amd64-xcpkern-i386-xl 4 xen-install fail REGR. vs. 7285 Tests which did not succeed, but are not blocking, including regressions (tests previously passed) regarded as allowable: test-amd64-amd64-xl-win 13 guest-stop fail never pass test-i386-i386-pair 1 xen-build-check(1) blocked n/a test-i386-i386-pv 1 xen-build-check(1) blocked n/a test-i386-i386-win 1 xen-build-check(1) blocked n/a test-i386-i386-xl-win 1 xen-build-check(1) blocked n/a test-i386-i386-xl 1 xen-build-check(1) blocked n/a test-i386-xcpkern-i386-pair 1 xen-build-check(1) blocked n/a test-i386-xcpkern-i386-pv 1 xen-build-check(1) blocked n/a test-i386-xcpkern-i386-win 1 xen-build-check(1) blocked n/a test-i386-xcpkern-i386-xl 1 xen-build-check(1) blocked n/a version targeted for testing: xen ef410f262299 baseline version: xen 37c77bacb52a ------------------------------------------------------------ People who touched revisions under test: Aravindh Puthiyaparambil Christoph Egger Fabio Fantoni George Dunlap Ian Campbell Ian Campbell : Ian Campbell Ian Jackson Ian Jackson Jim Fehlig Keir Fraser Konrad Rzeszutek Wilk Liu, Jinsong Marco Nenciarini Olaf Hering Shriram Rajagopalan Stefano Stabellini Tim Deegan Vincent Hanquez Wei Liu Zhou Peng ------------------------------------------------------------ jobs: build-i386-xcpkern pass build-amd64 pass build-i386 fail build-amd64-oldkern pass build-i386-oldkern fail build-amd64-pvops pass build-i386-pvops pass test-amd64-amd64-xl pass test-amd64-i386-xl fail test-i386-i386-xl blocked test-amd64-xcpkern-i386-xl fail test-i386-xcpkern-i386-xl blocked test-amd64-i386-rhel6hvm-amd fail test-amd64-xcpkern-i386-rhel6hvm-amd fail test-amd64-i386-xl-credit2 fail test-amd64-xcpkern-i386-xl-credit2 fail test-amd64-i386-rhel6hvm-intel fail test-amd64-xcpkern-i386-rhel6hvm-intel fail test-amd64-i386-xl-multivcpu fail test-amd64-xcpkern-i386-xl-multivcpu fail test-amd64-amd64-pair fail test-amd64-i386-pair fail test-i386-i386-pair blocked test-amd64-xcpkern-i386-pair fail test-i386-xcpkern-i386-pair blocked test-amd64-amd64-pv fail test-amd64-i386-pv fail test-i386-i386-pv blocked test-amd64-xcpkern-i386-pv fail test-i386-xcpkern-i386-pv blocked test-amd64-i386-win-vcpus1 fail test-amd64-i386-xl-win-vcpus1 fail test-amd64-amd64-win fail test-amd64-i386-win fail test-i386-i386-win blocked test-amd64-xcpkern-i386-win fail test-i386-xcpkern-i386-win blocked test-amd64-amd64-xl-win fail test-i386-i386-xl-win blocked test-amd64-xcpkern-i386-xl-win fail ------------------------------------------------------------ sg-report-flight on woking.cam.xci-test.com logs: /home/xc_osstest/logs images: /home/xc_osstest/images Logs, config files, etc. are available at http://www.chiark.greenend.org.uk/~xensrcts/logs Test harness code can be found at http://xenbits.xensource.com/gitweb?p=osstest.git;a=summary Not pushing. (No revision log; it would be 1177 lines long.)