From mboxrd@z Thu Jan 1 00:00:00 1970 From: xen.org Subject: [xen-unstable test] 7448: regressions - trouble: fail/pass/preparing/running Date: Tue, 31 May 2011 12:47:34 +0100 Message-ID: Mime-Version: 1.0 Content-Type: text/plain Return-path: List-Unsubscribe: , List-Post: List-Help: List-Subscribe: , Sender: xen-devel-bounces@lists.xensource.com Errors-To: xen-devel-bounces@lists.xensource.com To: xen-devel@lists.xensource.com Cc: ian.jackson@eu.citrix.com List-Id: xen-devel@lists.xenproject.org flight 7448 xen-unstable running [real] http://www.chiark.greenend.org.uk/~xensrcts/logs/7448/ Regressions :-( Tests which did not succeed and are blocking: test-amd64-amd64-pair 2 hosts-allocate running test-amd64-amd64-pv 2 hosts-allocate running test-amd64-amd64-win 2 hosts-allocate running test-amd64-amd64-xl-win 2 hosts-allocate running test-amd64-amd64-xl 2 hosts-allocate running test-amd64-i386-pair 2 hosts-allocate running test-amd64-i386-pv 2 hosts-allocate running test-amd64-i386-rhel6hvm-amd 2 hosts-allocate running test-amd64-i386-rhel6hvm-intel 2 hosts-allocate running test-amd64-i386-win-vcpus1 2 hosts-allocate running test-amd64-i386-win 2 hosts-allocate running test-amd64-i386-xl-credit2 2 hosts-allocate running test-amd64-i386-xl-multivcpu 2 hosts-allocate running test-amd64-i386-xl-win-vcpus1 2 hosts-allocate running test-amd64-i386-xl 2 hosts-allocate running test-amd64-xcpkern-i386-pair 2 hosts-allocate running test-amd64-xcpkern-i386-pv 2 hosts-allocate running test-amd64-xcpkern-i386-rhel6hvm-amd 2 hosts-allocate running test-amd64-xcpkern-i386-rhel6hvm-intel 2 hosts-allocate running test-amd64-xcpkern-i386-win 2 hosts-allocate running test-amd64-xcpkern-i386-xl-credit2 2 hosts-allocate running test-amd64-xcpkern-i386-xl-multivcpu 2 hosts-allocate running test-amd64-xcpkern-i386-xl-win 2 hosts-allocate running test-amd64-xcpkern-i386-xl 2 hosts-allocate running test-i386-i386-pair 2 hosts-allocate running test-i386-i386-pv 9 guest-start fail REGR. vs. 7285 test-i386-i386-win 7 windows-install fail REGR. vs. 7285 test-i386-i386-xl-win 7 windows-install running test-i386-i386-xl 9 guest-start fail REGR. vs. 7285 test-i386-xcpkern-i386-pair 2 hosts-allocate running test-i386-xcpkern-i386-pv 2 hosts-allocate running test-i386-xcpkern-i386-win 2 hosts-allocate running test-i386-xcpkern-i386-xl 2 hosts-allocate running version targeted for testing: xen d7c755c25bb9 baseline version: xen 37c77bacb52a ------------------------------------------------------------ People who touched revisions under test: Aravindh Puthiyaparambil Christoph Egger Fabio Fantoni George Dunlap Ian Campbell Ian Campbell : Ian Campbell Ian Jackson Ian Jackson Jim Fehlig Keir Fraser Konrad Rzeszutek Wilk Li, Xin Liu, Jinsong Marco Nenciarini Olaf Hering Shriram Rajagopalan Stefano Stabellini Tim Deegan Vincent Hanquez Wei Huang Wei Liu Yang, Wei Zhou Peng ------------------------------------------------------------ jobs: build-i386-xcpkern pass build-amd64 pass build-i386 pass build-amd64-oldkern pass build-i386-oldkern pass build-amd64-pvops pass build-i386-pvops pass test-amd64-amd64-xl preparing test-amd64-i386-xl preparing test-i386-i386-xl fail test-amd64-xcpkern-i386-xl preparing test-i386-xcpkern-i386-xl preparing test-amd64-i386-rhel6hvm-amd preparing test-amd64-xcpkern-i386-rhel6hvm-amd preparing test-amd64-i386-xl-credit2 preparing test-amd64-xcpkern-i386-xl-credit2 preparing test-amd64-i386-rhel6hvm-intel preparing test-amd64-xcpkern-i386-rhel6hvm-intel preparing test-amd64-i386-xl-multivcpu preparing test-amd64-xcpkern-i386-xl-multivcpu preparing test-amd64-amd64-pair preparing test-amd64-i386-pair preparing test-i386-i386-pair preparing test-amd64-xcpkern-i386-pair preparing test-i386-xcpkern-i386-pair preparing test-amd64-amd64-pv preparing test-amd64-i386-pv preparing test-i386-i386-pv fail test-amd64-xcpkern-i386-pv preparing test-i386-xcpkern-i386-pv preparing test-amd64-i386-win-vcpus1 preparing test-amd64-i386-xl-win-vcpus1 preparing test-amd64-amd64-win preparing test-amd64-i386-win preparing test-i386-i386-win fail test-amd64-xcpkern-i386-win preparing test-i386-xcpkern-i386-win preparing test-amd64-amd64-xl-win preparing test-i386-i386-xl-win running test-amd64-xcpkern-i386-xl-win preparing ------------------------------------------------------------ sg-report-flight on woking.cam.xci-test.com logs: /home/xc_osstest/logs images: /home/xc_osstest/images Logs, config files, etc. are available at http://www.chiark.greenend.org.uk/~xensrcts/logs Test harness code can be found at http://xenbits.xensource.com/gitweb?p=osstest.git;a=summary Not pushing. (No revision log; it would be 1222 lines long.)