From: xen.org <ian.jackson@eu.citrix.com>
To: xen-devel@lists.xensource.com
Cc: ian.jackson@eu.citrix.com
Subject: [xen-4.1-testing test] 7468: tolerable FAIL - PUSHED
Date: Wed, 1 Jun 2011 03:14:14 +0100 [thread overview]
Message-ID: <osstest-7468-mainreport@xen.org> (raw)
flight 7468 xen-4.1-testing real [real]
http://www.chiark.greenend.org.uk/~xensrcts/logs/7468/
Failures :-/ but no regressions.
Tests which did not succeed, but are not blocking,
including regressions (tests previously passed) regarded as allowable:
test-amd64-amd64-win 16 leak-check/check fail never pass
test-amd64-amd64-xl-win 13 guest-stop fail never pass
test-amd64-i386-rhel6hvm-amd 8 guest-saverestore fail never pass
test-amd64-i386-rhel6hvm-intel 8 guest-saverestore fail never pass
test-amd64-i386-win-vcpus1 16 leak-check/check fail never pass
test-amd64-i386-win 16 leak-check/check fail never pass
test-amd64-i386-xl-win-vcpus1 13 guest-stop fail never pass
test-amd64-xcpkern-i386-pair 16 guest-start fail like 7329
test-amd64-xcpkern-i386-rhel6hvm-amd 8 guest-saverestore fail never pass
test-amd64-xcpkern-i386-rhel6hvm-intel 8 guest-saverestore fail never pass
test-amd64-xcpkern-i386-win 16 leak-check/check fail never pass
test-amd64-xcpkern-i386-xl-win 13 guest-stop fail never pass
test-i386-i386-win 16 leak-check/check fail never pass
test-i386-i386-xl-win 13 guest-stop fail never pass
test-i386-xcpkern-i386-win 16 leak-check/check fail never pass
version targeted for testing:
xen dbe9e02a1f75
baseline version:
xen 61336bbb0002
------------------------------------------------------------
People who touched revisions under test:
Ian Campbell <Ian.Campbell@citrix.com>
Ian Jackson <ian.jackson@eu.citrix.com>
Jim Fehlig <jfehlig@novell.com>
Keir Fraser <keir@xen.org>
Li, Xin <xin.li@intel.com>
Tim Deegan <Tim.Deegan@citrix.com>
Yang, Wei <wei.y.yang@intel.com>
------------------------------------------------------------
jobs:
build-i386-xcpkern pass
build-amd64 pass
build-i386 pass
build-amd64-oldkern pass
build-i386-oldkern pass
build-amd64-pvops pass
build-i386-pvops pass
test-amd64-amd64-xl pass
test-amd64-i386-xl pass
test-i386-i386-xl pass
test-amd64-xcpkern-i386-xl pass
test-i386-xcpkern-i386-xl pass
test-amd64-i386-rhel6hvm-amd fail
test-amd64-xcpkern-i386-rhel6hvm-amd fail
test-amd64-i386-xl-credit2 pass
test-amd64-xcpkern-i386-xl-credit2 pass
test-amd64-i386-rhel6hvm-intel fail
test-amd64-xcpkern-i386-rhel6hvm-intel fail
test-amd64-i386-xl-multivcpu pass
test-amd64-xcpkern-i386-xl-multivcpu pass
test-amd64-amd64-pair pass
test-amd64-i386-pair pass
test-i386-i386-pair pass
test-amd64-xcpkern-i386-pair fail
test-i386-xcpkern-i386-pair pass
test-amd64-amd64-pv pass
test-amd64-i386-pv pass
test-i386-i386-pv pass
test-amd64-xcpkern-i386-pv pass
test-i386-xcpkern-i386-pv pass
test-amd64-i386-win-vcpus1 fail
test-amd64-i386-xl-win-vcpus1 fail
test-amd64-amd64-win fail
test-amd64-i386-win fail
test-i386-i386-win fail
test-amd64-xcpkern-i386-win fail
test-i386-xcpkern-i386-win fail
test-amd64-amd64-xl-win fail
test-i386-i386-xl-win fail
test-amd64-xcpkern-i386-xl-win fail
------------------------------------------------------------
sg-report-flight on woking.cam.xci-test.com
logs: /home/xc_osstest/logs
images: /home/xc_osstest/images
Logs, config files, etc. are available at
http://www.chiark.greenend.org.uk/~xensrcts/logs
Test harness code can be found at
http://xenbits.xensource.com/gitweb?p=osstest.git;a=summary
Pushing revision :
+ branch=xen-4.1-testing
+ revision=dbe9e02a1f75
+ . cri-lock-repos
++ . cri-common
+++ umask 002
+++ getconfig Repos
+++ perl -e '
use Osstest;
readconfigonly();
print $c{Repos} or die $!;
'
++ repos=/export/home/osstest/repos
++ repos_lock=/export/home/osstest/repos/lock
++ '[' x '!=' x/export/home/osstest/repos/lock ']'
++ OSSTEST_REPOS_LOCK_LOCKED=/export/home/osstest/repos/lock
++ exec with-lock-ex -w /export/home/osstest/repos/lock ./ap-push xen-4.1-testing dbe9e02a1f75
+ branch=xen-4.1-testing
+ revision=dbe9e02a1f75
+ . cri-lock-repos
++ . cri-common
+++ umask 002
+++ getconfig Repos
+++ perl -e '
use Osstest;
readconfigonly();
print $c{Repos} or die $!;
'
++ repos=/export/home/osstest/repos
++ repos_lock=/export/home/osstest/repos/lock
++ '[' x/export/home/osstest/repos/lock '!=' x/export/home/osstest/repos/lock ']'
+ : xen@xenbits.xensource.com
+ : xen@xenbits.xensource.com:git/linux-pvops
+ : master
+ case "$branch" in
+ cd /export/home/osstest/repos/xen-4.1-testing.hg
+ hg push -r dbe9e02a1f75 ssh://xen@xenbits.xensource.com/HG/xen-4.1-testing.hg
pushing to ssh://xen@xenbits.xensource.com/HG/xen-4.1-testing.hg
searching for changes
remote: adding changesets
remote: adding manifests
remote: adding file changes
remote: added 5 changesets with 9 changes to 9 files
next reply other threads:[~2011-06-01 2:14 UTC|newest]
Thread overview: 31+ messages / expand[flat|nested] mbox.gz Atom feed top
2011-06-01 2:14 xen.org [this message]
2011-06-01 3:44 ` pre-cleanup1 for nested VMX Dong, Eddie
2011-06-01 3:47 ` pre-cleanup2 " Dong, Eddie
2011-06-01 3:49 ` RFC: Nested VMX patch series 01: data structure Dong, Eddie
2011-06-01 3:51 ` RFC: Nested VMX patch series 02: wrap APIs Dong, Eddie
2011-06-01 9:13 ` Christoph Egger
2011-06-01 3:52 ` RFC: Nested VMX patch series 03: vmxon_off Dong, Eddie
2011-06-01 3:55 ` RFC: Nested VMX patch series 04: virtual VMCS structure and APIs Dong, Eddie
2011-06-01 3:57 ` RFC: Nested VMX patch series 05: vmptrld Dong, Eddie
2011-06-01 3:57 ` RFC: Nested VMX patch series 05: vmptrst Dong, Eddie
2011-06-01 3:58 ` RFC: Nested VMX patch series 07: vmclear Dong, Eddie
2011-06-01 3:59 ` RFC: Nested VMX patch series 08: vmwrite Dong, Eddie
2011-06-01 4:00 ` RFC: Nested VMX patch series 09: vmread Dong, Eddie
2011-06-01 4:01 ` RFC: Nested VMX patch series 10: vmcs switching API Dong, Eddie
2011-06-01 4:02 ` RFC: Nested VMX patch series 11: vmresume Dong, Eddie
2011-06-01 4:03 ` RFC: Nested VMX patch series 12: shadow vmcs control Dong, Eddie
2011-06-01 4:04 ` RFC: Nested VMX patch series 12: real VMCS switch Dong, Eddie
2011-06-01 4:05 ` RFC: Nested VMX patch series 14: exceptions Dong, Eddie
2011-06-01 4:06 ` RFC: Nested VMX patch series 15: exit from n2 guest Dong, Eddie
2011-06-01 4:07 ` RFC: Nested VMX patch series 16: fpu Dong, Eddie
2011-06-01 4:08 ` RFC: Nested VMX patch series 17: cr4 Dong, Eddie
2011-06-01 4:09 ` RFC: Nested VMX patch series 18: capability Dong, Eddie
2011-06-01 4:11 ` RFC: Nested VMX patch series 00 Dong, Eddie
2011-06-01 8:47 ` Ian Campbell
2011-06-01 9:50 ` Tim Deegan
2011-06-01 9:56 ` Christoph Egger
2011-06-01 10:15 ` Tim Deegan
2011-06-01 10:34 ` Christoph Egger
2011-06-01 10:39 ` Tim Deegan
2011-06-01 23:28 ` Dong, Eddie
2011-06-02 5:02 ` Tian, Kevin
Reply instructions:
You may reply publicly to this message via plain-text email
using any one of the following methods:
* Save the following mbox file, import it into your mail client,
and reply-to-all from there: mbox
Avoid top-posting and favor interleaved quoting:
https://en.wikipedia.org/wiki/Posting_style#Interleaved_style
* Reply using the --to, --cc, and --in-reply-to
switches of git-send-email(1):
git send-email \
--in-reply-to=osstest-7468-mainreport@xen.org \
--to=ian.jackson@eu.citrix.com \
--cc=xen-devel@lists.xensource.com \
/path/to/YOUR_REPLY
https://kernel.org/pub/software/scm/git/docs/git-send-email.html
* If your mail client supports setting the In-Reply-To header
via mailto: links, try the mailto: link
Be sure your reply has a Subject: header at the top and a blank line
before the message body.
This is a public inbox, see mirroring instructions
for how to clone and mirror all data and code used for this inbox;
as well as URLs for NNTP newsgroup(s).