xen-devel.lists.xenproject.org archive mirror
 help / color / mirror / Atom feed
From: Platform Team regression test user <citrix-osstest@xenproject.org>
To: xen-devel@lists.xenproject.org, osstest-admin@xenproject.org
Subject: [ovmf baseline-only test] 74951: regressions - FAIL
Date: Tue, 10 Jul 2018 17:41:56 +0100	[thread overview]
Message-ID: <osstest-74951-mainreport@xen.org> (raw)

This run is configured for baseline tests only.

flight 74951 ovmf real [real]
http://osstest.xs.citrite.net/~osstest/testlogs/logs/74951/

Regressions :-(

Tests which did not succeed and are blocking,
including tests which could not be run:
 build-amd64-libvirt           6 libvirt-build             fail REGR. vs. 74947
 test-amd64-amd64-xl-qemuu-ovmf-amd64 10 debian-hvm-install fail REGR. vs. 74947
 test-amd64-i386-xl-qemuu-ovmf-amd64 10 debian-hvm-install fail REGR. vs. 74947

version targeted for testing:
 ovmf                 9edba51f93d8e81e09f905afc994efe02dbe524e
baseline version:
 ovmf                 d7634dc0c5a83360b3b6c155df29c078ad9c77ce

Last test of basis    74947  2018-07-09 04:49:56 Z    1 days
Testing same since    74951  2018-07-10 14:50:13 Z    0 days    1 attempts

------------------------------------------------------------
People who touched revisions under test:
  Yonghong Zhu <yonghong.zhu@intel.com>

jobs:
 build-amd64-xsm                                              pass    
 build-i386-xsm                                               pass    
 build-amd64                                                  pass    
 build-i386                                                   pass    
 build-amd64-libvirt                                          fail    
 build-i386-libvirt                                           pass    
 build-amd64-pvops                                            pass    
 build-i386-pvops                                             pass    
 test-amd64-amd64-xl-qemuu-ovmf-amd64                         fail    
 test-amd64-i386-xl-qemuu-ovmf-amd64                          fail    


------------------------------------------------------------
sg-report-flight on osstest.xs.citrite.net
logs: /home/osstest/logs
images: /home/osstest/images

Logs, config files, etc. are available at
    http://osstest.xs.citrite.net/~osstest/testlogs/logs

Test harness code can be found at
    http://xenbits.xensource.com/gitweb?p=osstest.git;a=summary


Push not applicable.

------------------------------------------------------------
commit 9edba51f93d8e81e09f905afc994efe02dbe524e
Author: Yonghong Zhu <yonghong.zhu@intel.com>
Date:   Mon Jul 9 20:14:38 2018 +0800

    BaseTools: Fix the bug that incorrect size info in the Lib autogen
    
    The case is a PCD used in one library only, and in DSC component
    section the PCD value is override in one of module inf. Then it cause
    the bug the PCD size in the Lib autogen use the PCD value in the DSC
    PCD section, but not use the override value.
    
    Contributed-under: TianoCore Contribution Agreement 1.0
    Signed-off-by: Yonghong Zhu <yonghong.zhu@intel.com>
    Reviewed-by: Liming Gao <liming.gao@intel.com>

_______________________________________________
Xen-devel mailing list
Xen-devel@lists.xenproject.org
https://lists.xenproject.org/mailman/listinfo/xen-devel

                 reply	other threads:[~2018-07-10 16:42 UTC|newest]

Thread overview: [no followups] expand[flat|nested]  mbox.gz  Atom feed

Reply instructions:

You may reply publicly to this message via plain-text email
using any one of the following methods:

* Save the following mbox file, import it into your mail client,
  and reply-to-all from there: mbox

  Avoid top-posting and favor interleaved quoting:
  https://en.wikipedia.org/wiki/Posting_style#Interleaved_style

* Reply using the --to, --cc, and --in-reply-to
  switches of git-send-email(1):

  git send-email \
    --in-reply-to=osstest-74951-mainreport@xen.org \
    --to=citrix-osstest@xenproject.org \
    --cc=osstest-admin@xenproject.org \
    --cc=xen-devel@lists.xenproject.org \
    /path/to/YOUR_REPLY

  https://kernel.org/pub/software/scm/git/docs/git-send-email.html

* If your mail client supports setting the In-Reply-To header
  via mailto: links, try the mailto: link
Be sure your reply has a Subject: header at the top and a blank line before the message body.
This is a public inbox, see mirroring instructions
for how to clone and mirror all data and code used for this inbox;
as well as URLs for NNTP newsgroup(s).