xen-devel.lists.xenproject.org archive mirror
 help / color / mirror / Atom feed
* [ovmf baseline-only test] 74954: regressions - FAIL
@ 2018-07-11 11:45 Platform Team regression test user
  0 siblings, 0 replies; only message in thread
From: Platform Team regression test user @ 2018-07-11 11:45 UTC (permalink / raw)
  To: xen-devel, osstest-admin

This run is configured for baseline tests only.

flight 74954 ovmf real [real]
http://osstest.xs.citrite.net/~osstest/testlogs/logs/74954/

Regressions :-(

Tests which did not succeed and are blocking,
including tests which could not be run:
 build-i386-libvirt            6 libvirt-build             fail REGR. vs. 74952

version targeted for testing:
 ovmf                 99fd30431d565412707f7a1e1a23461d10d07e85
baseline version:
 ovmf                 e4e314b1b6b74c46da3c0493e7a807df28cb9aed

Last test of basis    74952  2018-07-11 05:19:50 Z    0 days
Testing same since    74954  2018-07-11 09:49:41 Z    0 days    1 attempts

------------------------------------------------------------
People who touched revisions under test:
  Star Zeng <star.zeng@intel.com>

jobs:
 build-amd64-xsm                                              pass    
 build-i386-xsm                                               pass    
 build-amd64                                                  pass    
 build-i386                                                   pass    
 build-amd64-libvirt                                          pass    
 build-i386-libvirt                                           fail    
 build-amd64-pvops                                            pass    
 build-i386-pvops                                             pass    
 test-amd64-amd64-xl-qemuu-ovmf-amd64                         pass    
 test-amd64-i386-xl-qemuu-ovmf-amd64                          pass    


------------------------------------------------------------
sg-report-flight on osstest.xs.citrite.net
logs: /home/osstest/logs
images: /home/osstest/images

Logs, config files, etc. are available at
    http://osstest.xs.citrite.net/~osstest/testlogs/logs

Test harness code can be found at
    http://xenbits.xensource.com/gitweb?p=osstest.git;a=summary


Push not applicable.

------------------------------------------------------------
commit 99fd30431d565412707f7a1e1a23461d10d07e85
Author: Star Zeng <star.zeng@intel.com>
Date:   Tue Jul 10 18:12:56 2018 +0800

    MdeModulePkg CapsuleApp: Fix NestedCapsuleHeader->Flags assigned wrong
    
    (FwType == ESRT_FW_TYPE_DEVICEFIRMWARE) ? system : device
    should be
    (FwType == ESRT_FW_TYPE_SYSTEMFIRMWARE) ? system : device
    
    Cc: Michael D Kinney <michael.d.kinney@intel.com>
    Cc: Jiewen Yao <jiewen.yao@intel.com>
    Cc: Ming Shao <ming.shao@intel.com>
    Contributed-under: TianoCore Contribution Agreement 1.1
    Signed-off-by: Star Zeng <star.zeng@intel.com>
    Reviewed-by: Jiewen Yao <jiewen.yao@intel.com>

commit 70bd2a85e944c3654e67e039ed58e35a8565fc13
Author: Star Zeng <star.zeng@intel.com>
Date:   Tue Jul 10 17:19:15 2018 +0800

    SignedCapsulePkg RecoveryModuleLoadPei: Fix typo 'Press' to 'Process'
    
    Cc: Michael D Kinney <michael.d.kinney@intel.com>
    Cc: Jiewen Yao <jiewen.yao@intel.com>
    Cc: Ming Shao <ming.shao@intel.com>
    Contributed-under: TianoCore Contribution Agreement 1.1
    Signed-off-by: Star Zeng <star.zeng@intel.com>
    Reviewed-by: Jiewen Yao <jiewen.yao@intel.com>

commit a891bd733781f5430abe0a670e1bbe79e16baa28
Author: Star Zeng <star.zeng@intel.com>
Date:   Tue Jul 10 17:18:27 2018 +0800

    MdeModulePkg DxeCapsuleLibFmp: Fix typo 'Press' to 'Process'
    
    Cc: Michael D Kinney <michael.d.kinney@intel.com>
    Cc: Jiewen Yao <jiewen.yao@intel.com>
    Cc: Ming Shao <ming.shao@intel.com>
    Contributed-under: TianoCore Contribution Agreement 1.1
    Signed-off-by: Star Zeng <star.zeng@intel.com>
    Reviewed-by: Jiewen Yao <jiewen.yao@intel.com>

_______________________________________________
Xen-devel mailing list
Xen-devel@lists.xenproject.org
https://lists.xenproject.org/mailman/listinfo/xen-devel

^ permalink raw reply	[flat|nested] only message in thread

only message in thread, other threads:[~2018-07-11 11:45 UTC | newest]

Thread overview: (only message) (download: mbox.gz follow: Atom feed
-- links below jump to the message on this page --
2018-07-11 11:45 [ovmf baseline-only test] 74954: regressions - FAIL Platform Team regression test user

This is a public inbox, see mirroring instructions
for how to clone and mirror all data and code used for this inbox;
as well as URLs for NNTP newsgroup(s).