* [ovmf baseline-only test] 74959: all pass
@ 2018-07-12 13:16 Platform Team regression test user
0 siblings, 0 replies; only message in thread
From: Platform Team regression test user @ 2018-07-12 13:16 UTC (permalink / raw)
To: xen-devel, osstest-admin
This run is configured for baseline tests only.
flight 74959 ovmf real [real]
http://osstest.xs.citrite.net/~osstest/testlogs/logs/74959/
Perfect :-)
All tests in this flight passed as required
version targeted for testing:
ovmf 895b87e38015e0698c6a5c0633e0156b038a56f1
baseline version:
ovmf c6a14de3ef30291918f3b15436cf6a75db413eea
Last test of basis 74956 2018-07-11 11:56:44 Z 1 days
Testing same since 74959 2018-07-12 05:24:33 Z 0 days 1 attempts
------------------------------------------------------------
People who touched revisions under test:
Gary Lin <glin@suse.com>
Jiaxin Wu <Jiaxin.wu@intel.com>
Wu Jiaxin <jiaxin.wu@intel.com>
jobs:
build-amd64-xsm pass
build-i386-xsm pass
build-amd64 pass
build-i386 pass
build-amd64-libvirt pass
build-i386-libvirt pass
build-amd64-pvops pass
build-i386-pvops pass
test-amd64-amd64-xl-qemuu-ovmf-amd64 pass
test-amd64-i386-xl-qemuu-ovmf-amd64 pass
------------------------------------------------------------
sg-report-flight on osstest.xs.citrite.net
logs: /home/osstest/logs
images: /home/osstest/images
Logs, config files, etc. are available at
http://osstest.xs.citrite.net/~osstest/testlogs/logs
Test harness code can be found at
http://xenbits.xensource.com/gitweb?p=osstest.git;a=summary
Push not applicable.
------------------------------------------------------------
commit 895b87e38015e0698c6a5c0633e0156b038a56f1
Author: Jiaxin Wu <Jiaxin.wu@intel.com>
Date: Mon Jul 2 09:48:12 2018 +0800
NetworkPkg/HttpDxe: Fix the bug when parsing HTTP(S) message body.
*v2: Resolve the conflict commit.
*v3: Fixed the failure if BodyLength in HTTP token is less than the received
size of HTTPS message.
HttpBodyParserCallback function is to parse the HTTP(S) message body so as to
confirm whether there is the next message header. But it doesn't record the
parsing message data/length correctly.
This patch is refine the parsing logic so as to fix the potential failure.
Cc: Ye Ting <ting.ye@intel.com>
Cc: Fu Siyuan <siyuan.fu@intel.com>
Cc: Gary Lin <glin@suse.com>
Contributed-under: TianoCore Contribution Agreement 1.0
Signed-off-by: Wu Jiaxin <jiaxin.wu@intel.com>
Reviewed-by: Fu Siyuan <siyuan.fu@intel.com>
Reviewed-by: Ye Ting <ting.ye@intel.com>
Tested-by: Gary Lin <glin@suse.com>
_______________________________________________
Xen-devel mailing list
Xen-devel@lists.xenproject.org
https://lists.xenproject.org/mailman/listinfo/xen-devel
^ permalink raw reply [flat|nested] only message in thread
only message in thread, other threads:[~2018-07-12 13:17 UTC | newest]
Thread overview: (only message) (download: mbox.gz follow: Atom feed
-- links below jump to the message on this page --
2018-07-12 13:16 [ovmf baseline-only test] 74959: all pass Platform Team regression test user
This is a public inbox, see mirroring instructions
for how to clone and mirror all data and code used for this inbox;
as well as URLs for NNTP newsgroup(s).