* [ovmf baseline-only test] 74999: tolerable FAIL
@ 2018-07-24 6:33 Platform Team regression test user
0 siblings, 0 replies; only message in thread
From: Platform Team regression test user @ 2018-07-24 6:33 UTC (permalink / raw)
To: xen-devel, osstest-admin
This run is configured for baseline tests only.
flight 74999 ovmf real [real]
http://osstest.xensource.com/osstest/logs/74999/
Failures :-/ but no regressions.
Tests which did not succeed, but are not blocking:
test-amd64-amd64-xl-qemuu-ovmf-amd64 10 debian-hvm-install fail like 74998
test-amd64-i386-xl-qemuu-ovmf-amd64 10 debian-hvm-install fail like 74998
version targeted for testing:
ovmf 005c855dc6be0f61f76de0d7ec4a62ee737518d6
baseline version:
ovmf 549ae85ce1b00228c3abcf6a9e4022c4f4fba5ed
Last test of basis 74998 2018-07-23 20:20:13 Z 0 days
Testing same since 74999 2018-07-24 05:19:57 Z 0 days 1 attempts
------------------------------------------------------------
People who touched revisions under test:
Marvin H?user <Marvin.Haeuser@outlook.com>
Marvin Haeuser <Marvin.Haeuser@outlook.com>
jobs:
build-amd64-xsm pass
build-i386-xsm pass
build-amd64 pass
build-i386 pass
build-amd64-libvirt pass
build-i386-libvirt pass
build-amd64-pvops pass
build-i386-pvops pass
test-amd64-amd64-xl-qemuu-ovmf-amd64 fail
test-amd64-i386-xl-qemuu-ovmf-amd64 fail
------------------------------------------------------------
sg-report-flight on osstest.xs.citrite.net
logs: /home/osstest/logs
images: /home/osstest/images
Logs, config files, etc. are available at
http://osstest.xensource.com/osstest/logs
Test harness code can be found at
http://xenbits.xensource.com/gitweb?p=osstest.git;a=summary
Push not applicable.
------------------------------------------------------------
commit 005c855dc6be0f61f76de0d7ec4a62ee737518d6
Author: Marvin H?user <Marvin.Haeuser@outlook.com>
Date: Sun Jul 22 06:17:17 2018 +0800
UefiCpuPkg/CpuMpPei: Correct BIST PPI logic.
Currently, the SecPlatformInformation2 PPI is installed when either
there is none present or the present one doesn't lack data.
Update the logic to only install the SecPlatformInformation2 PPI when
it's not already installed so that an up-to-date PPI remains the only
one and unchanged.
Contributed-under: TianoCore Contribution Agreement 1.1
Signed-off-by: Marvin Haeuser <Marvin.Haeuser@outlook.com>
Reviewed-by: Laszlo Ersek <lersek@redhat.com>
Reviewed-by: Eric Dong <eric.dong@intel.com>
_______________________________________________
Xen-devel mailing list
Xen-devel@lists.xenproject.org
https://lists.xenproject.org/mailman/listinfo/xen-devel
^ permalink raw reply [flat|nested] only message in thread
only message in thread, other threads:[~2018-07-24 6:33 UTC | newest]
Thread overview: (only message) (download: mbox.gz follow: Atom feed
-- links below jump to the message on this page --
2018-07-24 6:33 [ovmf baseline-only test] 74999: tolerable FAIL Platform Team regression test user
This is a public inbox, see mirroring instructions
for how to clone and mirror all data and code used for this inbox;
as well as URLs for NNTP newsgroup(s).