xen-devel.lists.xenproject.org archive mirror
 help / color / mirror / Atom feed
* [ovmf baseline-only test] 75008: tolerable FAIL
@ 2018-07-26  1:53 Platform Team regression test user
  0 siblings, 0 replies; only message in thread
From: Platform Team regression test user @ 2018-07-26  1:53 UTC (permalink / raw)
  To: xen-devel, osstest-admin

This run is configured for baseline tests only.

flight 75008 ovmf real [real]
http://osstest.xensource.com/osstest/logs/75008/

Failures :-/ but no regressions.

Tests which did not succeed, but are not blocking:
 test-amd64-amd64-xl-qemuu-ovmf-amd64 10 debian-hvm-install     fail like 75006
 test-amd64-i386-xl-qemuu-ovmf-amd64 10 debian-hvm-install      fail like 75006

version targeted for testing:
 ovmf                 304a27e08f9139555694fbd27d2b78c430df9b8f
baseline version:
 ovmf                 ef529e6ab7c31290a33045bb1f1837447cc0eb56

Last test of basis    75006  2018-07-25 09:19:47 Z    0 days
Testing same since    75008  2018-07-26 00:20:08 Z    0 days    1 attempts

------------------------------------------------------------
People who touched revisions under test:
  Alexei Fedorov <Alexei.Fedorov@arm.com>
  AlexeiFedorov <Alexei.Fedorov@arm.com>

jobs:
 build-amd64-xsm                                              pass    
 build-i386-xsm                                               pass    
 build-amd64                                                  pass    
 build-i386                                                   pass    
 build-amd64-libvirt                                          pass    
 build-i386-libvirt                                           pass    
 build-amd64-pvops                                            pass    
 build-i386-pvops                                             pass    
 test-amd64-amd64-xl-qemuu-ovmf-amd64                         fail    
 test-amd64-i386-xl-qemuu-ovmf-amd64                          fail    


------------------------------------------------------------
sg-report-flight on osstest.xs.citrite.net
logs: /home/osstest/logs
images: /home/osstest/images

Logs, config files, etc. are available at
    http://osstest.xensource.com/osstest/logs

Test harness code can be found at
    http://xenbits.xensource.com/gitweb?p=osstest.git;a=summary


Push not applicable.

------------------------------------------------------------
commit 304a27e08f9139555694fbd27d2b78c430df9b8f
Author: AlexeiFedorov <Alexei.Fedorov@arm.com>
Date:   Tue Jul 17 03:59:25 2018 -0700

    ShellPkg: add UefiShellAcpiViewCommandLib.inf to ShellPkg.dsc
    
    This patch adds UefiShellAcpiViewCommandLib INF file into
    [Components] section of ShellPkg.dsc so this library can be built
    in ShellPkg level build.
    
    Contributed-under: TianoCore Contribution Agreement 1.1
    Signed-off-by: Alexei Fedorov <Alexei.Fedorov@arm.com>
    Reviewed-by: Ruiyu Ni <ruiyu.ni@intel.com>
    Reviewed-by: Jaben Carsey <jaben.carsey@intel.com>

_______________________________________________
Xen-devel mailing list
Xen-devel@lists.xenproject.org
https://lists.xenproject.org/mailman/listinfo/xen-devel

^ permalink raw reply	[flat|nested] only message in thread

only message in thread, other threads:[~2018-07-26  1:53 UTC | newest]

Thread overview: (only message) (download: mbox.gz follow: Atom feed
-- links below jump to the message on this page --
2018-07-26  1:53 [ovmf baseline-only test] 75008: tolerable FAIL Platform Team regression test user

This is a public inbox, see mirroring instructions
for how to clone and mirror all data and code used for this inbox;
as well as URLs for NNTP newsgroup(s).