* [ovmf baseline-only test] 75009: tolerable FAIL
@ 2018-07-26 5:50 Platform Team regression test user
0 siblings, 0 replies; only message in thread
From: Platform Team regression test user @ 2018-07-26 5:50 UTC (permalink / raw)
To: xen-devel, osstest-admin
This run is configured for baseline tests only.
flight 75009 ovmf real [real]
http://osstest.xensource.com/osstest/logs/75009/
Failures :-/ but no regressions.
Tests which did not succeed, but are not blocking:
test-amd64-i386-xl-qemuu-ovmf-amd64 10 debian-hvm-install fail like 75008
test-amd64-amd64-xl-qemuu-ovmf-amd64 10 debian-hvm-install fail like 75008
version targeted for testing:
ovmf a1583a877b9aba07facd567dfe4c72679ae3ca04
baseline version:
ovmf 304a27e08f9139555694fbd27d2b78c430df9b8f
Last test of basis 75008 2018-07-26 00:20:08 Z 0 days
Testing same since 75009 2018-07-26 03:49:51 Z 0 days 1 attempts
------------------------------------------------------------
People who touched revisions under test:
Hess Chen <hesheng.chen@intel.com>
jobs:
build-amd64-xsm pass
build-i386-xsm pass
build-amd64 pass
build-i386 pass
build-amd64-libvirt pass
build-i386-libvirt pass
build-amd64-pvops pass
build-i386-pvops pass
test-amd64-amd64-xl-qemuu-ovmf-amd64 fail
test-amd64-i386-xl-qemuu-ovmf-amd64 fail
------------------------------------------------------------
sg-report-flight on osstest.xs.citrite.net
logs: /home/osstest/logs
images: /home/osstest/images
Logs, config files, etc. are available at
http://osstest.xensource.com/osstest/logs
Test harness code can be found at
http://xenbits.xensource.com/gitweb?p=osstest.git;a=summary
Push not applicable.
------------------------------------------------------------
commit a1583a877b9aba07facd567dfe4c72679ae3ca04
Author: Hess Chen <hesheng.chen@intel.com>
Date: Mon Jul 23 13:57:57 2018 +0800
BaseTools/Ecc: Add some new checkpoints
1. Add a checkpoint to check NO TABs.
2. Add a checkpoint to check line ending with CRLF.
3. Add a checkpoint to check no trailing spaces.
Contributed-under: TianoCore Contribution Agreement 1.0
Signed-off-by: Hess Chen <hesheng.chen@intel.com>
Reviewed-by: Yonghong Zhu <yonghong.zhu@intel.com>
_______________________________________________
Xen-devel mailing list
Xen-devel@lists.xenproject.org
https://lists.xenproject.org/mailman/listinfo/xen-devel
^ permalink raw reply [flat|nested] only message in thread
only message in thread, other threads:[~2018-07-26 5:51 UTC | newest]
Thread overview: (only message) (download: mbox.gz follow: Atom feed
-- links below jump to the message on this page --
2018-07-26 5:50 [ovmf baseline-only test] 75009: tolerable FAIL Platform Team regression test user
This is a public inbox, see mirroring instructions
for how to clone and mirror all data and code used for this inbox;
as well as URLs for NNTP newsgroup(s).