xen-devel.lists.xenproject.org archive mirror
 help / color / mirror / Atom feed
From: Platform Team regression test user <citrix-osstest@xenproject.org>
To: xen-devel@lists.xenproject.org, osstest-admin@xenproject.org
Subject: [ovmf baseline-only test] 75011: tolerable FAIL
Date: Thu, 26 Jul 2018 12:24:15 +0100	[thread overview]
Message-ID: <osstest-75011-mainreport@xen.org> (raw)

This run is configured for baseline tests only.

flight 75011 ovmf real [real]
http://osstest.xensource.com/osstest/logs/75011/

Failures :-/ but no regressions.

Tests which did not succeed, but are not blocking:
 test-amd64-i386-xl-qemuu-ovmf-amd64 10 debian-hvm-install      fail like 75009
 test-amd64-amd64-xl-qemuu-ovmf-amd64 10 debian-hvm-install     fail like 75009

version targeted for testing:
 ovmf                 98d20e44dc72d9858523687fda11ab8fc570fcec
baseline version:
 ovmf                 a1583a877b9aba07facd567dfe4c72679ae3ca04

Last test of basis    75009  2018-07-26 03:49:51 Z    0 days
Testing same since    75011  2018-07-26 09:49:53 Z    0 days    1 attempts

------------------------------------------------------------
People who touched revisions under test:
  Dandan Bi <dandan.bi@intel.com>

jobs:
 build-amd64-xsm                                              pass    
 build-i386-xsm                                               pass    
 build-amd64                                                  pass    
 build-i386                                                   pass    
 build-amd64-libvirt                                          pass    
 build-i386-libvirt                                           pass    
 build-amd64-pvops                                            pass    
 build-i386-pvops                                             pass    
 test-amd64-amd64-xl-qemuu-ovmf-amd64                         fail    
 test-amd64-i386-xl-qemuu-ovmf-amd64                          fail    


------------------------------------------------------------
sg-report-flight on osstest.xs.citrite.net
logs: /home/osstest/logs
images: /home/osstest/images

Logs, config files, etc. are available at
    http://osstest.xensource.com/osstest/logs

Test harness code can be found at
    http://xenbits.xensource.com/gitweb?p=osstest.git;a=summary


Push not applicable.

------------------------------------------------------------
commit 98d20e44dc72d9858523687fda11ab8fc570fcec
Author: Dandan Bi <dandan.bi@intel.com>
Date:   Wed Jul 11 12:47:45 2018 +0800

    MdeModulePkg/DxeLoadFunc: Add use case for new Perf macro
    
    Add an example case for the usage of
    PERF_EVENT_SIGNAL_BEGIN/PERF_EVENT_SIGNAL_END
    
    Cc: Liming Gao <liming.gao@intel.com>
    Cc: Star Zeng <star.zeng@intel.com>
    Contributed-under: TianoCore Contribution Agreement 1.1
    Signed-off-by: Dandan Bi <dandan.bi@intel.com>
    Reviewed-by: Liming Gao <liming.gao@intel.com>

commit d9c5beb159c4b54ba14e3ad731d0e69a2e85c6c0
Author: Dandan Bi <dandan.bi@intel.com>
Date:   Tue Jul 17 13:09:02 2018 +0800

    SecurityPkg/Tcg: Add use case for new Perf macro
    
    Add an example case for the usage of
    PERF_CALLBACK_BEGIN/PERF_CALLBACK_END
    
    Cc: Liming Gao <liming.gao@intel.com>
    Cc: Chao Zhang <chao.b.zhang@intel.com>
    Contributed-under: TianoCore Contribution Agreement 1.1
    Signed-off-by: Dandan Bi <dandan.bi@intel.com>
    Reviewed-by: Liming Gao <liming.gao@intel.com>
    Reviewed-by: Chao Zhang<chao.b.zhang@intel.com>

commit 05aba7e37b06d035b2fbae280c6b4e3f7d2f28ba
Author: Dandan Bi <dandan.bi@intel.com>
Date:   Thu Jul 19 11:26:21 2018 +0800

    ShellPkg/Dp: Cumulate the perf data of "DB:Stop"
    
    Currently DP tool will cumulate the performance data for
    Driver Binding Support/Start, will count the number they
    appears, and record the maximum/minimum time value...
    Now add Driver Binding Stop performance data to the
    cumulative data to keep consistency.
    
    Cc: Liming Gao <liming.gao@intel.com>
    Cc: Jaben Carsey <jaben.carsey@intel.com>
    Cc: Ruiyu Ni <ruiyu.ni@intel.com>
    Contributed-under: TianoCore Contribution Agreement 1.1
    Signed-off-by: Dandan Bi <dandan.bi@intel.com>
    Reviewed-by: Jaben Carsey <jaben.carsey@intel.com>

_______________________________________________
Xen-devel mailing list
Xen-devel@lists.xenproject.org
https://lists.xenproject.org/mailman/listinfo/xen-devel

                 reply	other threads:[~2018-07-26 11:24 UTC|newest]

Thread overview: [no followups] expand[flat|nested]  mbox.gz  Atom feed

Reply instructions:

You may reply publicly to this message via plain-text email
using any one of the following methods:

* Save the following mbox file, import it into your mail client,
  and reply-to-all from there: mbox

  Avoid top-posting and favor interleaved quoting:
  https://en.wikipedia.org/wiki/Posting_style#Interleaved_style

* Reply using the --to, --cc, and --in-reply-to
  switches of git-send-email(1):

  git send-email \
    --in-reply-to=osstest-75011-mainreport@xen.org \
    --to=citrix-osstest@xenproject.org \
    --cc=osstest-admin@xenproject.org \
    --cc=xen-devel@lists.xenproject.org \
    /path/to/YOUR_REPLY

  https://kernel.org/pub/software/scm/git/docs/git-send-email.html

* If your mail client supports setting the In-Reply-To header
  via mailto: links, try the mailto: link
Be sure your reply has a Subject: header at the top and a blank line before the message body.
This is a public inbox, see mirroring instructions
for how to clone and mirror all data and code used for this inbox;
as well as URLs for NNTP newsgroup(s).