* [ovmf baseline-only test] 75013: tolerable FAIL
@ 2018-07-26 18:28 Platform Team regression test user
0 siblings, 0 replies; only message in thread
From: Platform Team regression test user @ 2018-07-26 18:28 UTC (permalink / raw)
To: xen-devel, osstest-admin
This run is configured for baseline tests only.
flight 75013 ovmf real [real]
http://osstest.xensource.com/osstest/logs/75013/
Failures :-/ but no regressions.
Tests which did not succeed, but are not blocking:
test-amd64-i386-xl-qemuu-ovmf-amd64 10 debian-hvm-install fail like 75012
test-amd64-amd64-xl-qemuu-ovmf-amd64 10 debian-hvm-install fail like 75012
version targeted for testing:
ovmf 4a723ed258367471eac8b4ae32558f09ef65672e
baseline version:
ovmf cf4e79e466f951e72c2cbd40002c71fdaddad389
Last test of basis 75012 2018-07-26 12:50:05 Z 0 days
Testing same since 75013 2018-07-26 17:20:09 Z 0 days 1 attempts
------------------------------------------------------------
People who touched revisions under test:
Jiewen Yao <jiewen.yao@intel.com>
jobs:
build-amd64-xsm pass
build-i386-xsm pass
build-amd64 pass
build-i386 pass
build-amd64-libvirt pass
build-i386-libvirt pass
build-amd64-pvops pass
build-i386-pvops pass
test-amd64-amd64-xl-qemuu-ovmf-amd64 fail
test-amd64-i386-xl-qemuu-ovmf-amd64 fail
------------------------------------------------------------
sg-report-flight on osstest.xs.citrite.net
logs: /home/osstest/logs
images: /home/osstest/images
Logs, config files, etc. are available at
http://osstest.xensource.com/osstest/logs
Test harness code can be found at
http://xenbits.xensource.com/gitweb?p=osstest.git;a=summary
Push not applicable.
------------------------------------------------------------
commit 4a723ed258367471eac8b4ae32558f09ef65672e
Author: Jiewen Yao <jiewen.yao@intel.com>
Date: Fri Nov 24 09:21:54 2017 +0800
MdeModulePkg/DxeCore: Not update RtCode in MemAttrTable after EndOfDxe
We want to provide precise info in MemAttribTable
to both OS and SMM, and SMM only gets the info at EndOfDxe.
So we do not update RtCode entry in EndOfDxe.
The impact is that if 3rd part OPROM is runtime, it cannot be executed
at UEFI runtime phase.
Currently, we do not see compatibility issue, because the only runtime
OPROM we found before in UNDI, and UEFI OS will not use UNDI interface
in OS.
Contributed-under: TianoCore Contribution Agreement 1.1
Signed-off-by: Jiewen Yao <jiewen.yao@intel.com>
Reviewed-by: Star Zeng <star.zeng@intel.com>
commit 8a2e1a9d54ee7316c48111b1f216a568791b2da2
Author: Jiewen Yao <jiewen.yao@intel.com>
Date: Wed Nov 22 23:11:54 2017 +0800
UefiCpuPkg/PiSmmCpu: Check EFI_RUNTIME_RO in UEFI mem attrib table.
It treats the UEFI runtime page with EFI_MEMORY_RO attribute as
invalid SMM communication buffer.
Contributed-under: TianoCore Contribution Agreement 1.1
Signed-off-by: Jiewen Yao <jiewen.yao@intel.com>
Reviewed-by: Star Zeng <star.zeng@intel.com>
commit 6809627276640a0c57b3f3c7cf0c5eb469f019e6
Author: Jiewen Yao <jiewen.yao@intel.com>
Date: Wed Nov 22 23:11:22 2017 +0800
MdePkg/SmmMemLib: Check EFI_MEMORY_RO in UEFI mem attrib table.
It treats the UEFI runtime page with EFI_MEMORY_RO attribute as
invalid SMM communication buffer.
Contributed-under: TianoCore Contribution Agreement 1.1
Signed-off-by: Jiewen Yao <jiewen.yao@intel.com>
Reviewed-by: Star Zeng <star.zeng@intel.com>
commit b2305dd277ba678027ed67f9a34c41c6a2eb519c
Author: Jiewen Yao <jiewen.yao@intel.com>
Date: Wed Nov 22 22:05:07 2017 +0800
MdeModulePkg/DxeCore: Install UEFI mem attrib table at EndOfDxe.
So that the SMM can consume it to set page protection for
the UEFI runtime page with EFI_MEMORY_RO attribute.
Contributed-under: TianoCore Contribution Agreement 1.1
Signed-off-by: Jiewen Yao <jiewen.yao@intel.com>
Reviewed-by: Star Zeng <star.zeng@intel.com>
commit ac6613db4697be13b4029e7b43d65e686f5938cb
Author: Jiewen Yao <jiewen.yao@intel.com>
Date: Thu Nov 2 19:00:02 2017 +0800
UefiCpuPkg/PiSmmCpu: Check for untested memory in GCD
It treats GCD untested memory as invalid SMM
communication buffer.
Contributed-under: TianoCore Contribution Agreement 1.1
Signed-off-by: Jiewen Yao <jiewen.yao@intel.com>
Reviewed-by: Star Zeng <star.zeng@intel.com>
commit 233ffa90ccd852a8c6a478eb0426731d64598316
Author: Jiewen Yao <jiewen.yao@intel.com>
Date: Thu Nov 2 18:21:13 2017 +0800
MdePkg/SmmMemLib: Check for untested memory in GCD
It treats GCD untested memory as invalid SMM
communication buffer.
Contributed-under: TianoCore Contribution Agreement 1.1
Signed-off-by: Jiewen Yao <jiewen.yao@intel.com>
Reviewed-by: Star Zeng <star.zeng@intel.com>
_______________________________________________
Xen-devel mailing list
Xen-devel@lists.xenproject.org
https://lists.xenproject.org/mailman/listinfo/xen-devel
^ permalink raw reply [flat|nested] only message in thread
only message in thread, other threads:[~2018-07-26 18:28 UTC | newest]
Thread overview: (only message) (download: mbox.gz follow: Atom feed
-- links below jump to the message on this page --
2018-07-26 18:28 [ovmf baseline-only test] 75013: tolerable FAIL Platform Team regression test user
This is a public inbox, see mirroring instructions
for how to clone and mirror all data and code used for this inbox;
as well as URLs for NNTP newsgroup(s).