xen-devel.lists.xenproject.org archive mirror
 help / color / mirror / Atom feed
* [ovmf baseline-only test] 75014: tolerable FAIL
@ 2018-07-27  7:32 Platform Team regression test user
  0 siblings, 0 replies; only message in thread
From: Platform Team regression test user @ 2018-07-27  7:32 UTC (permalink / raw)
  To: xen-devel, osstest-admin

This run is configured for baseline tests only.

flight 75014 ovmf real [real]
http://osstest.xensource.com/osstest/logs/75014/

Failures :-/ but no regressions.

Tests which did not succeed, but are not blocking:
 test-amd64-i386-xl-qemuu-ovmf-amd64 10 debian-hvm-install      fail like 75013
 test-amd64-amd64-xl-qemuu-ovmf-amd64 10 debian-hvm-install     fail like 75013

version targeted for testing:
 ovmf                 07eba7069d4c23e9b15caa1e729682a88ddf4ada
baseline version:
 ovmf                 4a723ed258367471eac8b4ae32558f09ef65672e

Last test of basis    75013  2018-07-26 17:20:09 Z    0 days
Testing same since    75014  2018-07-27 05:58:45 Z    0 days    1 attempts

------------------------------------------------------------
People who touched revisions under test:
  Thomas Palmer <thomas.palmer@hpe.com>
  Vladimir Olovyannikiov <vladimir.olovyannikov@broadcom.com>
  Vladimir Olovyannikov <vladimir.olovyannikov@broadcom.com>

jobs:
 build-amd64-xsm                                              pass    
 build-i386-xsm                                               pass    
 build-amd64                                                  pass    
 build-i386                                                   pass    
 build-amd64-libvirt                                          pass    
 build-i386-libvirt                                           pass    
 build-amd64-pvops                                            pass    
 build-i386-pvops                                             pass    
 test-amd64-amd64-xl-qemuu-ovmf-amd64                         fail    
 test-amd64-i386-xl-qemuu-ovmf-amd64                          fail    


------------------------------------------------------------
sg-report-flight on osstest.xs.citrite.net
logs: /home/osstest/logs
images: /home/osstest/images

Logs, config files, etc. are available at
    http://osstest.xensource.com/osstest/logs

Test harness code can be found at
    http://xenbits.xensource.com/gitweb?p=osstest.git;a=summary


Push not applicable.

------------------------------------------------------------
commit 07eba7069d4c23e9b15caa1e729682a88ddf4ada
Author: Thomas Palmer <thomas.palmer@hpe.com>
Date:   Tue Jul 3 23:32:53 2018 +0800

    MdeModulePkg/PciBusDxe: Fix small memory leak in FreePciDevice
    
    When cleaning the PciIoDevice, also free the BusNumberRange
    
    Contributed-under: TianoCore Contribution Agreement 1.1
    Signed-off-by: Thomas Palmer <thomas.palmer@hpe.com>
    Reviewed-by: Ruiyu Ni <ruiyu.ni@intel.com>
    Reviewed-by: Star Zeng <star.zeng@intel.com>

commit b5bd3ed64898db1088a9468446a0d2d0dc7185e8
Author: Vladimir Olovyannikov <vladimir.olovyannikov@broadcom.com>
Date:   Thu Jul 26 03:47:49 2018 +0800

    MdeModulePkg FvSimpleFileSystemDxe: Fix memory leak in Read function
    
    FvSimpleFileSystem on read always allocates a FileBuffer, and never frees
    it. This causes memory leaks. It is especially bad for reading scripts
    line-by-line. In some cases memory leak can exceed 1GB.
    
    Contributed-under: TianoCore Contribution Agreement 1.1
    Signed-off-by: Vladimir Olovyannikiov <vladimir.olovyannikov@broadcom.com>
    Reviewed-by: Star Zeng <star.zeng@intel.com>

_______________________________________________
Xen-devel mailing list
Xen-devel@lists.xenproject.org
https://lists.xenproject.org/mailman/listinfo/xen-devel

^ permalink raw reply	[flat|nested] only message in thread

only message in thread, other threads:[~2018-07-27  7:32 UTC | newest]

Thread overview: (only message) (download: mbox.gz follow: Atom feed
-- links below jump to the message on this page --
2018-07-27  7:32 [ovmf baseline-only test] 75014: tolerable FAIL Platform Team regression test user

This is a public inbox, see mirroring instructions
for how to clone and mirror all data and code used for this inbox;
as well as URLs for NNTP newsgroup(s).