* [qemu-upstream-4.11-testing baseline-only test] 75016: tolerable FAIL
@ 2018-07-27 17:36 Platform Team regression test user
0 siblings, 0 replies; only message in thread
From: Platform Team regression test user @ 2018-07-27 17:36 UTC (permalink / raw)
To: xen-devel, osstest-admin
This run is configured for baseline tests only.
flight 75016 qemu-upstream-4.11-testing real [real]
http://osstest.xensource.com/osstest/logs/75016/
Failures :-/ but no regressions.
Tests which did not succeed, but are not blocking:
test-amd64-amd64-xl-qemuu-win10-i386 10 windows-install fail never pass
test-amd64-amd64-xl-qemuu-dmrestrict-amd64-dmrestrict 10 debian-hvm-install fail never pass
test-amd64-i386-xl-qemuu-ws16-amd64 10 windows-install fail never pass
test-armhf-armhf-xl 12 guest-start fail never pass
test-armhf-armhf-libvirt 12 guest-start fail never pass
test-armhf-armhf-xl-multivcpu 12 guest-start fail never pass
test-armhf-armhf-xl-credit2 12 guest-start fail never pass
test-amd64-i386-xl-qemuu-dmrestrict-amd64-dmrestrict 10 debian-hvm-install fail never pass
test-amd64-amd64-libvirt 13 migrate-support-check fail never pass
test-armhf-armhf-xl-rtds 12 guest-start fail never pass
test-armhf-armhf-xl-midway 12 guest-start fail never pass
test-amd64-amd64-libvirt-xsm 13 migrate-support-check fail never pass
test-amd64-i386-libvirt-xsm 13 migrate-support-check fail never pass
test-amd64-i386-xl-pvshim 12 guest-start fail never pass
test-amd64-i386-libvirt 13 migrate-support-check fail never pass
test-amd64-i386-libvirt-qemuu-debianhvm-amd64-xsm 11 migrate-support-check fail never pass
test-amd64-amd64-libvirt-qemuu-debianhvm-amd64-xsm 11 migrate-support-check fail never pass
test-amd64-amd64-libvirt-vhd 12 migrate-support-check fail never pass
test-amd64-amd64-qemuu-nested-amd 17 debian-hvm-install/l1/l2 fail never pass
test-amd64-amd64-xl-qemuu-win7-amd64 17 guest-stop fail never pass
test-amd64-i386-xl-qemuu-win7-amd64 17 guest-stop fail never pass
test-armhf-armhf-xl-vhd 10 debian-di-install fail never pass
test-amd64-amd64-xl-qemuu-ws16-amd64 17 guest-stop fail never pass
test-armhf-armhf-libvirt-raw 10 debian-di-install fail never pass
test-amd64-i386-xl-qemuu-win10-i386 17 guest-stop fail never pass
version targeted for testing:
qemuu 20c76f9a5fbf16d58c6add2ace2ff0fabd785926
baseline version:
qemuu 43139135a8938de44f66333831d3a8655d07663a
Last test of basis 74923 2018-06-29 03:50:41 Z 28 days
Testing same since 75016 2018-07-27 08:52:29 Z 0 days 1 attempts
------------------------------------------------------------
People who touched revisions under test:
Alberto Garcia <berto@igalia.com>
Alexandro Sanchez Bach <alexandro@phi.nz>
Anthony PERARD <anthony.perard@citrix.com>
Brijesh Singh <brijesh.singh@amd.com>
Bruce Rogers <brogers@suse.com>
Christian Borntraeger <borntraeger@de.ibm.com>
Cornelia Huck <cohuck@redhat.com>
Daniel P. Berrange <berrange@redhat.com>
Daniel P. Berrangé <berrange@redhat.com>
David Gibson <david@gibson.dropbear.id.au>
Dr. David Alan Gilbert <dgilbert@redhat.com>
Eduardo Habkost <ehabkost@redhat.com>
Eric Blake <eblake@redhat.com>
Fam Zheng <famz@redhat.com>
Geert Uytterhoeven <geert+renesas@glider.be>
Gerd Hoffmann <kraxel@redhat.com>
Greg Kurz <groug@kaod.org>
Halil Pasic <pasic@linux.ibm.com>
Henry Wertz <hwertz10@gmail.com>
Jack Schwartz <jack.schwartz@oracle.com>
Jan Kiszka <jan.kiszka@siemens.com>
Jason Andryuk <jandryuk@gmail.com>
Jason Wang <jasowang@redhat.com>
Jeff Cody <jcody@redhat.com>
Jintack Lim <jintack@cs.columbia.edu>
John Snow <jsnow@redhat.com>
John Thomson <git@johnthomson.fastmail.com.au>
Kevin Wolf <kwolf@redhat.com>
KONRAD Frederic <frederic.konrad@adacore.com>
Konrad Rzeszutek Wilk <konrad.wilk@oracle.com>
Laszlo Ersek <lersek@redhat.com>
Laurent Vivier <laurent@vivier.eu>
Laurent Vivier <lvivier@redhat.com>
linzhecheng <linzhecheng@huawei.com>
Marc-André Lureau <marcandre.lureau@redhat.com>
Mark Cave-Ayland <mark.cave-ayland@ilande.co.uk>
Max Filippov <jcmvbkbc@gmail.com>
Max Reitz <mreitz@redhat.com>
Michael Roth <mdroth@linux.vnet.ibm.com>
Michael S. Tsirkin <mst@redhat.com>
Michael Walle <michael@walle.cc>
Michal Privoznik <mprivozn@redhat.com>
Murilo Opsfelder Araujo <muriloo@linux.vnet.ibm.com>
Nia Alarie <nia.alarie@gmail.com>
Olaf Hering <olaf@aepfle.de>
Paolo Bonzini <pbonzini@redhat.com>
Peter Lieven <pl@kamp.de>
Peter Maydell <peter.maydell@linaro.org>
Peter Xu <peterx@redhat.com>
Philippe Mathieu-Daudé <f4bug@amsat.org>
Prasad Singamsetty <prasad.singamsetty@oracle.com>
Prasad Singamsetty <prasad.singamsety@oracle.com>
R. Nageswara Sastry <nasastry@in.ibm.com>
Richard Henderson <richard.henderson@linaro.org>
Ross Lagerwall <ross.lagerwall@citrix.com>
Shannon Zhao <zhaoshenglong@huawei.com>
Stefan Berger <stefanb@linux.vnet.ibm.com>
Stefan Hajnoczi <stefanha@redhat.com>
Thomas Huth <thuth@redhat.com>
Tiwei Bie <tiwei.bie@intel.com>
Victor Kamensky <kamensky@cisco.com>
Viktor Mihajlovski <mihajlov@linux.vnet.ibm.com>
jobs:
build-amd64-xsm pass
build-i386-xsm pass
build-amd64 pass
build-armhf pass
build-i386 pass
build-amd64-libvirt pass
build-armhf-libvirt pass
build-i386-libvirt pass
build-amd64-pvops pass
build-armhf-pvops pass
build-i386-pvops pass
test-amd64-amd64-xl pass
test-armhf-armhf-xl fail
test-amd64-i386-xl pass
test-amd64-amd64-libvirt-qemuu-debianhvm-amd64-xsm pass
test-amd64-i386-libvirt-qemuu-debianhvm-amd64-xsm pass
test-amd64-amd64-xl-qemuu-debianhvm-amd64-xsm pass
test-amd64-i386-xl-qemuu-debianhvm-amd64-xsm pass
test-amd64-amd64-libvirt-xsm pass
test-amd64-i386-libvirt-xsm pass
test-amd64-amd64-xl-xsm pass
test-amd64-i386-xl-xsm pass
test-amd64-amd64-qemuu-nested-amd fail
test-amd64-amd64-xl-pvhv2-amd pass
test-amd64-i386-qemuu-rhel6hvm-amd pass
test-amd64-amd64-xl-qemuu-debianhvm-amd64 pass
test-amd64-i386-xl-qemuu-debianhvm-amd64 pass
test-amd64-i386-freebsd10-amd64 pass
test-amd64-amd64-xl-qemuu-ovmf-amd64 pass
test-amd64-i386-xl-qemuu-ovmf-amd64 pass
test-amd64-amd64-xl-qemuu-win7-amd64 fail
test-amd64-i386-xl-qemuu-win7-amd64 fail
test-amd64-amd64-xl-qemuu-ws16-amd64 fail
test-amd64-i386-xl-qemuu-ws16-amd64 fail
test-amd64-amd64-xl-credit2 pass
test-armhf-armhf-xl-credit2 fail
test-amd64-amd64-xl-qemuu-dmrestrict-amd64-dmrestrict fail
test-amd64-i386-xl-qemuu-dmrestrict-amd64-dmrestrict fail
test-amd64-i386-freebsd10-i386 pass
test-amd64-amd64-xl-qemuu-win10-i386 fail
test-amd64-i386-xl-qemuu-win10-i386 fail
test-amd64-amd64-qemuu-nested-intel pass
test-amd64-amd64-xl-pvhv2-intel pass
test-amd64-i386-qemuu-rhel6hvm-intel pass
test-amd64-amd64-libvirt pass
test-armhf-armhf-libvirt fail
test-amd64-i386-libvirt pass
test-armhf-armhf-xl-midway fail
test-amd64-amd64-xl-multivcpu pass
test-armhf-armhf-xl-multivcpu fail
test-amd64-amd64-pair pass
test-amd64-i386-pair pass
test-amd64-amd64-libvirt-pair pass
test-amd64-i386-libvirt-pair pass
test-amd64-amd64-amd64-pvgrub pass
test-amd64-amd64-i386-pvgrub pass
test-amd64-amd64-xl-pvshim pass
test-amd64-i386-xl-pvshim fail
test-amd64-amd64-pygrub pass
test-amd64-amd64-xl-qcow2 pass
test-armhf-armhf-libvirt-raw fail
test-amd64-i386-xl-raw pass
test-amd64-amd64-xl-rtds pass
test-armhf-armhf-xl-rtds fail
test-amd64-amd64-xl-qemuu-debianhvm-amd64-shadow pass
test-amd64-i386-xl-qemuu-debianhvm-amd64-shadow pass
test-amd64-amd64-xl-shadow pass
test-amd64-i386-xl-shadow pass
test-amd64-amd64-libvirt-vhd pass
test-armhf-armhf-xl-vhd fail
------------------------------------------------------------
sg-report-flight on osstest.xs.citrite.net
logs: /home/osstest/logs
images: /home/osstest/images
Logs, config files, etc. are available at
http://osstest.xensource.com/osstest/logs
Test harness code can be found at
http://xenbits.xensource.com/gitweb?p=osstest.git;a=summary
Push not applicable.
(No revision log; it would be 3001 lines long.)
_______________________________________________
Xen-devel mailing list
Xen-devel@lists.xenproject.org
https://lists.xenproject.org/mailman/listinfo/xen-devel
^ permalink raw reply [flat|nested] only message in thread
only message in thread, other threads:[~2018-07-27 17:36 UTC | newest]
Thread overview: (only message) (download: mbox.gz follow: Atom feed
-- links below jump to the message on this page --
2018-07-27 17:36 [qemu-upstream-4.11-testing baseline-only test] 75016: tolerable FAIL Platform Team regression test user
This is a public inbox, see mirroring instructions
for how to clone and mirror all data and code used for this inbox;
as well as URLs for NNTP newsgroup(s).