From: Platform Team regression test user <citrix-osstest@xenproject.org>
To: xen-devel@lists.xenproject.org, osstest-admin@xenproject.org
Subject: [ovmf baseline-only test] 75017: tolerable FAIL
Date: Fri, 27 Jul 2018 18:05:14 +0100 [thread overview]
Message-ID: <osstest-75017-mainreport@xen.org> (raw)
This run is configured for baseline tests only.
flight 75017 ovmf real [real]
http://osstest.xensource.com/osstest/logs/75017/
Failures :-/ but no regressions.
Tests which did not succeed, but are not blocking:
test-amd64-i386-xl-qemuu-ovmf-amd64 10 debian-hvm-install fail like 75014
test-amd64-amd64-xl-qemuu-ovmf-amd64 10 debian-hvm-install fail like 75014
version targeted for testing:
ovmf f413763b6b8f2798595d468cf868ae5985d3eabc
baseline version:
ovmf 07eba7069d4c23e9b15caa1e729682a88ddf4ada
Last test of basis 75014 2018-07-27 05:58:45 Z 0 days
Testing same since 75017 2018-07-27 10:24:04 Z 0 days 1 attempts
------------------------------------------------------------
People who touched revisions under test:
Yunhua Feng <yunhuax.feng@intel.com>
jobs:
build-amd64-xsm pass
build-i386-xsm pass
build-amd64 pass
build-i386 pass
build-amd64-libvirt pass
build-i386-libvirt pass
build-amd64-pvops pass
build-i386-pvops pass
test-amd64-amd64-xl-qemuu-ovmf-amd64 fail
test-amd64-i386-xl-qemuu-ovmf-amd64 fail
------------------------------------------------------------
sg-report-flight on osstest.xs.citrite.net
logs: /home/osstest/logs
images: /home/osstest/images
Logs, config files, etc. are available at
http://osstest.xensource.com/osstest/logs
Test harness code can be found at
http://xenbits.xensource.com/gitweb?p=osstest.git;a=summary
Push not applicable.
------------------------------------------------------------
commit f413763b6b8f2798595d468cf868ae5985d3eabc
Author: Yunhua Feng <yunhuax.feng@intel.com>
Date: Wed Jul 25 11:21:07 2018 +0800
BaseTools: Parse decimal format INF_VERSION incorrect
hex number 0x00010019, the major number is 0001, the
minor number is 0019.
the decimal number 1.25, the major number is 1, and the
minor number is 25
Fix https://bugzilla.tianocore.org/show_bug.cgi?id=921
Cc: Liming Gao <liming.gao@intel.com>
Cc: Yonghong Zhu <yonghong.zhu@intel.com>
Contributed-under: TianoCore Contribution Agreement 1.1
Signed-off-by: Yunhua Feng <yunhuax.feng@intel.com>
Reviewed-by: Yonghong Zhu <yonghong.zhu@intel.com>
_______________________________________________
Xen-devel mailing list
Xen-devel@lists.xenproject.org
https://lists.xenproject.org/mailman/listinfo/xen-devel
reply other threads:[~2018-07-27 17:05 UTC|newest]
Thread overview: [no followups] expand[flat|nested] mbox.gz Atom feed
Reply instructions:
You may reply publicly to this message via plain-text email
using any one of the following methods:
* Save the following mbox file, import it into your mail client,
and reply-to-all from there: mbox
Avoid top-posting and favor interleaved quoting:
https://en.wikipedia.org/wiki/Posting_style#Interleaved_style
* Reply using the --to, --cc, and --in-reply-to
switches of git-send-email(1):
git send-email \
--in-reply-to=osstest-75017-mainreport@xen.org \
--to=citrix-osstest@xenproject.org \
--cc=osstest-admin@xenproject.org \
--cc=xen-devel@lists.xenproject.org \
/path/to/YOUR_REPLY
https://kernel.org/pub/software/scm/git/docs/git-send-email.html
* If your mail client supports setting the In-Reply-To header
via mailto: links, try the mailto: link
Be sure your reply has a Subject: header at the top and a blank line
before the message body.
This is a public inbox, see mirroring instructions
for how to clone and mirror all data and code used for this inbox;
as well as URLs for NNTP newsgroup(s).