* [ovmf baseline-only test] 75018: tolerable FAIL
@ 2018-07-27 19:21 Platform Team regression test user
0 siblings, 0 replies; only message in thread
From: Platform Team regression test user @ 2018-07-27 19:21 UTC (permalink / raw)
To: xen-devel, osstest-admin
This run is configured for baseline tests only.
flight 75018 ovmf real [real]
http://osstest.xensource.com/osstest/logs/75018/
Failures :-/ but no regressions.
Tests which did not succeed, but are not blocking:
test-amd64-i386-xl-qemuu-ovmf-amd64 10 debian-hvm-install fail like 75017
test-amd64-amd64-xl-qemuu-ovmf-amd64 10 debian-hvm-install fail like 75017
version targeted for testing:
ovmf 8d7aef3d1e57ea494ba9ca3c2fbbb44efffed676
baseline version:
ovmf f413763b6b8f2798595d468cf868ae5985d3eabc
Last test of basis 75017 2018-07-27 10:24:04 Z 0 days
Testing same since 75018 2018-07-27 17:23:25 Z 0 days 1 attempts
------------------------------------------------------------
People who touched revisions under test:
Ard Biesheuvel <ard.biesheuvel@linaro.org>
Ruiyu Ni <ruiyu.ni@intel.com>
Star Zeng <star.zeng@intel.com>
Yunhua Feng <yunhuax.feng@intel.com>
Zhang Chao B <chao.b.zhang@intel.com>
Zhang, Chao B <chao.b.zhang@intel.com>
jobs:
build-amd64-xsm pass
build-i386-xsm pass
build-amd64 pass
build-i386 pass
build-amd64-libvirt pass
build-i386-libvirt pass
build-amd64-pvops pass
build-i386-pvops pass
test-amd64-amd64-xl-qemuu-ovmf-amd64 fail
test-amd64-i386-xl-qemuu-ovmf-amd64 fail
------------------------------------------------------------
sg-report-flight on osstest.xs.citrite.net
logs: /home/osstest/logs
images: /home/osstest/images
Logs, config files, etc. are available at
http://osstest.xensource.com/osstest/logs
Test harness code can be found at
http://xenbits.xensource.com/gitweb?p=osstest.git;a=summary
Push not applicable.
------------------------------------------------------------
commit 8d7aef3d1e57ea494ba9ca3c2fbbb44efffed676
Author: Zhang, Chao B <chao.b.zhang@intel.com>
Date: Wed Jun 6 11:24:54 2018 +0800
SecurityPkg: HashLib: Add SHA384, SHA512 HashLib
Add SHA384, 512 Hash lib support. Now only CryptoPkg support PEI/DXE
version.
Cc: Long Qin <qin.long@intel.com>
Contributed-under: TianoCore Contribution Agreement 1.1
Signed-off-by: Zhang Chao B <chao.b.zhang@intel.com>
Reviewed-by: Long Qin <qin.long@intel.com>
commit fb57c30b703ee64415c43102862cfc2c2f2664be
Author: Star Zeng <star.zeng@intel.com>
Date: Thu Jul 26 16:59:43 2018 +0800
MdeModulePkg CapsuleApp: Check capsule header for -D and -N options
Then meaningful error message can be shown when the input image is
unexpected.
Cc: Michael D Kinney <michael.d.kinney@intel.com>
Cc: Jiewen Yao <jiewen.yao@intel.com>
Cc: Yonghong Zhu <yonghong.zhu@intel.com>
Contributed-under: TianoCore Contribution Agreement 1.1
Signed-off-by: Star Zeng <star.zeng@intel.com>
Reviewed-by: Jiewen Yao <jiewen.yao@intel.com>
commit 8b03c82d363c32f9e444cda95f2c83972c92b725
Author: Star Zeng <star.zeng@intel.com>
Date: Thu Jul 26 10:14:00 2018 +0800
MdeModulePkg CapsuleApp: Prompt info for -C option
Cc: Michael D Kinney <michael.d.kinney@intel.com>
Cc: Jiewen Yao <jiewen.yao@intel.com>
Cc: Yonghong Zhu <yonghong.zhu@intel.com>
Contributed-under: TianoCore Contribution Agreement 1.1
Signed-off-by: Star Zeng <star.zeng@intel.com>
Reviewed-by: Jiewen Yao <jiewen.yao@intel.com>
commit 16299ec84a6676eba7081892a497bf1b5eb9eafa
Author: Star Zeng <star.zeng@intel.com>
Date: Thu Jul 26 09:58:00 2018 +0800
MdeModulePkg CapsuleApp: Index need be decimal for -P GET option
Also adjust the help information to be not too long to be suitable
for different display resolutions.
Cc: Michael D Kinney <michael.d.kinney@intel.com>
Cc: Jiewen Yao <jiewen.yao@intel.com>
Cc: Yonghong Zhu <yonghong.zhu@intel.com>
Contributed-under: TianoCore Contribution Agreement 1.1
Signed-off-by: Star Zeng <star.zeng@intel.com>
Reviewed-by: Jiewen Yao <jiewen.yao@intel.com>
commit e70d9b8c3cfa586d94d5cd1efe56305004a57ba0
Author: Star Zeng <star.zeng@intel.com>
Date: Wed Jul 25 19:26:40 2018 +0800
MdeModulePkg CapsuleApp: Refine -N option help information
-N option is used to append a Capsule Header to an existing
FMP capsule image with its ImageTypeId supported by the system.
Cc: Michael D Kinney <michael.d.kinney@intel.com>
Cc: Jiewen Yao <jiewen.yao@intel.com>
Cc: Yonghong Zhu <yonghong.zhu@intel.com>
Contributed-under: TianoCore Contribution Agreement 1.1
Signed-off-by: Star Zeng <star.zeng@intel.com>
Reviewed-by: Jiewen Yao <jiewen.yao@intel.com>
commit 23d083341764b5645b86e14d0451a2e012ded357
Author: Star Zeng <star.zeng@intel.com>
Date: Thu Jul 19 11:03:25 2018 +0800
MdeModulePkg CapsuleApp: Fix -D failed to dump Nest FMP capsule
Cc: Michael D Kinney <michael.d.kinney@intel.com>
Cc: Jiewen Yao <jiewen.yao@intel.com>
Cc: Yonghong Zhu <yonghong.zhu@intel.com>
Contributed-under: TianoCore Contribution Agreement 1.1
Signed-off-by: Star Zeng <star.zeng@intel.com>
Reviewed-by: Jiewen Yao <jiewen.yao@intel.com>
commit 4436f72220aa59eda7f811abb5ca926efc269f16
Author: Star Zeng <star.zeng@intel.com>
Date: Tue Jul 24 17:02:47 2018 +0800
MdeModulePkg CapsuleApp: Fix VS2012 build failure caused by 5410502
The build failure is like below.
xxx\CapsuleApp.c(868) : error C2275: 'EFI_GUID' :
illegal use of this type as an expression
xxx/UefiBaseType.h(29) : see declaration of 'EFI_GUID'
xxx\CapsuleApp.c(868) : error C2146: syntax error :
missing ';' before identifier 'ImageTypeId'
xxx\CapsuleApp.c(868) : error C2065: 'ImageTypeId' : undeclared identifier
xxx\CapsuleApp.c(869) : error C2275: 'UINTN' :
illegal use of this type as an expression
xxx\ProcessorBind.h(224) : see declaration of 'UINTN'
xxx\CapsuleApp.c(869) : error C2146: syntax error :
missing ';' before identifier 'ImageIndex'
xxx\CapsuleApp.c(869) : error C2065: 'ImageIndex' : undeclared identifier
Cc: Jiewen Yao <jiewen.yao@intel.com>
Cc: Dandan Bi <dandan.bi@intel.com>
Contributed-under: TianoCore Contribution Agreement 1.1
Signed-off-by: Star Zeng <star.zeng@intel.com>
Reviewed-by: Jiewen Yao <jiewen.yao@intel.com>
Reviewed-by: Dandan Bi <dandan.bi@intel.com>
commit 83e1007838016fa049f73790ff085064d0672ad6
Author: Star Zeng <star.zeng@intel.com>
Date: Thu Jul 26 13:57:11 2018 +0800
MdeModulePkg DxeCapsuleLibFmp: Refine the code to check FmpImageSize
The code to check FmpImageSize again OFFSET_OF
(EFI_FIRMWARE_MANAGEMENT_CAPSULE_IMAGE_HEADER, UpdateHardwareInstance)
can be refined to check against FmpImageHeaderSize.
Cc: Jiewen Yao <jiewen.yao@intel.com>
Contributed-under: TianoCore Contribution Agreement 1.1
Signed-off-by: Star Zeng <star.zeng@intel.com>
Reviewed-by: Jiewen Yao <jiewen.yao@intel.com>
commit 1010873becc51edeab4637ccce9c52fa4e790f34
Author: Ruiyu Ni <ruiyu.ni@intel.com>
Date: Tue Jul 3 14:28:50 2018 +0800
MdeModulePkg/BdsDxe: Call PlatformBootManagerUnableToBoot()
When no boot option can be launched, BDS core calls
PlatformBootManagerUnableToBoot() to let platform BdsDxe handle it.
Contributed-under: TianoCore Contribution Agreement 1.1
Signed-off-by: Ruiyu Ni <ruiyu.ni@intel.com>
Reviewed-by: Laszlo Ersek <lersek@redhat.com>
Cc: Sean Brogan <sean.brogan@microsoft.com>
Cc: Michael Turner <Michael.Turner@microsoft.com>
Reviewed-by: Sunny Wang <sunnywang@hpe.com>
commit f50db933c5da5ddbcf6c3e7b4ecd6248aa1c5dbc
Author: Ruiyu Ni <ruiyu.ni@intel.com>
Date: Tue Jul 3 14:16:45 2018 +0800
MdeModulePkg/BdsDxe: Revert "fall back to UI loop before hanging"
Commit d1de487dd2e77f4741abcbd71d19a8c93971fda0
"MdeModulePkg/BdsDxe: fall back to a Boot Manager Menu loop before
hanging"
changed BDS core to fall back to UI loop when no bootable option
can be launched.
Now since PlatformBootManagerUnableToBoot() is added, the commit
can be reverted.
Contributed-under: TianoCore Contribution Agreement 1.1
Signed-off-by: Ruiyu Ni <ruiyu.ni@intel.com>
Cc: Eric Dong <eric.dong@intel.com>
Reviewed-by: Laszlo Ersek <lersek@redhat.com>
commit 8d1b281af3a35de4098a63dfe913efe09328acf0
Author: Ruiyu Ni <ruiyu.ni@intel.com>
Date: Wed Jul 4 09:43:02 2018 +0800
ArmVirtPkg/PlatformBDS: Implement PlatformBootManagerUnableToBoot
Contributed-under: TianoCore Contribution Agreement 1.1
Signed-off-by: Ruiyu Ni <ruiyu.ni@intel.com>
Reviewed-by: Laszlo Ersek <lersek@redhat.com>
Cc: Ard Biesheuvel <ard.biesheuvel@linaro.org>
Cc: Julien Grall <julien.grall@linaro.org>
commit eea668c91abfe8974d0e9882507aa6da93de48e0
Author: Ruiyu Ni <ruiyu.ni@intel.com>
Date: Wed Jul 4 09:32:47 2018 +0800
ArmPkg/PlatformBDS: Implement PlatformBootManagerUnableToBoot
Contributed-under: TianoCore Contribution Agreement 1.1
Signed-off-by: Ruiyu Ni <ruiyu.ni@intel.com>
Cc: Leif Lindholm <leif.lindholm@linaro.org>
Acked-by: Ard Biesheuvel <ard.biesheuvel@linaro.org>
commit a88c10ab5ef756f079d211b563932366d0470072
Author: Ruiyu Ni <ruiyu.ni@intel.com>
Date: Tue Jul 3 14:08:07 2018 +0800
QuarkPlatform/PlatformBDS: Implement PlatformBootManagerUnableToBoot
Contributed-under: TianoCore Contribution Agreement 1.1
Signed-off-by: Ruiyu Ni <ruiyu.ni@intel.com>
Cc: Michael D Kinney <michael.d.kinney@intel.com>
Reviewed-by: Kelly Steele <kelly.steele@intel.com>
commit 11cf25f030eb9b9a4541b35791c46d85709173f2
Author: Ruiyu Ni <ruiyu.ni@intel.com>
Date: Tue Jul 3 14:06:34 2018 +0800
Nt32Pkg/PlatformBDS: Implement PlatformBootManagerUnableToBoot
Contributed-under: TianoCore Contribution Agreement 1.1
Signed-off-by: Ruiyu Ni <ruiyu.ni@intel.com>
Reviewed-by: Hao A Wu <Hao.a.wu@intel.com>
commit 5f66615bb50435d828701931e531a5399e862abe
Author: Ruiyu Ni <ruiyu.ni@intel.com>
Date: Tue Jul 3 14:04:55 2018 +0800
OvmfPkg/PlatformBds: Implement PlatformBootManagerUnableToBoot
Contributed-under: TianoCore Contribution Agreement 1.1
Signed-off-by: Ruiyu Ni <ruiyu.ni@intel.com>
Cc: Jordan Justen <jordan.l.justen@intel.com>
Reviewed-by: Laszlo Ersek <lersek@redhat.com>
Cc: Ard Biesheuvel <ard.biesheuvel@linaro.org>
Cc: Anthony Perard <anthony.perard@citrix.com>
Cc: Julien Grall <julien.grall@linaro.org>
commit ad3af920399aaf997efa93f1dcd3f9e914af555d
Author: Ruiyu Ni <ruiyu.ni@intel.com>
Date: Tue Jul 3 13:22:16 2018 +0800
CorebootPayload/PlatformBDS: Impl PlatformBootManagerUnableToBoot
Contributed-under: TianoCore Contribution Agreement 1.1
Signed-off-by: Ruiyu Ni <ruiyu.ni@intel.com>
Cc: Maurice Ma <maurice.ma@intel.com>
Cc: Prince Agyeman <prince.agyeman@intel.com>
Reviewed-by: Benjamin You <benjamin.you@intel.com>
commit 76f368c9fd3169e1f3ce3129999b23c4a9e0f223
Author: Ruiyu Ni <ruiyu.ni@intel.com>
Date: Tue Jul 3 13:19:28 2018 +0800
MdeModulePkg/PlatformBootManager: Add PlatformBootManagerUnableToBoot
The patch adds a new API PlatformBootManagerUnableToBoot()
to PlatformBootManagerLib.
The new API is provided by platform bds library and is called when
no boot option could be launched.
Contributed-under: TianoCore Contribution Agreement 1.1
Signed-off-by: Ruiyu Ni <ruiyu.ni@intel.com>
Cc: Sean Brogan <sean.brogan@microsoft.com>
Cc: Michael Turner <Michael.Turner@microsoft.com>
Reviewed-by: Laszlo Ersek <lersek@redhat.com>
Reviewed-by: Sunny Wang <sunnywang@hpe.com>
commit cef7ecf6cdb44de1520c5d0be9b2c982b59eabc4
Author: Yunhua Feng <yunhuax.feng@intel.com>
Date: Tue Jul 24 19:30:11 2018 +0800
BaseTools: Fix bug about *M value not display decimal and hexadecimal
V2: Add the check for Pcd DatumType
report format like as below:
*M Shell.inf = 0xFF (255)
Cc: Liming Gao <liming.gao@intel.com>
Cc: Yonghong Zhu <yonghong.zhu@intel.com>
Contributed-under: TianoCore Contribution Agreement 1.1
Signed-off-by: Yunhua Feng <yunhuax.feng@intel.com>
Reviewed-by: Yonghong Zhu <yonghong.zhu@intel.com>
_______________________________________________
Xen-devel mailing list
Xen-devel@lists.xenproject.org
https://lists.xenproject.org/mailman/listinfo/xen-devel
^ permalink raw reply [flat|nested] only message in thread
only message in thread, other threads:[~2018-07-27 19:21 UTC | newest]
Thread overview: (only message) (download: mbox.gz follow: Atom feed
-- links below jump to the message on this page --
2018-07-27 19:21 [ovmf baseline-only test] 75018: tolerable FAIL Platform Team regression test user
This is a public inbox, see mirroring instructions
for how to clone and mirror all data and code used for this inbox;
as well as URLs for NNTP newsgroup(s).