xen-devel.lists.xenproject.org archive mirror
 help / color / mirror / Atom feed
* [ovmf baseline-only test] 75020: tolerable FAIL
@ 2018-07-28 12:22 Platform Team regression test user
  0 siblings, 0 replies; only message in thread
From: Platform Team regression test user @ 2018-07-28 12:22 UTC (permalink / raw)
  To: xen-devel, osstest-admin

This run is configured for baseline tests only.

flight 75020 ovmf real [real]
http://osstest.xensource.com/osstest/logs/75020/

Failures :-/ but no regressions.

Tests which did not succeed, but are not blocking:
 test-amd64-i386-xl-qemuu-ovmf-amd64 10 debian-hvm-install      fail like 75018
 test-amd64-amd64-xl-qemuu-ovmf-amd64 10 debian-hvm-install     fail like 75018

version targeted for testing:
 ovmf                 69e259e5e9877de181d81bb424b6fe16804c7580
baseline version:
 ovmf                 8d7aef3d1e57ea494ba9ca3c2fbbb44efffed676

Last test of basis    75018  2018-07-27 17:23:25 Z    0 days
Testing same since    75020  2018-07-28 10:50:12 Z    0 days    1 attempts

------------------------------------------------------------
People who touched revisions under test:
  Zhang, Chao B <chao.b.zhang@intel.com>

jobs:
 build-amd64-xsm                                              pass    
 build-i386-xsm                                               pass    
 build-amd64                                                  pass    
 build-i386                                                   pass    
 build-amd64-libvirt                                          pass    
 build-i386-libvirt                                           pass    
 build-amd64-pvops                                            pass    
 build-i386-pvops                                             pass    
 test-amd64-amd64-xl-qemuu-ovmf-amd64                         fail    
 test-amd64-i386-xl-qemuu-ovmf-amd64                          fail    


------------------------------------------------------------
sg-report-flight on osstest.xs.citrite.net
logs: /home/osstest/logs
images: /home/osstest/images

Logs, config files, etc. are available at
    http://osstest.xensource.com/osstest/logs

Test harness code can be found at
    http://xenbits.xensource.com/gitweb?p=osstest.git;a=summary


Push not applicable.

------------------------------------------------------------
commit 69e259e5e9877de181d81bb424b6fe16804c7580
Author: Zhang, Chao B <chao.b.zhang@intel.com>
Date:   Sat Jul 28 13:33:33 2018 +0800

    SecurityPkg:DSC: Fix 2 DSC build error
    
    Error is caused by SHA384/SHA512 hash lib change in.
    
    Cc: Bi Dandan <dandan.bi@intel.com>
    Contributed-under: TianoCore Contribution Agreement 1.1
    
    Signed-off-by: Zhang, Chao B <chao.b.zhang@intel.com>
    Reviewed-by: Bi Dandan <dandan.bi@intel.com>

_______________________________________________
Xen-devel mailing list
Xen-devel@lists.xenproject.org
https://lists.xenproject.org/mailman/listinfo/xen-devel

^ permalink raw reply	[flat|nested] only message in thread

only message in thread, other threads:[~2018-07-28 12:22 UTC | newest]

Thread overview: (only message) (download: mbox.gz follow: Atom feed
-- links below jump to the message on this page --
2018-07-28 12:22 [ovmf baseline-only test] 75020: tolerable FAIL Platform Team regression test user

This is a public inbox, see mirroring instructions
for how to clone and mirror all data and code used for this inbox;
as well as URLs for NNTP newsgroup(s).