xen-devel.lists.xenproject.org archive mirror
 help / color / mirror / Atom feed
* [qemu-mainline baseline-only test] 75023: regressions - FAIL
@ 2018-07-29 10:27 Platform Team regression test user
  0 siblings, 0 replies; only message in thread
From: Platform Team regression test user @ 2018-07-29 10:27 UTC (permalink / raw)
  To: xen-devel, osstest-admin

This run is configured for baseline tests only.

flight 75023 qemu-mainline real [real]
http://osstest.xensource.com/osstest/logs/75023/

Regressions :-(

Tests which did not succeed and are blocking,
including tests which could not be run:
 test-amd64-i386-xl-qemuu-dmrestrict-amd64-dmrestrict 10 debian-hvm-install fail REGR. vs. 74978
 test-amd64-i386-xl-qemuu-debianhvm-amd64-shadow 10 debian-hvm-install fail REGR. vs. 74978

Tests which did not succeed, but are not blocking:
 test-armhf-armhf-xl-credit2  12 guest-start              fail blocked in 74978
 test-amd64-i386-xl-qemuu-win10-i386 10 windows-install         fail like 74978
 test-amd64-amd64-qemuu-nested-intel 10 debian-hvm-install      fail like 74978
 test-amd64-amd64-xl-qemuu-win10-i386 10 windows-install        fail like 74978
 test-amd64-amd64-xl-pvshim   12 guest-start                  fail   like 74978
 test-armhf-armhf-xl-rtds     12 guest-start                  fail   like 74978
 test-armhf-armhf-libvirt     12 guest-start                  fail   like 74978
 test-armhf-armhf-xl          12 guest-start                  fail   like 74978
 test-armhf-armhf-xl-midway   12 guest-start                  fail   like 74978
 test-armhf-armhf-xl-multivcpu 12 guest-start                  fail  like 74978
 test-armhf-armhf-xl-vhd      10 debian-di-install            fail   like 74978
 test-amd64-amd64-xl-qemuu-win7-amd64 17 guest-stop             fail like 74978
 test-amd64-i386-xl-qemuu-win7-amd64 17 guest-stop              fail like 74978
 test-armhf-armhf-libvirt-raw 10 debian-di-install            fail   like 74978
 test-amd64-amd64-libvirt-xsm 13 migrate-support-check        fail   never pass
 test-amd64-i386-xl-pvshim    12 guest-start                  fail   never pass
 test-amd64-i386-libvirt      13 migrate-support-check        fail   never pass
 test-amd64-i386-libvirt-xsm  13 migrate-support-check        fail   never pass
 test-amd64-amd64-libvirt     13 migrate-support-check        fail   never pass
 test-amd64-amd64-libvirt-qemuu-debianhvm-amd64-xsm 11 migrate-support-check fail never pass
 test-amd64-i386-libvirt-qemuu-debianhvm-amd64-xsm 11 migrate-support-check fail never pass
 test-amd64-amd64-qemuu-nested-amd 17 debian-hvm-install/l1/l2  fail never pass
 test-amd64-amd64-libvirt-vhd 12 migrate-support-check        fail   never pass
 test-amd64-i386-xl-qemuu-ws16-amd64 17 guest-stop              fail never pass
 test-amd64-amd64-xl-qemuu-ws16-amd64 17 guest-stop             fail never pass

version targeted for testing:
 qemuu                18a398f6a39df4b08ff86ac0d38384193ca5f4cc
baseline version:
 qemuu                9277d81f5c2c6f4d0b5e47c8476eb7ee7e5c0beb

Last test of basis    74978  2018-07-16 16:22:45 Z   12 days
Testing same since    75023  2018-07-29 00:21:57 Z    0 days    1 attempts

------------------------------------------------------------
People who touched revisions under test:
  Aleksandar Markovic <amarkovic@wavecomp.com>
  Alex Bennée <alex.bennee@linaro.org>
  Alistair Francis <alistair.francis@wdc.com>
  Andrew Jeffery <andrew@aj.id.au>
  BALATON Zoltan <balaton@eik.bme.hu>
  Calvin Lee <cyrus296@gmail.com>
  Christian Borntraeger <borntraeger@de.ibm.com>
  Cornelia Huck <cohuck@redhat.com>
  Daniel P. Berrangé <berrange@redhat.com>
  David Gibson <david@gibson.dropbear.id.au>
  David Hildenbrand <david@redhat.com>
  Dr. David Alan Gilbert <dgilbert@redhat.com>
  Eduardo Habkost <ehabkost@redhat.com>
  Emanuele Giuseppe Esposito <e.emanuelegiuseppe@gmail.com>
  Greg Kurz <groug@kaod.org>
  Guenter Roeck <linux@roeck-us.net>
  Igor Mammedov <imammedo@redhat.com>
  Jan Kiszka <jan.kiszka@siemens.com>
  Jason Wang <jasowang@redhat.com>
  John Arbuckle <programmingkidx@gmail.com>
  John Snow <jsnow@redhat.com>
  Jonas Schievink <jonasschievink@gmail.com>
  Kevin Wolf <kwolf@redhat.com>
  Laurent Vivier <laurent@vivier.eu>
  Lidong Chen <jemmy858585@gmail.com>
  Lidong Chen <lidongchen@tencent.com>
  Marc-André Lureau <marcandre.lureau@redhat.com>
  Marc-André Lureau <marcandre.lureau@redhat.com>
  Markus Armbruster <armbru@redhat.com>
  Max Reitz <mreitz@redhat.com>
  Michael Davidsaver <mdavidsaver@gmail.com>
  Michael Roth <mdroth@linux.vnet.ibm.com>
  Nishanth Aravamudan <naravamudan@digitalocean.com>
  Paolo Bonzini <pbonzini@redhat.com>
  Peter Lieven <pl@kamp.de>
  Peter Maydell <peter.maydell@linaro.org>
  Peter Xu <peterx@redhat.com>
  Philippe Mathieu-Daudé <f4bug@amsat.org>
  Richard Henderson <richard.henderson@linaro.org>
  Roman Kagan <rkagan@virtuozzo.com>
  Sameeh Jubran <sjubran@redhat.com>
  Shivaprasad G Bhat <sbhat@linux.vnet.ibm.com>
  Stefan Hajnoczi <stefanha@redhat.com>
  Stefan Weil <sw@weilnetz.de>
  Thomas Huth <thuth@redhat.com>
  Viktor Prutyanov <viktor.prutyanov@virtuozzo.com>
  Yaowei Bai <baiyaowei@cmss.chinamobile.com>
  Yunjian Wang <wangyunjian@huawei.com>

jobs:
 build-amd64-xsm                                              pass    
 build-i386-xsm                                               pass    
 build-amd64                                                  pass    
 build-armhf                                                  pass    
 build-i386                                                   pass    
 build-amd64-libvirt                                          pass    
 build-armhf-libvirt                                          pass    
 build-i386-libvirt                                           pass    
 build-amd64-pvops                                            pass    
 build-armhf-pvops                                            pass    
 build-i386-pvops                                             pass    
 test-amd64-amd64-xl                                          pass    
 test-armhf-armhf-xl                                          fail    
 test-amd64-i386-xl                                           pass    
 test-amd64-amd64-libvirt-qemuu-debianhvm-amd64-xsm           pass    
 test-amd64-i386-libvirt-qemuu-debianhvm-amd64-xsm            pass    
 test-amd64-amd64-xl-qemuu-debianhvm-amd64-xsm                pass    
 test-amd64-i386-xl-qemuu-debianhvm-amd64-xsm                 pass    
 test-amd64-amd64-libvirt-xsm                                 pass    
 test-amd64-i386-libvirt-xsm                                  pass    
 test-amd64-amd64-xl-xsm                                      pass    
 test-amd64-i386-xl-xsm                                       pass    
 test-amd64-amd64-qemuu-nested-amd                            fail    
 test-amd64-amd64-xl-pvhv2-amd                                pass    
 test-amd64-i386-qemuu-rhel6hvm-amd                           pass    
 test-amd64-amd64-xl-qemuu-debianhvm-amd64                    pass    
 test-amd64-i386-xl-qemuu-debianhvm-amd64                     pass    
 test-amd64-i386-freebsd10-amd64                              pass    
 test-amd64-amd64-xl-qemuu-ovmf-amd64                         pass    
 test-amd64-i386-xl-qemuu-ovmf-amd64                          pass    
 test-amd64-amd64-xl-qemuu-win7-amd64                         fail    
 test-amd64-i386-xl-qemuu-win7-amd64                          fail    
 test-amd64-amd64-xl-qemuu-ws16-amd64                         fail    
 test-amd64-i386-xl-qemuu-ws16-amd64                          fail    
 test-amd64-amd64-xl-credit2                                  pass    
 test-armhf-armhf-xl-credit2                                  fail    
 test-amd64-amd64-xl-qemuu-dmrestrict-amd64-dmrestrict        pass    
 test-amd64-i386-xl-qemuu-dmrestrict-amd64-dmrestrict         fail    
 test-amd64-i386-freebsd10-i386                               pass    
 test-amd64-amd64-xl-qemuu-win10-i386                         fail    
 test-amd64-i386-xl-qemuu-win10-i386                          fail    
 test-amd64-amd64-qemuu-nested-intel                          fail    
 test-amd64-amd64-xl-pvhv2-intel                              pass    
 test-amd64-i386-qemuu-rhel6hvm-intel                         pass    
 test-amd64-amd64-libvirt                                     pass    
 test-armhf-armhf-libvirt                                     fail    
 test-amd64-i386-libvirt                                      pass    
 test-armhf-armhf-xl-midway                                   fail    
 test-amd64-amd64-xl-multivcpu                                pass    
 test-armhf-armhf-xl-multivcpu                                fail    
 test-amd64-amd64-pair                                        pass    
 test-amd64-i386-pair                                         pass    
 test-amd64-amd64-libvirt-pair                                pass    
 test-amd64-i386-libvirt-pair                                 pass    
 test-amd64-amd64-amd64-pvgrub                                pass    
 test-amd64-amd64-i386-pvgrub                                 pass    
 test-amd64-amd64-xl-pvshim                                   fail    
 test-amd64-i386-xl-pvshim                                    fail    
 test-amd64-amd64-pygrub                                      pass    
 test-amd64-amd64-xl-qcow2                                    pass    
 test-armhf-armhf-libvirt-raw                                 fail    
 test-amd64-i386-xl-raw                                       pass    
 test-amd64-amd64-xl-rtds                                     pass    
 test-armhf-armhf-xl-rtds                                     fail    
 test-amd64-amd64-xl-qemuu-debianhvm-amd64-shadow             pass    
 test-amd64-i386-xl-qemuu-debianhvm-amd64-shadow              fail    
 test-amd64-amd64-xl-shadow                                   pass    
 test-amd64-i386-xl-shadow                                    pass    
 test-amd64-amd64-libvirt-vhd                                 pass    
 test-armhf-armhf-xl-vhd                                      fail    


------------------------------------------------------------
sg-report-flight on osstest.xs.citrite.net
logs: /home/osstest/logs
images: /home/osstest/images

Logs, config files, etc. are available at
    http://osstest.xensource.com/osstest/logs

Test harness code can be found at
    http://xenbits.xensource.com/gitweb?p=osstest.git;a=summary


Push not applicable.

(No revision log; it would be 3176 lines long.)

_______________________________________________
Xen-devel mailing list
Xen-devel@lists.xenproject.org
https://lists.xenproject.org/mailman/listinfo/xen-devel

^ permalink raw reply	[flat|nested] only message in thread

only message in thread, other threads:[~2018-07-29 10:27 UTC | newest]

Thread overview: (only message) (download: mbox.gz follow: Atom feed
-- links below jump to the message on this page --
2018-07-29 10:27 [qemu-mainline baseline-only test] 75023: regressions - FAIL Platform Team regression test user

This is a public inbox, see mirroring instructions
for how to clone and mirror all data and code used for this inbox;
as well as URLs for NNTP newsgroup(s).