xen-devel.lists.xenproject.org archive mirror
 help / color / mirror / Atom feed
From: Platform Team regression test user <citrix-osstest@xenproject.org>
To: xen-devel@lists.xenproject.org, osstest-admin@xenproject.org
Subject: [ovmf baseline-only test] 75025: tolerable FAIL
Date: Mon, 30 Jul 2018 06:27:36 +0100	[thread overview]
Message-ID: <osstest-75025-mainreport@xen.org> (raw)

This run is configured for baseline tests only.

flight 75025 ovmf real [real]
http://osstest.xensource.com/osstest/logs/75025/

Failures :-/ but no regressions.

Tests which did not succeed, but are not blocking:
 test-amd64-i386-xl-qemuu-ovmf-amd64 10 debian-hvm-install      fail like 75022
 test-amd64-amd64-xl-qemuu-ovmf-amd64 10 debian-hvm-install     fail like 75022

version targeted for testing:
 ovmf                 39f0156fce373c0c0a04d85928b7d8761037134e
baseline version:
 ovmf                 1bf23e6b7f414b9e6bd471e0b2366400e5d52e45

Last test of basis    75022  2018-07-28 15:21:10 Z    1 days
Testing same since    75025  2018-07-30 03:53:41 Z    0 days    1 attempts

------------------------------------------------------------
People who touched revisions under test:
  Yunhua Feng <yunhuax.feng@intel.com>

jobs:
 build-amd64-xsm                                              pass    
 build-i386-xsm                                               pass    
 build-amd64                                                  pass    
 build-i386                                                   pass    
 build-amd64-libvirt                                          pass    
 build-i386-libvirt                                           pass    
 build-amd64-pvops                                            pass    
 build-i386-pvops                                             pass    
 test-amd64-amd64-xl-qemuu-ovmf-amd64                         fail    
 test-amd64-i386-xl-qemuu-ovmf-amd64                          fail    


------------------------------------------------------------
sg-report-flight on osstest.xs.citrite.net
logs: /home/osstest/logs
images: /home/osstest/images

Logs, config files, etc. are available at
    http://osstest.xensource.com/osstest/logs

Test harness code can be found at
    http://xenbits.xensource.com/gitweb?p=osstest.git;a=summary


Push not applicable.

------------------------------------------------------------
commit 39f0156fce373c0c0a04d85928b7d8761037134e
Author: Yunhua Feng <yunhuax.feng@intel.com>
Date:   Wed Jul 25 12:26:09 2018 +0800

    BaseTools: Update build report for StructurePcd value
    
    Update build report to display the structure Pcd value that from
    FDF file.
    
    Cc: Liming Gao <liming.gao@intel.com>
    Cc: Yonghong Zhu <yonghong.zhu@intel.com>
    Contributed-under: TianoCore Contribution Agreement 1.1
    Signed-off-by: Yunhua Feng <yunhuax.feng@intel.com>
    Reviewed-by: Yonghong Zhu <yonghong.zhu@intel.com>

commit 3b46dd93ddf65a2cf1377bc72cdeb8ae3f7d81c8
Author: Yunhua Feng <yunhuax.feng@intel.com>
Date:   Wed Jul 25 12:21:54 2018 +0800

    BaseTools: Fix build crash when fdf is empty file
    
    Fix build crash when fdf is empty file
    
    Fix https://bugzilla.tianocore.org/show_bug.cgi?id=912
    
    Cc: Liming Gao <liming.gao@intel.com>
    Cc: Yonghong Zhu <yonghong.zhu@intel.com>
    Contributed-under: TianoCore Contribution Agreement 1.1
    Signed-off-by: Yunhua Feng <yunhuax.feng@intel.com>
    Reviewed-by: Yonghong Zhu <yonghong.zhu@intel.com>

_______________________________________________
Xen-devel mailing list
Xen-devel@lists.xenproject.org
https://lists.xenproject.org/mailman/listinfo/xen-devel

                 reply	other threads:[~2018-07-30  5:27 UTC|newest]

Thread overview: [no followups] expand[flat|nested]  mbox.gz  Atom feed

Reply instructions:

You may reply publicly to this message via plain-text email
using any one of the following methods:

* Save the following mbox file, import it into your mail client,
  and reply-to-all from there: mbox

  Avoid top-posting and favor interleaved quoting:
  https://en.wikipedia.org/wiki/Posting_style#Interleaved_style

* Reply using the --to, --cc, and --in-reply-to
  switches of git-send-email(1):

  git send-email \
    --in-reply-to=osstest-75025-mainreport@xen.org \
    --to=citrix-osstest@xenproject.org \
    --cc=osstest-admin@xenproject.org \
    --cc=xen-devel@lists.xenproject.org \
    /path/to/YOUR_REPLY

  https://kernel.org/pub/software/scm/git/docs/git-send-email.html

* If your mail client supports setting the In-Reply-To header
  via mailto: links, try the mailto: link
Be sure your reply has a Subject: header at the top and a blank line before the message body.
This is a public inbox, see mirroring instructions
for how to clone and mirror all data and code used for this inbox;
as well as URLs for NNTP newsgroup(s).