* [linux-3.18 baseline-only test] 75027: regressions - FAIL
@ 2018-07-31 0:13 Platform Team regression test user
0 siblings, 0 replies; only message in thread
From: Platform Team regression test user @ 2018-07-31 0:13 UTC (permalink / raw)
To: xen-devel, osstest-admin
This run is configured for baseline tests only.
flight 75027 linux-3.18 real [real]
http://osstest.xensource.com/osstest/logs/75027/
Regressions :-(
Tests which did not succeed and are blocking,
including tests which could not be run:
test-amd64-i386-freebsd10-amd64 11 guest-start fail REGR. vs. 75024
test-amd64-amd64-xl-multivcpu 12 guest-start fail REGR. vs. 75024
test-amd64-amd64-xl-qemuu-debianhvm-amd64-shadow 10 debian-hvm-install fail REGR. vs. 75024
Tests which did not succeed, but are not blocking:
test-amd64-amd64-xl-qemuu-win10-i386 10 windows-install fail like 75024
test-amd64-i386-xl-qemut-debianhvm-amd64 10 debian-hvm-install fail like 75024
test-amd64-amd64-qemuu-nested-intel 10 debian-hvm-install fail like 75024
test-amd64-i386-xl-qemut-stubdom-debianhvm-amd64-xsm 10 debian-hvm-install fail like 75024
test-amd64-amd64-libvirt-qemuu-debianhvm-amd64-xsm 10 debian-hvm-install fail like 75024
test-amd64-i386-xl-qemuu-debianhvm-amd64-shadow 10 debian-hvm-install fail like 75024
test-amd64-amd64-xl-pvshim 12 guest-start fail like 75024
test-armhf-armhf-libvirt 14 saverestore-support-check fail like 75024
test-armhf-armhf-libvirt-raw 13 saverestore-support-check fail like 75024
test-amd64-amd64-xl-qemuu-win7-amd64 17 guest-stop fail like 75024
test-amd64-i386-xl-qemuu-win7-amd64 17 guest-stop fail like 75024
test-amd64-i386-xl-qemut-win7-amd64 17 guest-stop fail like 75024
test-amd64-amd64-xl-qemut-win7-amd64 17 guest-stop fail like 75024
test-amd64-i386-xl-qemuu-dmrestrict-amd64-dmrestrict 10 debian-hvm-install fail never pass
test-amd64-i386-xl-qemuu-win10-i386 10 windows-install fail never pass
test-amd64-amd64-xl-qemut-win10-i386 10 windows-install fail never pass
test-armhf-armhf-xl-rtds 13 migrate-support-check fail never pass
test-armhf-armhf-xl-rtds 14 saverestore-support-check fail never pass
test-armhf-armhf-xl-credit2 13 migrate-support-check fail never pass
test-amd64-i386-libvirt-xsm 13 migrate-support-check fail never pass
test-armhf-armhf-xl-credit2 14 saverestore-support-check fail never pass
test-armhf-armhf-xl-multivcpu 13 migrate-support-check fail never pass
test-armhf-armhf-xl-multivcpu 14 saverestore-support-check fail never pass
test-amd64-amd64-xl-pvhv2-intel 12 guest-start fail never pass
test-armhf-armhf-libvirt 13 migrate-support-check fail never pass
test-armhf-armhf-xl-midway 13 migrate-support-check fail never pass
test-armhf-armhf-xl-midway 14 saverestore-support-check fail never pass
test-armhf-armhf-xl 13 migrate-support-check fail never pass
test-armhf-armhf-xl 14 saverestore-support-check fail never pass
test-amd64-amd64-xl-qemuu-dmrestrict-amd64-dmrestrict 10 debian-hvm-install fail never pass
test-amd64-amd64-xl-pvhv2-amd 12 guest-start fail never pass
test-amd64-amd64-libvirt 13 migrate-support-check fail never pass
test-amd64-i386-libvirt 13 migrate-support-check fail never pass
test-amd64-i386-xl-pvshim 12 guest-start fail never pass
test-amd64-amd64-libvirt-xsm 13 migrate-support-check fail never pass
test-armhf-armhf-libvirt-raw 12 migrate-support-check fail never pass
test-armhf-armhf-xl-vhd 12 migrate-support-check fail never pass
test-armhf-armhf-xl-vhd 13 saverestore-support-check fail never pass
test-amd64-i386-libvirt-qemuu-debianhvm-amd64-xsm 11 migrate-support-check fail never pass
test-amd64-amd64-libvirt-vhd 12 migrate-support-check fail never pass
test-amd64-amd64-qemuu-nested-amd 17 debian-hvm-install/l1/l2 fail never pass
test-amd64-i386-xl-qemut-win10-i386 17 guest-stop fail never pass
test-amd64-amd64-xl-qemut-ws16-amd64 17 guest-stop fail never pass
test-amd64-amd64-xl-qemuu-ws16-amd64 17 guest-stop fail never pass
test-amd64-i386-xl-qemuu-ws16-amd64 17 guest-stop fail never pass
test-amd64-i386-xl-qemut-ws16-amd64 17 guest-stop fail never pass
version targeted for testing:
linux dbba166b0e442d4d38ae0f244d32338c3e92d16f
baseline version:
linux 7612025fbc7a5ab54bf71f48b99b0b6a15fc7b06
Last test of basis 75024 2018-07-29 01:22:30 Z 1 days
Testing same since 75027 2018-07-30 13:51:29 Z 0 days 1 attempts
------------------------------------------------------------
People who touched revisions under test:
Alan Stern <stern@rowland.harvard.edu>
Alessandro Antenucci <antenucci@korg.it>
Alexander Sverdlin <alexander.sverdlin@nokia.com>
Alexey Brodkin <abrodkin@synopsys.com>
Andrew Morton <akpm@linux-foundation.org>
Anssi Hannula <anssi.hannula@bitwise.fi>
Arnd Bergmann <arnd@arndb.de>
Bin Liu <b-liu@ti.com>
Borislav Petkov <bp@suse.de>
David S. Miller <davem@davemloft.net>
Dewet Thibaut <thibaut.dewet@nokia.com>
Eric Dumazet <edumazet@google.com>
Felipe Balbi <felipe.balbi@linux.intel.com>
Greg Kroah-Hartman <gregkh@linuxfoundation.org>
Gustavo A. R. Silva <gustavo@embeddedor.com>
Jack Morgenstein <jackm@dev.mellanox.co.il>
Jerry Zhang <zhangjerry@google.com>
Lawrence Brakmo <brakmo@fb.com>
Linus Torvalds <torvalds@linux-foundation.org>
Lubomir Rintel <lkundrak@v3.sk>
Marc Kleine-Budde <mkl@pengutronix.de>
Neal Cardwell <ncardwell@google.com>
OGAWA Hirofumi <hirofumi@mail.parknet.co.jp>
Oliver Neukum <oneukum@suse.com>
Paolo Abeni <pabeni@redhat.com>
Richard Cochran <richardcochran@gmail.com>
Roopa Prabhu <roopa@cumulusnetworks.com>
Sabrina Dubroca <sd@queasysnail.net>
Soheil Hassas Yeganeh <soheil@google.com>
Stefano Brivio <sbrivio@redhat.com>
Takashi Iwai <tiwai@suse.de>
Tariq Toukan <tariqt@mellanox.com>
Thomas Gleixner <tglx@linutronix.de>
Tyler Hicks <tyhicks@canonical.com>
Vineet Gupta <vgupta@synopsys.com>
Yuchung Cheng <ycheng@google.com>
jobs:
build-amd64-xsm pass
build-i386-xsm pass
build-amd64 pass
build-armhf pass
build-i386 pass
build-amd64-libvirt pass
build-armhf-libvirt pass
build-i386-libvirt pass
build-amd64-pvops pass
build-armhf-pvops pass
build-i386-pvops pass
build-amd64-rumprun pass
build-i386-rumprun pass
test-amd64-amd64-xl pass
test-armhf-armhf-xl pass
test-amd64-i386-xl pass
test-amd64-amd64-xl-qemut-debianhvm-amd64-xsm pass
test-amd64-i386-xl-qemut-debianhvm-amd64-xsm pass
test-amd64-amd64-libvirt-qemuu-debianhvm-amd64-xsm fail
test-amd64-i386-libvirt-qemuu-debianhvm-amd64-xsm pass
test-amd64-amd64-xl-qemuu-debianhvm-amd64-xsm pass
test-amd64-i386-xl-qemuu-debianhvm-amd64-xsm pass
test-amd64-amd64-xl-qemut-stubdom-debianhvm-amd64-xsm pass
test-amd64-i386-xl-qemut-stubdom-debianhvm-amd64-xsm fail
test-amd64-amd64-libvirt-xsm pass
test-amd64-i386-libvirt-xsm pass
test-amd64-amd64-xl-xsm pass
test-amd64-i386-xl-xsm pass
test-amd64-amd64-qemuu-nested-amd fail
test-amd64-amd64-xl-pvhv2-amd fail
test-amd64-i386-qemut-rhel6hvm-amd pass
test-amd64-i386-qemuu-rhel6hvm-amd pass
test-amd64-amd64-xl-qemut-debianhvm-amd64 pass
test-amd64-i386-xl-qemut-debianhvm-amd64 fail
test-amd64-amd64-xl-qemuu-debianhvm-amd64 pass
test-amd64-i386-xl-qemuu-debianhvm-amd64 pass
test-amd64-i386-freebsd10-amd64 fail
test-amd64-amd64-xl-qemuu-ovmf-amd64 pass
test-amd64-i386-xl-qemuu-ovmf-amd64 pass
test-amd64-amd64-rumprun-amd64 pass
test-amd64-amd64-xl-qemut-win7-amd64 fail
test-amd64-i386-xl-qemut-win7-amd64 fail
test-amd64-amd64-xl-qemuu-win7-amd64 fail
test-amd64-i386-xl-qemuu-win7-amd64 fail
test-amd64-amd64-xl-qemut-ws16-amd64 fail
test-amd64-i386-xl-qemut-ws16-amd64 fail
test-amd64-amd64-xl-qemuu-ws16-amd64 fail
test-amd64-i386-xl-qemuu-ws16-amd64 fail
test-amd64-amd64-xl-credit2 pass
test-armhf-armhf-xl-credit2 pass
test-amd64-amd64-xl-qemuu-dmrestrict-amd64-dmrestrict fail
test-amd64-i386-xl-qemuu-dmrestrict-amd64-dmrestrict fail
test-amd64-amd64-examine pass
test-armhf-armhf-examine pass
test-amd64-i386-examine pass
test-amd64-i386-freebsd10-i386 pass
test-amd64-i386-rumprun-i386 pass
test-amd64-amd64-xl-qemut-win10-i386 fail
test-amd64-i386-xl-qemut-win10-i386 fail
test-amd64-amd64-xl-qemuu-win10-i386 fail
test-amd64-i386-xl-qemuu-win10-i386 fail
test-amd64-amd64-qemuu-nested-intel fail
test-amd64-amd64-xl-pvhv2-intel fail
test-amd64-i386-qemut-rhel6hvm-intel pass
test-amd64-i386-qemuu-rhel6hvm-intel pass
test-amd64-amd64-libvirt pass
test-armhf-armhf-libvirt pass
test-amd64-i386-libvirt pass
test-armhf-armhf-xl-midway pass
test-amd64-amd64-xl-multivcpu fail
test-armhf-armhf-xl-multivcpu pass
test-amd64-amd64-pair pass
test-amd64-i386-pair pass
test-amd64-amd64-libvirt-pair pass
test-amd64-i386-libvirt-pair pass
test-amd64-amd64-amd64-pvgrub pass
test-amd64-amd64-i386-pvgrub pass
test-amd64-amd64-xl-pvshim fail
test-amd64-i386-xl-pvshim fail
test-amd64-amd64-pygrub pass
test-amd64-amd64-xl-qcow2 pass
test-armhf-armhf-libvirt-raw pass
test-amd64-i386-xl-raw pass
test-amd64-amd64-xl-rtds pass
test-armhf-armhf-xl-rtds pass
test-amd64-amd64-xl-qemuu-debianhvm-amd64-shadow fail
test-amd64-i386-xl-qemuu-debianhvm-amd64-shadow fail
test-amd64-amd64-xl-shadow pass
test-amd64-i386-xl-shadow pass
test-amd64-amd64-libvirt-vhd pass
test-armhf-armhf-xl-vhd pass
------------------------------------------------------------
sg-report-flight on osstest.xs.citrite.net
logs: /home/osstest/logs
images: /home/osstest/images
Logs, config files, etc. are available at
http://osstest.xensource.com/osstest/logs
Test harness code can be found at
http://xenbits.xensource.com/gitweb?p=osstest.git;a=summary
Push not applicable.
(No revision log; it would be 901 lines long.)
_______________________________________________
Xen-devel mailing list
Xen-devel@lists.xenproject.org
https://lists.xenproject.org/mailman/listinfo/xen-devel
^ permalink raw reply [flat|nested] only message in thread
only message in thread, other threads:[~2018-07-31 0:13 UTC | newest]
Thread overview: (only message) (download: mbox.gz follow: Atom feed
-- links below jump to the message on this page --
2018-07-31 0:13 [linux-3.18 baseline-only test] 75027: regressions - FAIL Platform Team regression test user
This is a public inbox, see mirroring instructions
for how to clone and mirror all data and code used for this inbox;
as well as URLs for NNTP newsgroup(s).