* [xen-unstable baseline-only test] 75028: regressions - FAIL
@ 2018-07-31 11:21 Platform Team regression test user
0 siblings, 0 replies; only message in thread
From: Platform Team regression test user @ 2018-07-31 11:21 UTC (permalink / raw)
To: xen-devel, osstest-admin
This run is configured for baseline tests only.
flight 75028 xen-unstable real [real]
http://osstest.xensource.com/osstest/logs/75028/
Regressions :-(
Tests which did not succeed and are blocking,
including tests which could not be run:
test-xtf-amd64-amd64-1 63 xtf/test-hvm64-xsa-204 fail REGR. vs. 74980
test-amd64-amd64-xl-qemuu-debianhvm-amd64-shadow 10 debian-hvm-install fail REGR. vs. 74980
test-amd64-i386-xl-qemuu-debianhvm-amd64-xsm 10 debian-hvm-install fail REGR. vs. 74980
Tests which did not succeed, but are not blocking:
test-amd64-i386-xl-qemuu-debianhvm-amd64-shadow 10 debian-hvm-install fail like 74980
test-amd64-amd64-xl-qemuu-ovmf-amd64 10 debian-hvm-install fail like 74980
test-amd64-i386-xl-qemut-win10-i386 10 windows-install fail like 74980
test-amd64-amd64-xl-qemuu-win10-i386 10 windows-install fail like 74980
test-amd64-amd64-qemuu-nested-intel 10 debian-hvm-install fail like 74980
test-amd64-amd64-xl-qemut-win10-i386 10 windows-install fail like 74980
test-amd64-amd64-xl-qemut-ws16-amd64 10 windows-install fail like 74980
test-armhf-armhf-libvirt 12 guest-start fail like 74980
test-armhf-armhf-xl-rtds 12 guest-start fail like 74980
test-armhf-armhf-xl 12 guest-start fail like 74980
test-amd64-amd64-xl-pvshim 12 guest-start fail like 74980
test-armhf-armhf-xl-credit2 12 guest-start fail like 74980
test-armhf-armhf-xl-multivcpu 12 guest-start fail like 74980
test-armhf-armhf-xl-midway 12 guest-start fail like 74980
test-amd64-amd64-libvirt-qemuu-debianhvm-amd64-xsm 10 debian-hvm-install fail like 74980
test-amd64-i386-xl-qemuu-ws16-amd64 10 windows-install fail like 74980
test-armhf-armhf-xl-vhd 10 debian-di-install fail like 74980
test-amd64-amd64-xl-qemuu-win7-amd64 17 guest-stop fail like 74980
test-armhf-armhf-libvirt-raw 10 debian-di-install fail like 74980
test-amd64-i386-xl-qemuu-win7-amd64 17 guest-stop fail like 74980
test-amd64-i386-xl-qemut-win7-amd64 17 guest-stop fail like 74980
test-amd64-i386-xl-qemuu-win10-i386 17 guest-stop fail like 74980
test-amd64-i386-xl-qemuu-dmrestrict-amd64-dmrestrict 10 debian-hvm-install fail never pass
test-amd64-amd64-libvirt-xsm 13 migrate-support-check fail never pass
test-amd64-amd64-xl-qemuu-dmrestrict-amd64-dmrestrict 10 debian-hvm-install fail never pass
test-amd64-amd64-libvirt 13 migrate-support-check fail never pass
test-amd64-i386-libvirt 13 migrate-support-check fail never pass
test-amd64-i386-xl-pvshim 12 guest-start fail never pass
test-amd64-i386-libvirt-xsm 13 migrate-support-check fail never pass
test-amd64-i386-libvirt-qemuu-debianhvm-amd64-xsm 11 migrate-support-check fail never pass
test-amd64-amd64-libvirt-vhd 12 migrate-support-check fail never pass
test-amd64-amd64-qemuu-nested-amd 17 debian-hvm-install/l1/l2 fail never pass
test-amd64-amd64-xl-qemut-win7-amd64 17 guest-stop fail never pass
test-amd64-i386-xl-qemut-ws16-amd64 17 guest-stop fail never pass
test-amd64-amd64-xl-qemuu-ws16-amd64 17 guest-stop fail never pass
version targeted for testing:
xen acd00a303378ce48bd6bbd8a579f1fe2f1b21a7d
baseline version:
xen e3f667bc5f51d0aa44357a64ca134cd952679c81
Last test of basis 74980 2018-07-17 04:54:56 Z 14 days
Testing same since 75028 2018-07-30 21:24:18 Z 0 days 1 attempts
------------------------------------------------------------
People who touched revisions under test:
Andrew Cooper <andrew.cooper3@citrix.com>
Anthony PERARD <anthony.perard@citrix.com>
Christian Lindig <christian.lindig@citrix.com>
Christopher Clark <christopher.clark6@baesystems.com>
Christopher Clark <christopher.w.clark@gmail.com>
Doug Goldstein <cardoe@cardoe.com>
Ian Jackson <ian.jackson@eu.citrix.com>
Jan Beulich <jbeulich@suse.com>
Jason Andryuk <jandryuk@gmail.com>
Juergen Gross <jgross@suse.com>
Julien Grall <julien.grall@arm.com>
Kevin Tian <kevin.tian@intel.com>
Olaf Hering <olaf@aepfle.de>
Oleksandr Grytsov <oleksandr_grytsov@epam.com>
Paul Durrant <paul.durrant@citrix.com>
Razvan Cojocaru <rcojocaru@bitdefender.com>
Roger Pau Monne <roger.pau@citrix.com>
Roger Pau Monné <roger.pau@citrix.com>
Suravee Suthikulpanit <suravee.suthikulpanit@amd.com>
Tamas K Lengyel <tamas@tklengyel.com>
Wei Liu <wei.liu2@citrix.com>
Zhenzhong Duan <zhenzhong.duan@oracle.com>
jobs:
build-amd64-xsm pass
build-i386-xsm pass
build-amd64-xtf pass
build-amd64 pass
build-armhf pass
build-i386 pass
build-amd64-libvirt pass
build-armhf-libvirt pass
build-i386-libvirt pass
build-amd64-prev pass
build-i386-prev pass
build-amd64-pvops pass
build-armhf-pvops pass
build-i386-pvops pass
build-amd64-rumprun pass
build-i386-rumprun pass
test-xtf-amd64-amd64-1 pass
test-xtf-amd64-amd64-2 pass
test-xtf-amd64-amd64-3 pass
test-xtf-amd64-amd64-4 pass
test-xtf-amd64-amd64-5 pass
test-amd64-amd64-xl pass
test-armhf-armhf-xl fail
test-amd64-i386-xl pass
test-amd64-amd64-xl-qemut-debianhvm-amd64-xsm pass
test-amd64-i386-xl-qemut-debianhvm-amd64-xsm pass
test-amd64-amd64-libvirt-qemuu-debianhvm-amd64-xsm fail
test-amd64-i386-libvirt-qemuu-debianhvm-amd64-xsm pass
test-amd64-amd64-xl-qemuu-debianhvm-amd64-xsm pass
test-amd64-i386-xl-qemuu-debianhvm-amd64-xsm fail
test-amd64-amd64-xl-qemut-stubdom-debianhvm-amd64-xsm pass
test-amd64-i386-xl-qemut-stubdom-debianhvm-amd64-xsm pass
test-amd64-amd64-libvirt-xsm pass
test-amd64-i386-libvirt-xsm pass
test-amd64-amd64-xl-xsm pass
test-amd64-i386-xl-xsm pass
test-amd64-amd64-qemuu-nested-amd fail
test-amd64-amd64-xl-pvhv2-amd pass
test-amd64-i386-qemut-rhel6hvm-amd pass
test-amd64-i386-qemuu-rhel6hvm-amd pass
test-amd64-amd64-xl-qemut-debianhvm-amd64 pass
test-amd64-i386-xl-qemut-debianhvm-amd64 pass
test-amd64-amd64-xl-qemuu-debianhvm-amd64 pass
test-amd64-i386-xl-qemuu-debianhvm-amd64 pass
test-amd64-i386-freebsd10-amd64 pass
test-amd64-amd64-xl-qemuu-ovmf-amd64 fail
test-amd64-i386-xl-qemuu-ovmf-amd64 pass
test-amd64-amd64-rumprun-amd64 pass
test-amd64-amd64-xl-qemut-win7-amd64 fail
test-amd64-i386-xl-qemut-win7-amd64 fail
test-amd64-amd64-xl-qemuu-win7-amd64 fail
test-amd64-i386-xl-qemuu-win7-amd64 fail
test-amd64-amd64-xl-qemut-ws16-amd64 fail
test-amd64-i386-xl-qemut-ws16-amd64 fail
test-amd64-amd64-xl-qemuu-ws16-amd64 fail
test-amd64-i386-xl-qemuu-ws16-amd64 fail
test-amd64-amd64-xl-credit2 pass
test-armhf-armhf-xl-credit2 fail
test-amd64-amd64-xl-qemuu-dmrestrict-amd64-dmrestrict fail
test-amd64-i386-xl-qemuu-dmrestrict-amd64-dmrestrict fail
test-amd64-amd64-examine pass
test-armhf-armhf-examine pass
test-amd64-i386-examine pass
test-amd64-i386-freebsd10-i386 pass
test-amd64-i386-rumprun-i386 pass
test-amd64-amd64-xl-qemut-win10-i386 fail
test-amd64-i386-xl-qemut-win10-i386 fail
test-amd64-amd64-xl-qemuu-win10-i386 fail
test-amd64-i386-xl-qemuu-win10-i386 fail
test-amd64-amd64-qemuu-nested-intel fail
test-amd64-amd64-xl-pvhv2-intel pass
test-amd64-i386-qemut-rhel6hvm-intel pass
test-amd64-i386-qemuu-rhel6hvm-intel pass
test-amd64-amd64-libvirt pass
test-armhf-armhf-libvirt fail
test-amd64-i386-libvirt pass
test-amd64-amd64-livepatch pass
test-amd64-i386-livepatch pass
test-armhf-armhf-xl-midway fail
test-amd64-amd64-migrupgrade pass
test-amd64-i386-migrupgrade pass
test-amd64-amd64-xl-multivcpu pass
test-armhf-armhf-xl-multivcpu fail
test-amd64-amd64-pair pass
test-amd64-i386-pair pass
test-amd64-amd64-libvirt-pair pass
test-amd64-i386-libvirt-pair pass
test-amd64-amd64-amd64-pvgrub pass
test-amd64-amd64-i386-pvgrub pass
test-amd64-amd64-xl-pvshim fail
test-amd64-i386-xl-pvshim fail
test-amd64-amd64-pygrub pass
test-amd64-amd64-xl-qcow2 pass
test-armhf-armhf-libvirt-raw fail
test-amd64-i386-xl-raw pass
test-amd64-amd64-xl-rtds pass
test-armhf-armhf-xl-rtds fail
test-amd64-amd64-xl-qemuu-debianhvm-amd64-shadow fail
test-amd64-i386-xl-qemuu-debianhvm-amd64-shadow fail
test-amd64-amd64-xl-shadow pass
test-amd64-i386-xl-shadow pass
test-amd64-amd64-libvirt-vhd pass
test-armhf-armhf-xl-vhd fail
------------------------------------------------------------
sg-report-flight on osstest.xs.citrite.net
logs: /home/osstest/logs
images: /home/osstest/images
Logs, config files, etc. are available at
http://osstest.xensource.com/osstest/logs
Test harness code can be found at
http://xenbits.xensource.com/gitweb?p=osstest.git;a=summary
Push not applicable.
(No revision log; it would be 1250 lines long.)
_______________________________________________
Xen-devel mailing list
Xen-devel@lists.xenproject.org
https://lists.xenproject.org/mailman/listinfo/xen-devel
^ permalink raw reply [flat|nested] only message in thread
only message in thread, other threads:[~2018-07-31 11:21 UTC | newest]
Thread overview: (only message) (download: mbox.gz follow: Atom feed
-- links below jump to the message on this page --
2018-07-31 11:21 [xen-unstable baseline-only test] 75028: regressions - FAIL Platform Team regression test user
This is a public inbox, see mirroring instructions
for how to clone and mirror all data and code used for this inbox;
as well as URLs for NNTP newsgroup(s).