From: Platform Team regression test user <citrix-osstest@xenproject.org>
To: xen-devel@lists.xenproject.org, osstest-admin@xenproject.org
Subject: [ovmf baseline-only test] 75031: tolerable FAIL
Date: Wed, 1 Aug 2018 01:31:26 +0100 [thread overview]
Message-ID: <osstest-75031-mainreport@xen.org> (raw)
This run is configured for baseline tests only.
flight 75031 ovmf real [real]
http://osstest.xensource.com/osstest/logs/75031/
Failures :-/ but no regressions.
Tests which did not succeed, but are not blocking:
test-amd64-i386-xl-qemuu-ovmf-amd64 10 debian-hvm-install fail like 75025
test-amd64-amd64-xl-qemuu-ovmf-amd64 10 debian-hvm-install fail like 75025
version targeted for testing:
ovmf 6d9a0a9420167a87d353b53b93fec17ad61b4b61
baseline version:
ovmf 39f0156fce373c0c0a04d85928b7d8761037134e
Last test of basis 75025 2018-07-30 03:53:41 Z 1 days
Testing same since 75031 2018-07-31 21:54:06 Z 0 days 1 attempts
------------------------------------------------------------
People who touched revisions under test:
Hao Wu <hao.a.wu@intel.com>
jobs:
build-amd64-xsm pass
build-i386-xsm pass
build-amd64 pass
build-i386 pass
build-amd64-libvirt pass
build-i386-libvirt pass
build-amd64-pvops pass
build-i386-pvops pass
test-amd64-amd64-xl-qemuu-ovmf-amd64 fail
test-amd64-i386-xl-qemuu-ovmf-amd64 fail
------------------------------------------------------------
sg-report-flight on osstest.xs.citrite.net
logs: /home/osstest/logs
images: /home/osstest/images
Logs, config files, etc. are available at
http://osstest.xensource.com/osstest/logs
Test harness code can be found at
http://xenbits.xensource.com/gitweb?p=osstest.git;a=summary
Push not applicable.
------------------------------------------------------------
commit 6d9a0a9420167a87d353b53b93fec17ad61b4b61
Author: Hao Wu <hao.a.wu@intel.com>
Date: Mon Jul 30 13:20:13 2018 +0800
UefiCpuPkg/PiSmmCpuDxeSmm: Avoid possible NULL ptr dereference
Within function GetUefiMemoryAttributesTable(), add a check to avoid
possible null pointer dereference.
Contributed-under: TianoCore Contribution Agreement 1.1
Signed-off-by: Hao Wu <hao.a.wu@intel.com>
Reviewed-by: Jiewen Yao <jiewen.yao@intel.com>
commit 264914a512f06916aae0e5c292d1f9676ddbbb3d
Author: Hao Wu <hao.a.wu@intel.com>
Date: Mon Jul 30 13:17:31 2018 +0800
MdePkg/SmmMemLib: Avoid possible NULL ptr dereference
Within function SmmMemLibInternalGetUefiMemoryAttributesTable(), add a
check to avoid possible null pointer dereference.
Contributed-under: TianoCore Contribution Agreement 1.1
Signed-off-by: Hao Wu <hao.a.wu@intel.com>
Reviewed-by: Jiewen Yao <jiewen.yao@intel.com>
_______________________________________________
Xen-devel mailing list
Xen-devel@lists.xenproject.org
https://lists.xenproject.org/mailman/listinfo/xen-devel
reply other threads:[~2018-08-01 0:31 UTC|newest]
Thread overview: [no followups] expand[flat|nested] mbox.gz Atom feed
Reply instructions:
You may reply publicly to this message via plain-text email
using any one of the following methods:
* Save the following mbox file, import it into your mail client,
and reply-to-all from there: mbox
Avoid top-posting and favor interleaved quoting:
https://en.wikipedia.org/wiki/Posting_style#Interleaved_style
* Reply using the --to, --cc, and --in-reply-to
switches of git-send-email(1):
git send-email \
--in-reply-to=osstest-75031-mainreport@xen.org \
--to=citrix-osstest@xenproject.org \
--cc=osstest-admin@xenproject.org \
--cc=xen-devel@lists.xenproject.org \
/path/to/YOUR_REPLY
https://kernel.org/pub/software/scm/git/docs/git-send-email.html
* If your mail client supports setting the In-Reply-To header
via mailto: links, try the mailto: link
Be sure your reply has a Subject: header at the top and a blank line
before the message body.
This is a public inbox, see mirroring instructions
for how to clone and mirror all data and code used for this inbox;
as well as URLs for NNTP newsgroup(s).