From: Platform Team regression test user <citrix-osstest@xenproject.org>
To: xen-devel@lists.xenproject.org, osstest-admin@xenproject.org
Subject: [xen-unstable baseline-only test] 75032: regressions - FAIL
Date: Wed, 1 Aug 2018 15:31:09 +0100 [thread overview]
Message-ID: <osstest-75032-mainreport@xen.org> (raw)
This run is configured for baseline tests only.
flight 75032 xen-unstable real [real]
http://osstest.xensource.com/osstest/logs/75032/
Regressions :-(
Tests which did not succeed and are blocking,
including tests which could not be run:
test-xtf-amd64-amd64-4 63 xtf/test-hvm64-xsa-204 fail REGR. vs. 75028
Tests which did not succeed, but are not blocking:
test-amd64-i386-xl-qemuu-debianhvm-amd64-shadow 10 debian-hvm-install fail like 75028
test-amd64-amd64-xl-qemuu-debianhvm-amd64-shadow 10 debian-hvm-install fail like 75028
test-amd64-amd64-xl-qemuu-ovmf-amd64 10 debian-hvm-install fail like 75028
test-amd64-i386-xl-qemut-win10-i386 10 windows-install fail like 75028
test-amd64-amd64-xl-qemuu-win10-i386 10 windows-install fail like 75028
test-amd64-amd64-qemuu-nested-intel 10 debian-hvm-install fail like 75028
test-amd64-amd64-xl-qemut-win10-i386 10 windows-install fail like 75028
test-amd64-amd64-xl-qemut-ws16-amd64 10 windows-install fail like 75028
test-amd64-i386-xl-qemuu-debianhvm-amd64-xsm 10 debian-hvm-install fail like 75028
test-armhf-armhf-libvirt 12 guest-start fail like 75028
test-amd64-amd64-xl-pvshim 12 guest-start fail like 75028
test-armhf-armhf-xl-multivcpu 12 guest-start fail like 75028
test-armhf-armhf-xl-credit2 12 guest-start fail like 75028
test-armhf-armhf-xl 12 guest-start fail like 75028
test-armhf-armhf-xl-midway 12 guest-start fail like 75028
test-amd64-amd64-libvirt-qemuu-debianhvm-amd64-xsm 10 debian-hvm-install fail like 75028
test-amd64-i386-xl-qemuu-ws16-amd64 10 windows-install fail like 75028
test-armhf-armhf-xl-rtds 12 guest-start fail like 75028
test-armhf-armhf-xl-vhd 10 debian-di-install fail like 75028
test-armhf-armhf-libvirt-raw 10 debian-di-install fail like 75028
test-amd64-amd64-xl-qemuu-win7-amd64 17 guest-stop fail like 75028
test-amd64-i386-xl-qemuu-win7-amd64 17 guest-stop fail like 75028
test-amd64-i386-xl-qemut-win7-amd64 17 guest-stop fail like 75028
test-amd64-i386-xl-qemuu-win10-i386 17 guest-stop fail like 75028
test-amd64-i386-xl-qemuu-dmrestrict-amd64-dmrestrict 10 debian-hvm-install fail never pass
test-amd64-amd64-xl-qemuu-dmrestrict-amd64-dmrestrict 10 debian-hvm-install fail never pass
test-amd64-amd64-libvirt-xsm 13 migrate-support-check fail never pass
test-amd64-i386-libvirt 13 migrate-support-check fail never pass
test-amd64-amd64-libvirt 13 migrate-support-check fail never pass
test-amd64-i386-xl-pvshim 12 guest-start fail never pass
test-amd64-i386-libvirt-xsm 13 migrate-support-check fail never pass
test-amd64-i386-libvirt-qemuu-debianhvm-amd64-xsm 11 migrate-support-check fail never pass
test-amd64-amd64-libvirt-vhd 12 migrate-support-check fail never pass
test-amd64-amd64-qemuu-nested-amd 17 debian-hvm-install/l1/l2 fail never pass
test-amd64-amd64-xl-qemut-win7-amd64 17 guest-stop fail never pass
test-amd64-i386-xl-qemut-ws16-amd64 17 guest-stop fail never pass
test-amd64-amd64-xl-qemuu-ws16-amd64 17 guest-stop fail never pass
version targeted for testing:
xen 1f7574763cbb2c85825b8cc4d81f386e767a476f
baseline version:
xen acd00a303378ce48bd6bbd8a579f1fe2f1b21a7d
Last test of basis 75028 2018-07-30 21:24:18 Z 1 days
Testing same since 75032 2018-08-01 03:52:11 Z 0 days 1 attempts
------------------------------------------------------------
People who touched revisions under test:
Anthony PERARD <anthony.perard@citrix.com>
Ian Jackson <ian.jackson@eu.citrix.com>
Wei Liu <wei.liu2@citrix.com>
jobs:
build-amd64-xsm pass
build-i386-xsm pass
build-amd64-xtf pass
build-amd64 pass
build-armhf pass
build-i386 pass
build-amd64-libvirt pass
build-armhf-libvirt pass
build-i386-libvirt pass
build-amd64-prev pass
build-i386-prev pass
build-amd64-pvops pass
build-armhf-pvops pass
build-i386-pvops pass
build-amd64-rumprun pass
build-i386-rumprun pass
test-xtf-amd64-amd64-1 pass
test-xtf-amd64-amd64-2 pass
test-xtf-amd64-amd64-3 pass
test-xtf-amd64-amd64-4 pass
test-xtf-amd64-amd64-5 pass
test-amd64-amd64-xl pass
test-armhf-armhf-xl fail
test-amd64-i386-xl pass
test-amd64-amd64-xl-qemut-debianhvm-amd64-xsm pass
test-amd64-i386-xl-qemut-debianhvm-amd64-xsm pass
test-amd64-amd64-libvirt-qemuu-debianhvm-amd64-xsm fail
test-amd64-i386-libvirt-qemuu-debianhvm-amd64-xsm pass
test-amd64-amd64-xl-qemuu-debianhvm-amd64-xsm pass
test-amd64-i386-xl-qemuu-debianhvm-amd64-xsm fail
test-amd64-amd64-xl-qemut-stubdom-debianhvm-amd64-xsm pass
test-amd64-i386-xl-qemut-stubdom-debianhvm-amd64-xsm pass
test-amd64-amd64-libvirt-xsm pass
test-amd64-i386-libvirt-xsm pass
test-amd64-amd64-xl-xsm pass
test-amd64-i386-xl-xsm pass
test-amd64-amd64-qemuu-nested-amd fail
test-amd64-amd64-xl-pvhv2-amd pass
test-amd64-i386-qemut-rhel6hvm-amd pass
test-amd64-i386-qemuu-rhel6hvm-amd pass
test-amd64-amd64-xl-qemut-debianhvm-amd64 pass
test-amd64-i386-xl-qemut-debianhvm-amd64 pass
test-amd64-amd64-xl-qemuu-debianhvm-amd64 pass
test-amd64-i386-xl-qemuu-debianhvm-amd64 pass
test-amd64-i386-freebsd10-amd64 pass
test-amd64-amd64-xl-qemuu-ovmf-amd64 fail
test-amd64-i386-xl-qemuu-ovmf-amd64 pass
test-amd64-amd64-rumprun-amd64 pass
test-amd64-amd64-xl-qemut-win7-amd64 fail
test-amd64-i386-xl-qemut-win7-amd64 fail
test-amd64-amd64-xl-qemuu-win7-amd64 fail
test-amd64-i386-xl-qemuu-win7-amd64 fail
test-amd64-amd64-xl-qemut-ws16-amd64 fail
test-amd64-i386-xl-qemut-ws16-amd64 fail
test-amd64-amd64-xl-qemuu-ws16-amd64 fail
test-amd64-i386-xl-qemuu-ws16-amd64 fail
test-amd64-amd64-xl-credit2 pass
test-armhf-armhf-xl-credit2 fail
test-amd64-amd64-xl-qemuu-dmrestrict-amd64-dmrestrict fail
test-amd64-i386-xl-qemuu-dmrestrict-amd64-dmrestrict fail
test-amd64-amd64-examine pass
test-armhf-armhf-examine pass
test-amd64-i386-examine pass
test-amd64-i386-freebsd10-i386 pass
test-amd64-i386-rumprun-i386 pass
test-amd64-amd64-xl-qemut-win10-i386 fail
test-amd64-i386-xl-qemut-win10-i386 fail
test-amd64-amd64-xl-qemuu-win10-i386 fail
test-amd64-i386-xl-qemuu-win10-i386 fail
test-amd64-amd64-qemuu-nested-intel fail
test-amd64-amd64-xl-pvhv2-intel pass
test-amd64-i386-qemut-rhel6hvm-intel pass
test-amd64-i386-qemuu-rhel6hvm-intel pass
test-amd64-amd64-libvirt pass
test-armhf-armhf-libvirt fail
test-amd64-i386-libvirt pass
test-amd64-amd64-livepatch pass
test-amd64-i386-livepatch pass
test-armhf-armhf-xl-midway fail
test-amd64-amd64-migrupgrade pass
test-amd64-i386-migrupgrade pass
test-amd64-amd64-xl-multivcpu pass
test-armhf-armhf-xl-multivcpu fail
test-amd64-amd64-pair pass
test-amd64-i386-pair pass
test-amd64-amd64-libvirt-pair pass
test-amd64-i386-libvirt-pair pass
test-amd64-amd64-amd64-pvgrub pass
test-amd64-amd64-i386-pvgrub pass
test-amd64-amd64-xl-pvshim fail
test-amd64-i386-xl-pvshim fail
test-amd64-amd64-pygrub pass
test-amd64-amd64-xl-qcow2 pass
test-armhf-armhf-libvirt-raw fail
test-amd64-i386-xl-raw pass
test-amd64-amd64-xl-rtds pass
test-armhf-armhf-xl-rtds fail
test-amd64-amd64-xl-qemuu-debianhvm-amd64-shadow fail
test-amd64-i386-xl-qemuu-debianhvm-amd64-shadow fail
test-amd64-amd64-xl-shadow pass
test-amd64-i386-xl-shadow pass
test-amd64-amd64-libvirt-vhd pass
test-armhf-armhf-xl-vhd fail
------------------------------------------------------------
sg-report-flight on osstest.xs.citrite.net
logs: /home/osstest/logs
images: /home/osstest/images
Logs, config files, etc. are available at
http://osstest.xensource.com/osstest/logs
Test harness code can be found at
http://xenbits.xensource.com/gitweb?p=osstest.git;a=summary
Push not applicable.
------------------------------------------------------------
commit 1f7574763cbb2c85825b8cc4d81f386e767a476f
Author: Anthony PERARD <anthony.perard@citrix.com>
Date: Fri Jul 27 15:05:48 2018 +0100
libxl_qmp: Add a warning to not trust QEMU
... even if it is not the case for the current code.
Signed-off-by: Anthony PERARD <anthony.perard@citrix.com>
Acked-by: Ian Jackson <ian.jackson@eu.citrix.com>
commit 75ac495dc9d6aa3d6240bfab1adbdc0d0f8bc403
Author: Anthony PERARD <anthony.perard@citrix.com>
Date: Fri Jul 27 15:05:47 2018 +0100
libxl_qmp: Move the buffer realloc to the same scope level as read
In qmp_next(), the inner loop should only try to parse messages from
QMP, if there is more than one.
The handling of the receive buffer ('incomplete'), should be done at the
same scope level as read(). It doesn't need to be handle more that once
after a read.
Before this patch, when on message what handled, the inner loop would
restart by adding the 'buffer' into 'incomplete' (after reallocation).
Since 'rd' was not reset, the buffer would be strcat a second time.
After that, the stream from the QMP server would have syntax error, and
the parsor would throw errors.
This is unlikely to happen as the receive buffer is very large. And
receiving two messages in a row is unlikely. In the current case, this
could be an event and a response to a command.
Signed-off-by: Anthony PERARD <anthony.perard@citrix.com>
Acked-by: Ian Jackson <ian.jackson@eu.citrix.com>
commit 22ef662c7a4c812bbf9132d004cbf5ccf0bfdd5f
Author: Anthony PERARD <anthony.perard@citrix.com>
Date: Fri Jul 27 15:05:46 2018 +0100
libxl_json: fix build with DEBUG_ANSWER
Also replace LIBXL__LOG_DEBUG by XTL_DEBUG, because it's shorter and
more often used in libxl.
Signed-off-by: Anthony PERARD <anthony.perard@citrix.com>
Acked-by: Ian Jackson <ian.jackson@eu.citrix.com>
commit 0c04dec663f1d976669cccc19c8c3574c9a5ce5c
Author: Anthony PERARD <anthony.perard@citrix.com>
Date: Fri Jul 27 15:05:45 2018 +0100
libxl_qmp: Fix use of DEBUG_RECEIVED
This patch fix complilation error with #define DEBUG_RECEIVED of the
macro DEBUG_REPORT_RECEIVED.
error: field precision specifier ‘.*’ expects argument of type ‘int’, but argument 9 has type ‘ssize_t {aka long int}’
Signed-off-by: Anthony PERARD <anthony.perard@citrix.com>
Acked-by: Wei Liu <wei.liu2@citrix.com>
Acked-by: Ian Jackson <ian.jackson@eu.citrix.com>
commit 318b32fe7ce4ef6cba9d078e2e26040dbdbfb6f8
Author: Anthony PERARD <anthony.perard@citrix.com>
Date: Fri Jul 27 15:05:44 2018 +0100
libxl_qmp: Documentation of the logic of the QMP client
Signed-off-by: Anthony PERARD <anthony.perard@citrix.com>
Acked-by: Wei Liu <wei.liu2@citrix.com>
Acked-by: Ian Jackson <ian.jackson@eu.citrix.com>
commit cdf8b63941841e046eedbf0f93589f1c3c019f5f
Author: Anthony PERARD <anthony.perard@citrix.com>
Date: Fri Jul 27 15:05:43 2018 +0100
libxl_event: Fix DEBUG prints
The libxl__log() call was missing the domid.
The macro DBG is using LIBXL__LOG which rely on a "gc". Add a GC where
needed.
Signed-off-by: Anthony PERARD <anthony.perard@citrix.com>
Reviewed-by: Wei Liu <wei.liu2@citrix.com>
Acked-by: Ian Jackson <ian.jackson@eu.citrix.com>
(qemu changes not included)
_______________________________________________
Xen-devel mailing list
Xen-devel@lists.xenproject.org
https://lists.xenproject.org/mailman/listinfo/xen-devel
reply other threads:[~2018-08-01 14:31 UTC|newest]
Thread overview: [no followups] expand[flat|nested] mbox.gz Atom feed
Reply instructions:
You may reply publicly to this message via plain-text email
using any one of the following methods:
* Save the following mbox file, import it into your mail client,
and reply-to-all from there: mbox
Avoid top-posting and favor interleaved quoting:
https://en.wikipedia.org/wiki/Posting_style#Interleaved_style
* Reply using the --to, --cc, and --in-reply-to
switches of git-send-email(1):
git send-email \
--in-reply-to=osstest-75032-mainreport@xen.org \
--to=citrix-osstest@xenproject.org \
--cc=osstest-admin@xenproject.org \
--cc=xen-devel@lists.xenproject.org \
/path/to/YOUR_REPLY
https://kernel.org/pub/software/scm/git/docs/git-send-email.html
* If your mail client supports setting the In-Reply-To header
via mailto: links, try the mailto: link
Be sure your reply has a Subject: header at the top and a blank line
before the message body.
This is a public inbox, see mirroring instructions
for how to clone and mirror all data and code used for this inbox;
as well as URLs for NNTP newsgroup(s).