* [ovmf baseline-only test] 75036: tolerable FAIL
@ 2018-08-02 13:09 Platform Team regression test user
0 siblings, 0 replies; only message in thread
From: Platform Team regression test user @ 2018-08-02 13:09 UTC (permalink / raw)
To: xen-devel, osstest-admin
This run is configured for baseline tests only.
flight 75036 ovmf real [real]
http://osstest.xensource.com/osstest/logs/75036/
Failures :-/ but no regressions.
Tests which did not succeed, but are not blocking:
test-amd64-i386-xl-qemuu-ovmf-amd64 10 debian-hvm-install fail like 75031
test-amd64-amd64-xl-qemuu-ovmf-amd64 10 debian-hvm-install fail like 75031
version targeted for testing:
ovmf 7343bc8062c893ed6d40b25a9329d51340e0d703
baseline version:
ovmf 6d9a0a9420167a87d353b53b93fec17ad61b4b61
Last test of basis 75031 2018-07-31 21:54:06 Z 1 days
Testing same since 75036 2018-08-01 17:53:04 Z 0 days 1 attempts
------------------------------------------------------------
People who touched revisions under test:
Dandan Bi <dandan.bi@intel.com>
jobs:
build-amd64-xsm pass
build-i386-xsm pass
build-amd64 pass
build-i386 pass
build-amd64-libvirt pass
build-i386-libvirt pass
build-amd64-pvops pass
build-i386-pvops pass
test-amd64-amd64-xl-qemuu-ovmf-amd64 fail
test-amd64-i386-xl-qemuu-ovmf-amd64 fail
------------------------------------------------------------
sg-report-flight on osstest.xs.citrite.net
logs: /home/osstest/logs
images: /home/osstest/images
Logs, config files, etc. are available at
http://osstest.xensource.com/osstest/logs
Test harness code can be found at
http://xenbits.xensource.com/gitweb?p=osstest.git;a=summary
Push not applicable.
------------------------------------------------------------
commit 7343bc8062c893ed6d40b25a9329d51340e0d703
Author: Dandan Bi <dandan.bi@intel.com>
Date: Mon Jul 30 09:59:47 2018 +0800
ShellPkg/UefiShellAcpiViewCommandLib: Fix GCC build failure
Fix following GCC build issues:
1.
xxx/SratParser.c:127:47: error:
initialization from incompatible pointer type
[-Werror=incompatible-pointer-types]
{L"Proximity Domain [31:8]", 3, 9, L"0x%x", DumpSratApicProximity,
^
xxx/SratParser.c:127:47: note:
(near initialization for 'SratApciSapicAffinityParser[6].PrintFormatter')
2.
xxx\UefiShellAcpiViewCommandLib.c:66:14:
error: 'Status' may be used uninitialized in this fu
nction [-Werror=maybe-uninitialized]
EFI_STATUS Status;
^
cc: Alexei Fedorov <Alexei.Fedorov@arm.com>
cc: Ruiyu Ni <ruiyu.ni@intel.com>
cc: Jaben Carsey <jaben.carsey@intel.com>
Contributed-under: TianoCore Contribution Agreement 1.1
Signed-off-by: Dandan Bi <dandan.bi@intel.com>
Reviewed-by: Jaben Carsey <jaben.carsey@intel.com>
commit e6f958d15d710da19dca3fb38943d83f1b3532d6
Author: Dandan Bi <dandan.bi@intel.com>
Date: Mon Jul 30 09:31:36 2018 +0800
ShellPkg/UefiShellAcpiViewCommandLib: Fix VS2012 build failure
Fix following build error:
UefiShellAcpiViewCommandLib\AcpiParser.c(519) :
error C2308: concatenating mismatched strings
Concatenating wide "ERROR: %a: Offset Mismatch for %s"
with narrow "CurrentOffset = %d FieldOffset = %d"
cc: Alexei Fedorov <Alexei.Fedorov@arm.com>
cc: Ruiyu Ni <ruiyu.ni@intel.com>
cc: Jaben Carsey <jaben.carsey@intel.com>
Contributed-under: TianoCore Contribution Agreement 1.1
Signed-off-by: Dandan Bi <dandan.bi@intel.com>
Reviewed-by: Jaben Carsey <jaben.carsey@intel.com>
commit ed8746801e0d9a5fc5fec006efdedac1c09e7bbf
Author: Dandan Bi <dandan.bi@intel.com>
Date: Mon Jul 30 09:25:11 2018 +0800
ShellPkg/UefiShellAcpiViewCommandLib: Fix VS2012 build failure
Fix following build error:
xxx\AcpiParser.c(487) : error C2275: 'UINTN' :
illegal use of this type as an expression
xxx\ProcessorBind.h(224) : see declaration of 'UINTN'
xxx\AcpiParser.c(487) : error C2146: syntax error :
missing ';' before identifier 'OriginalAttribute'
xxx\AcpiParser.c(487) : error C2065: 'OriginalAttribute' :
undeclared identifier
......
cc: Alexei Fedorov <Alexei.Fedorov@arm.com>
cc: Ruiyu Ni <ruiyu.ni@intel.com>
cc: Jaben Carsey <jaben.carsey@intel.com>
Contributed-under: TianoCore Contribution Agreement 1.1
Signed-off-by: Dandan Bi <dandan.bi@intel.com>
Reviewed-by: Jaben Carsey <jaben.carsey@intel.com>
_______________________________________________
Xen-devel mailing list
Xen-devel@lists.xenproject.org
https://lists.xenproject.org/mailman/listinfo/xen-devel
^ permalink raw reply [flat|nested] only message in thread
only message in thread, other threads:[~2018-08-02 13:09 UTC | newest]
Thread overview: (only message) (download: mbox.gz follow: Atom feed
-- links below jump to the message on this page --
2018-08-02 13:09 [ovmf baseline-only test] 75036: tolerable FAIL Platform Team regression test user
This is a public inbox, see mirroring instructions
for how to clone and mirror all data and code used for this inbox;
as well as URLs for NNTP newsgroup(s).