* [ovmf baseline-only test] 75040: tolerable FAIL
@ 2018-08-03 2:18 Platform Team regression test user
0 siblings, 0 replies; only message in thread
From: Platform Team regression test user @ 2018-08-03 2:18 UTC (permalink / raw)
To: xen-devel, osstest-admin
This run is configured for baseline tests only.
flight 75040 ovmf real [real]
http://osstest.xensource.com/osstest/logs/75040/
Failures :-/ but no regressions.
Tests which did not succeed, but are not blocking:
test-amd64-i386-xl-qemuu-ovmf-amd64 10 debian-hvm-install fail like 75039
test-amd64-amd64-xl-qemuu-ovmf-amd64 10 debian-hvm-install fail like 75039
version targeted for testing:
ovmf de652b14a78b4767ff460999b6728d7ccc50b057
baseline version:
ovmf 3a0c1bf64b5deaa4e227b311cc43aa1513beae5e
Last test of basis 75039 2018-08-02 13:21:16 Z 0 days
Testing same since 75040 2018-08-03 00:53:51 Z 0 days 1 attempts
------------------------------------------------------------
People who touched revisions under test:
Kinney, Michael D <michael.d.kinney@intel.com>
Michael D Kinney <michael.d.kinney@intel.com>
Star Zeng <star.zeng@intel.com>
jobs:
build-amd64-xsm pass
build-i386-xsm pass
build-amd64 pass
build-i386 pass
build-amd64-libvirt pass
build-i386-libvirt pass
build-amd64-pvops pass
build-i386-pvops pass
test-amd64-amd64-xl-qemuu-ovmf-amd64 fail
test-amd64-i386-xl-qemuu-ovmf-amd64 fail
------------------------------------------------------------
sg-report-flight on osstest.xs.citrite.net
logs: /home/osstest/logs
images: /home/osstest/images
Logs, config files, etc. are available at
http://osstest.xensource.com/osstest/logs
Test harness code can be found at
http://xenbits.xensource.com/gitweb?p=osstest.git;a=summary
Push not applicable.
------------------------------------------------------------
commit de652b14a78b4767ff460999b6728d7ccc50b057
Author: Kinney, Michael D <michael.d.kinney@intel.com>
Date: Sun Jul 29 10:57:12 2018 -0700
BaseTools/Capsule: Support capsules without a payload header
https://bugzilla.tianocore.org/show_bug.cgi?id=1028
Update --dump-info and --decode to show auth header information
even if a payload header is not present. The --decode operation
still fails if a payload header is not present.
Cc: Sean Brogan <sean.brogan@microsoft.com>
Cc: Jiewen Yao <jiewen.yao@intel.com>
Cc: Yonghong Zhu <yonghong.zhu@intel.com>
Cc: Liming Gao <liming.gao@intel.com>
Contributed-under: TianoCore Contribution Agreement 1.1
Signed-off-by: Michael D Kinney <michael.d.kinney@intel.com>
Reviewed-by: Yonghong Zhu <yonghong.zhu@intel.com>
commit e49eee4c51a6cb8b2f35735e375c211c41d9f6cb
Author: Kinney, Michael D <michael.d.kinney@intel.com>
Date: Sun Jul 29 10:01:37 2018 -0700
BaseTools/Capsule: Prevent traceback during signing operations
https://bugzilla.tianocore.org/show_bug.cgi?id=1046
https://bugzilla.tianocore.org/show_bug.cgi?id=1048
https://bugzilla.tianocore.org/show_bug.cgi?id=1050
Remove raise statements that generate Tracebacks that were only
intended for development/debug. With the raise statements removed
proper error messages are shown.
Cc: Sean Brogan <sean.brogan@microsoft.com>
Cc: Jiewen Yao <jiewen.yao@intel.com>
Cc: Yonghong Zhu <yonghong.zhu@intel.com>
Cc: Liming Gao <liming.gao@intel.com>
Contributed-under: TianoCore Contribution Agreement 1.1
Signed-off-by: Michael D Kinney <michael.d.kinney@intel.com>
Reviewed-by: Yonghong Zhu <yonghong.zhu@intel.com>
commit d6f079b600cc88367c20b5eec5a28d28d3ceaca8
Author: Kinney, Michael D <michael.d.kinney@intel.com>
Date: Sat Jul 28 00:32:34 2018 -0700
BaseTools/Capsule: Update file header with tool limitations
Update file header to state that the tool does not support:
* Multiple payloads
* Drivers
* Vendor code bytes
https://bugzilla.tianocore.org/show_bug.cgi?id=1031
Cc: Sean Brogan <sean.brogan@microsoft.com>
Cc: Jiewen Yao <jiewen.yao@intel.com>
Cc: Yonghong Zhu <yonghong.zhu@intel.com>
Cc: Liming Gao <liming.gao@intel.com>
Contributed-under: TianoCore Contribution Agreement 1.1
Signed-off-by: Michael D Kinney <michael.d.kinney@intel.com>
Reviewed-by: Yonghong Zhu <yonghong.zhu@intel.com>
commit ff307fba9857145875839fdca33c95236e238153
Author: Kinney, Michael D <michael.d.kinney@intel.com>
Date: Sat Jul 28 00:18:40 2018 -0700
BaseTools/Capsule: Update help for --fw-version and --lsv
Update help to state that --fw-version and -=-lsv are required
for encode operations that sign a payload.
https://bugzilla.tianocore.org/show_bug.cgi?id=1029
Cc: Sean Brogan <sean.brogan@microsoft.com>
Cc: Jiewen Yao <jiewen.yao@intel.com>
Cc: Yonghong Zhu <yonghong.zhu@intel.com>
Cc: Liming Gao <liming.gao@intel.com>
Contributed-under: TianoCore Contribution Agreement 1.1
Signed-off-by: Michael D Kinney <michael.d.kinney@intel.com>
Reviewed-by: Yonghong Zhu <yonghong.zhu@intel.com>
commit f33d5d68abc02727dc828c1079e72ab65e1d63af
Author: Kinney, Michael D <michael.d.kinney@intel.com>
Date: Sat Jul 28 00:10:51 2018 -0700
BaseTools/Capsule: Do not support -o with --dump-info
https://bugzilla.tianocore.org/show_bug.cgi?id=1025
Cc: Sean Brogan <sean.brogan@microsoft.com>
Cc: Jiewen Yao <jiewen.yao@intel.com>
Cc: Yonghong Zhu <yonghong.zhu@intel.com>
Cc: Liming Gao <liming.gao@intel.com>
Contributed-under: TianoCore Contribution Agreement 1.1
Signed-off-by: Michael D Kinney <michael.d.kinney@intel.com>
Reviewed-by: Yonghong Zhu <yonghong.zhu@intel.com>
commit 4619b183f71c1a7c966927060e99aa1f887f605e
Author: Kinney, Michael D <michael.d.kinney@intel.com>
Date: Sat Jul 28 00:00:08 2018 -0700
BaseTools/Capsule: Fix CertType GUID byte order
https://bugzilla.tianocore.org/show_bug.cgi?id=1024
Cc: Sean Brogan <sean.brogan@microsoft.com>
Cc: Jiewen Yao <jiewen.yao@intel.com>
Cc: Yonghong Zhu <yonghong.zhu@intel.com>
Cc: Liming Gao <liming.gao@intel.com>
Contributed-under: TianoCore Contribution Agreement 1.1
Signed-off-by: Michael D Kinney <michael.d.kinney@intel.com>
Reviewed-by: Yonghong Zhu <yonghong.zhu@intel.com>
commit 2779c222c80533677e0cb54cc19d0287d280647f
Author: Kinney, Michael D <michael.d.kinney@intel.com>
Date: Fri Jul 27 12:31:22 2018 -0700
BaseTools/Capsule: Remove support for PopulateSystemTable
https://bugzilla.tianocore.org/show_bug.cgi?id=1030
Cc: Sean Brogan <sean.brogan@microsoft.com>
Cc: Jiewen Yao <jiewen.yao@intel.com>
Cc: Yonghong Zhu <yonghong.zhu@intel.com>
Cc: Liming Gao <liming.gao@intel.com>
Contributed-under: TianoCore Contribution Agreement 1.1
Signed-off-by: Michael D Kinney <michael.d.kinney@intel.com>
Reviewed-by: Yonghong Zhu <yonghong.zhu@intel.com>
commit 6ed4651cb560caba91a989550734206f01ffd7d1
Author: Kinney, Michael D <michael.d.kinney@intel.com>
Date: Fri Jul 27 12:27:19 2018 -0700
BaseTools/Capsule: Add max value checks to Capsule Generation tools
https://bugzilla.tianocore.org/show_bug.cgi?id=1021
https://bugzilla.tianocore.org/show_bug.cgi?id=1022
https://bugzilla.tianocore.org/show_bug.cgi?id=1026
Cc: Sean Brogan <sean.brogan@microsoft.com>
Cc: Jiewen Yao <jiewen.yao@intel.com>
Cc: Yonghong Zhu <yonghong.zhu@intel.com>
Cc: Liming Gao <liming.gao@intel.com>
Contributed-under: TianoCore Contribution Agreement 1.1
Signed-off-by: Michael D Kinney <michael.d.kinney@intel.com>
Reviewed-by: Yonghong Zhu <yonghong.zhu@intel.com>
commit e4005ecb0b2f8223c04588b52cd16d3edfc60acf
Author: Star Zeng <star.zeng@intel.com>
Date: Mon Jul 16 18:22:47 2018 +0800
BaseTools GenerateCapsule: Change property to executable for Linux
Cc: Michael D Kinney <michael.d.kinney@intel.com>
Contributed-under: TianoCore Contribution Agreement 1.1
Signed-off-by: Star Zeng <star.zeng@intel.com>
Reviewed-by: Michael D Kinney <michael.d.kinney@intel.com>
commit 8b63877aca1e5a3576b7275439c494a6d40ed1b5
Author: Kinney, Michael D <michael.d.kinney@intel.com>
Date: Tue May 1 20:54:46 2018 -0700
BaseTools/Capsule: Add Capsule Generation Tools
https://bugzilla.tianocore.org/show_bug.cgi?id=945
Based on content from the following branch
https://github.com/Microsoft/MS_UEFI/tree/share/beta/CapsuleTools
* Convert C tools to Python
* Add common python modules to:
BaseTools/Source/Python/Common/Uefi/Capsule
BaseTools/Source/Python/Common/Edk2/Capsule
* Add GenerateCapsule.py to BaseTools/Source/Python/Capsule
* Add Windows and Posix wrappers for GenerateCapsule.py
usage: GenerateCapsule [-h] [-o OUTPUTFILE] (-e | -d | --dump-info)
[--capflag {PersistAcrossReset,PopulateSystemTable,InitiateReset}]
[--capoemflag CAPSULEOEMFLAG] [--guid GUID]
[--hardware-instance HARDWAREINSTANCE]
[--monotonic-count MONOTONICCOUNT]
[--fw-version FWVERSION] [--lsv LOWESTSUPPORTEDVERSION]
[--pfx-file SIGNTOOLPFXFILE]
[--signer-private-cert OPENSSLSIGNERPRIVATECERTFILE]
[--other-public-cert OPENSSLOTHERPUBLICCERTFILE]
[--trusted-public-cert OPENSSLTRUSTEDPUBLICCERTFILE]
[--signing-tool-path SIGNINGTOOLPATH] [--version] [-v]
[-q] [--debug [0-9]]
InputFile
Generate a capsule. Copyright (c) 2018, Intel Corporation. All rights
reserved.
positional arguments:
InputFile Input binary payload filename.
optional arguments:
-h, --help show this help message and exit
-o OUTPUTFILE, --output OUTPUTFILE
Output filename.
-e, --encode Encode file
-d, --decode Decode file
--dump-info Display FMP Payload Header information
--capflag {PersistAcrossReset,PopulateSystemTable,InitiateReset}
Capsule flag can be PersistAcrossReset, or
PopulateSystemTable or InitiateReset or not set
--capoemflag CAPSULEOEMFLAG
Capsule OEM Flag is an integer between 0x0000 and
0xffff.
--guid GUID The FMP/ESRT GUID in registry format. Required for
encode operations.
--hardware-instance HARDWAREINSTANCE
The 64-bit hardware instance. The default is
0x0000000000000000
--monotonic-count MONOTONICCOUNT
64-bit monotonic count value in header. Default is
0x0000000000000000.
--fw-version FWVERSION
The 32-bit version of the binary payload (e.g.
0x11223344 or 5678).
--lsv LOWESTSUPPORTEDVERSION
The 32-bit lowest supported version of the binary
payload (e.g. 0x11223344 or 5678).
--pfx-file SIGNTOOLPFXFILE
signtool PFX certificate filename.
--signer-private-cert OPENSSLSIGNERPRIVATECERTFILE
OpenSSL signer private certificate filename.
--other-public-cert OPENSSLOTHERPUBLICCERTFILE
OpenSSL other public certificate filename.
--trusted-public-cert OPENSSLTRUSTEDPUBLICCERTFILE
OpenSSL trusted public certificate filename.
--signing-tool-path SIGNINGTOOLPATH
Path to signtool or OpenSSL tool. Optional if path to
tools are already in PATH.
--version show program's version number and exit
-v, --verbose Turn on verbose output with informational messages
printed, including capsule headers and warning
messages.
-q, --quiet Disable all messages except fatal errors.
--debug [0-9] Set debug level
Cc: Sean Brogan <sean.brogan@microsoft.com>
Cc: Jiewen Yao <jiewen.yao@intel.com>
Cc: Yonghong Zhu <yonghong.zhu@intel.com>
Cc: Liming Gao <liming.gao@intel.com>
Contributed-under: TianoCore Contribution Agreement 1.1
Signed-off-by: Michael D Kinney <michael.d.kinney@intel.com>
Reviewed-by: Yonghong Zhu <yonghong.zhu@intel.com>
_______________________________________________
Xen-devel mailing list
Xen-devel@lists.xenproject.org
https://lists.xenproject.org/mailman/listinfo/xen-devel
^ permalink raw reply [flat|nested] only message in thread
only message in thread, other threads:[~2018-08-03 2:18 UTC | newest]
Thread overview: (only message) (download: mbox.gz follow: Atom feed
-- links below jump to the message on this page --
2018-08-03 2:18 [ovmf baseline-only test] 75040: tolerable FAIL Platform Team regression test user
This is a public inbox, see mirroring instructions
for how to clone and mirror all data and code used for this inbox;
as well as URLs for NNTP newsgroup(s).